000
CDUS42 KILM 142144
CLIILM


CLIMATE REPORT
NATIONAL WEATHER SERVICE WILMINGTON NC
440 PM EST WED FEB 14 2018


...................................

...THE WILMINGTON NC CLIMATE SUMMARY FOR FEBRUARY 14 2018...
VALID TODAY AS OF 0400 PM LOCAL TIME.

CLIMATE NORMAL PERIOD 1981 TO 2010
CLIMATE RECORD PERIOD 1871 TO 2018


WEATHER ITEM   OBSERVED TIME   RECORD YEAR NORMAL DEPARTURE LAST
                VALUE   (LST)  VALUE       VALUE  FROM      YEAR
                                                  NORMAL
..................................................................
TEMPERATURE (F)
 TODAY
  MAXIMUM         65    359 PM  80    1949  60      5       67
  MINIMUM         42    801 AM   5    1899  38      4       31
  AVERAGE         54                        49      5       49

PRECIPITATION (IN)
  TODAY            0.00          2.42 1944   0.12  -0.12     0.00
  MONTH TO DATE    1.68                      1.76  -0.08     0.57
  SINCE DEC 1     12.36                      9.14   3.22    10.15
  SINCE JAN 1      8.50                      5.52   2.98     4.79

SNOWFALL (IN)
  TODAY            0.0           T    1960   0.0    0.0      0.0
  MONTH TO DATE    0.0                       0.2   -0.2      0.0
  SINCE DEC 1      3.8                       1.4    2.4       T
  SINCE JUL 1      3.8                       1.4    2.4       T
  SNOW DEPTH       0

DEGREE DAYS
 HEATING
  TODAY           11                        16     -5       16
  MONTH TO DATE  195                       242    -47      160
  SINCE DEC 1   1419                      1348     71     1047
  SINCE JUL 1   1757                      1717     40     1406

 COOLING
  TODAY            0                         0      0        0
  MONTH TO DATE    7                         0      7        5
  SINCE DEC 1      8                         7      1        8
  SINCE JAN 1      8                         2      6        5
..................................................................


WIND (MPH)
  HIGHEST WIND SPEED    14   HIGHEST WIND DIRECTION     W (280)
  HIGHEST GUST SPEED    17   HIGHEST GUST DIRECTION     W (270)
  AVERAGE WIND SPEED     5.3


SKY COVER
  POSSIBLE SUNSHINE  MM
  AVERAGE SKY COVER 0.9


WEATHER CONDITIONS
 THE FOLLOWING WEATHER WAS RECORDED TODAY.
  FOG


RELATIVE HUMIDITY (PERCENT)
 HIGHEST   100           500 AM
 LOWEST     67           100 PM
 AVERAGE    84

..........................................................


THE WILMINGTON NC CLIMATE NORMALS FOR TOMORROW
                         NORMAL    RECORD    YEAR
 MAXIMUM TEMPERATURE (F)   60        79      2001
                                             1949
 MINIMUM TEMPERATURE (F)   38        15      1916


SUNRISE AND SUNSET
FEBRUARY 14 2018......SUNRISE   658 AM EST   SUNSET   554 PM EST
FEBRUARY 15 2018......SUNRISE   657 AM EST   SUNSET   555 PM EST


-  INDICATES NEGATIVE NUMBERS.
R  INDICATES RECORD WAS SET OR TIED.
MM INDICATES DATA IS MISSING.
T  INDICATES TRACE AMOUNT.




$$
