000
CDUS42 KILM 210850
CLIILM


CLIMATE REPORT
NATIONAL WEATHER SERVICE WILMINGTON NC
450 AM EDT WED SEP 21 2016


...................................

...THE WILMINGTON NC CLIMATE SUMMARY FOR SEPTEMBER 20 2016...

CLIMATE NORMAL PERIOD 1981 TO 2010
CLIMATE RECORD PERIOD 1871 TO 2016


WEATHER ITEM   OBSERVED TIME   RECORD YEAR NORMAL DEPARTURE LAST
                VALUE   (LST)  VALUE       VALUE  FROM      YEAR
                                                  NORMAL
..................................................................
TEMPERATURE (F)
 YESTERDAY
  MAXIMUM         77   1255 PM  95    1942  83     -6       89
                                      1893
  MINIMUM         72    141 AM  51    1981  64      8       65
                                      1929
                                      1889
  AVERAGE         75                        74      1       77

PRECIPITATION (IN)
  YESTERDAY        0.00          4.20 1892   0.25  -0.25     0.00
  MONTH TO DATE   10.29                      5.41   4.88     1.89
  SINCE SEP 1     10.29                      5.41   4.88     1.89
  SINCE JAN 1     51.83                     44.38   7.45    41.83

DEGREE DAYS
 HEATING
  YESTERDAY        0                         0      0        0
  MONTH TO DATE    0                         0      0        0
  SINCE SEP 1      0                         0      0        0
  SINCE JUL 1      0                         0      0        0

 COOLING
  YESTERDAY       10                         9      1       12
  MONTH TO DATE  268                       223     45      245
  SINCE SEP 1    268                       223     45      245
  SINCE JAN 1   2138                      1846    292     2030
..................................................................


WIND (MPH)
  HIGHEST WIND SPEED    17   HIGHEST WIND DIRECTION    NW (320)
  HIGHEST GUST SPEED    20   HIGHEST GUST DIRECTION    NW (320)
  AVERAGE WIND SPEED     8.7


SKY COVER
  POSSIBLE SUNSHINE  MM
  AVERAGE SKY COVER 1.0


WEATHER CONDITIONS
 THE FOLLOWING WEATHER WAS RECORDED YESTERDAY.
  FOG


RELATIVE HUMIDITY (PERCENT)
 HIGHEST   100           100 AM
 LOWEST     82           100 PM
 AVERAGE    91

..........................................................


THE WILMINGTON NC CLIMATE NORMALS FOR TODAY
                         NORMAL    RECORD    YEAR
 MAXIMUM TEMPERATURE (F)   83        95      1895
 MINIMUM TEMPERATURE (F)   64        46      1962


SUNRISE AND SUNSET
SEPTEMBER 21 2016.....SUNRISE   659 AM EDT   SUNSET   709 PM EDT
SEPTEMBER 22 2016.....SUNRISE   700 AM EDT   SUNSET   708 PM EDT


-  INDICATES NEGATIVE NUMBERS.
R  INDICATES RECORD WAS SET OR TIED.
MM INDICATES DATA IS MISSING.
T  INDICATES TRACE AMOUNT.




$$
