000
CDUS42 KILM 142042
CLIILM


CLIMATE REPORT
NATIONAL WEATHER SERVICE WILMINGTON NC
442 PM EDT THU SEP 14 2017


...................................

...THE WILMINGTON NC CLIMATE SUMMARY FOR SEPTEMBER 14 2017...
VALID TODAY AS OF 0400 PM LOCAL TIME.

CLIMATE NORMAL PERIOD 1981 TO 2010
CLIMATE RECORD PERIOD 1871 TO 2017


WEATHER ITEM   OBSERVED TIME   RECORD YEAR NORMAL DEPARTURE LAST
                VALUE   (LST)  VALUE       VALUE  FROM      YEAR
                                                  NORMAL
..................................................................
TEMPERATURE (F)
 TODAY
  MAXIMUM         84    259 PM  94    2010  84      0       81
                                      1991
                                      1897
  MINIMUM         69    213 AM  49    1985  66      3       70
  AVERAGE         77                        75      2       76

PRECIPITATION (IN)
  TODAY            0.19          5.87 2005   0.28  -0.09     0.00
  MONTH TO DATE    3.76                      3.82  -0.06     8.03
  SINCE SEP 1      3.76                      3.82  -0.06     8.03
  SINCE JAN 1     51.14                     42.79   8.35    49.57

DEGREE DAYS
 HEATING
  TODAY            0                         0      0        0
  MONTH TO DATE    0                         0      0        0
  SINCE SEP 1      0                         0      0        0
  SINCE JUL 1      0                         0      0        0

 COOLING
  TODAY           12                        10      2       11
  MONTH TO DATE  137                       166    -29      189
  SINCE SEP 1    137                       166    -29      189
  SINCE JAN 1   1951                      1789    162     2059
..................................................................


WIND (MPH)
  HIGHEST WIND SPEED    18   HIGHEST WIND DIRECTION    SW (240)
  HIGHEST GUST SPEED    25   HIGHEST GUST DIRECTION     W (250)
  AVERAGE WIND SPEED     3.8


SKY COVER
  POSSIBLE SUNSHINE  MM
  AVERAGE SKY COVER 0.7


WEATHER CONDITIONS
 THE FOLLOWING WEATHER WAS RECORDED TODAY.
  HEAVY RAIN
  RAIN
  LIGHT RAIN
  FOG


RELATIVE HUMIDITY (PERCENT)
 HIGHEST   100           200 AM
 LOWEST     70           300 PM
 AVERAGE    85

..........................................................


THE WILMINGTON NC CLIMATE NORMALS FOR TOMORROW
                         NORMAL    RECORD    YEAR
 MAXIMUM TEMPERATURE (F)   84        95      1956
                                             1927
 MINIMUM TEMPERATURE (F)   66        51      1880


SUNRISE AND SUNSET
SEPTEMBER 14 2017.....SUNRISE   654 AM EDT   SUNSET   719 PM EDT
SEPTEMBER 15 2017.....SUNRISE   655 AM EDT   SUNSET   718 PM EDT


-  INDICATES NEGATIVE NUMBERS.
R  INDICATES RECORD WAS SET OR TIED.
MM INDICATES DATA IS MISSING.
T  INDICATES TRACE AMOUNT.




$$
