000
CDUS42 KILM 152040
CLIILM


CLIMATE REPORT
NATIONAL WEATHER SERVICE WILMINGTON NC
440 PM EDT SAT JUL 15 2017


...................................

...THE WILMINGTON NC CLIMATE SUMMARY FOR JULY 15 2017...
VALID TODAY AS OF 0400 PM LOCAL TIME.

CLIMATE NORMAL PERIOD 1981 TO 2010
CLIMATE RECORD PERIOD 1871 TO 2017


WEATHER ITEM   OBSERVED TIME   RECORD YEAR NORMAL DEPARTURE LAST
                VALUE   (LST)  VALUE       VALUE  FROM      YEAR
                                                  NORMAL
..................................................................
TEMPERATURE (F)
 TODAY
  MAXIMUM         96    211 PM  99    1993  90      6       92
                                      1976
  MINIMUM         79    548 AM  64    2011  73      6       75
                                      1940
  AVERAGE         88                        81      7       84

PRECIPITATION (IN)
  TODAY            0.00          7.33 1886   0.25  -0.25     0.01
  MONTH TO DATE    1.79                      3.33  -1.54     2.50
  SINCE JUN 1     11.90                      8.51   3.39     9.13
  SINCE JAN 1     32.40                     27.41   4.99    31.82

DEGREE DAYS
 HEATING
  TODAY            0                         0      0        0
  MONTH TO DATE    0                         0      0        0
  SINCE JUN 1      2                         2      0        0
  SINCE JUL 1      0                         0      0        0

 COOLING
  TODAY           23                        16      7       19
  MONTH TO DATE  297                       240     57      282
  SINCE JUN 1    685                       625     60      700
  SINCE JAN 1   1122                       906    216     1035
..................................................................


WIND (MPH)
  HIGHEST WIND SPEED    17   HIGHEST WIND DIRECTION    SW (240)
  HIGHEST GUST SPEED    22   HIGHEST GUST DIRECTION     W (250)
  AVERAGE WIND SPEED    10.4


SKY COVER
  POSSIBLE SUNSHINE  MM
  AVERAGE SKY COVER 0.1


WEATHER CONDITIONS
 THE FOLLOWING WEATHER WAS RECORDED TODAY.
  THUNDERSTORM


RELATIVE HUMIDITY (PERCENT)
 HIGHEST    91           400 AM
 LOWEST     49           200 PM
 AVERAGE    70

..........................................................


THE WILMINGTON NC CLIMATE NORMALS FOR TOMORROW
                         NORMAL    RECORD    YEAR
 MAXIMUM TEMPERATURE (F)   90        98      1983
 MINIMUM TEMPERATURE (F)   73        63      1926


SUNRISE AND SUNSET
JULY 15 2017..........SUNRISE   611 AM EDT   SUNSET   824 PM EDT
JULY 16 2017..........SUNRISE   612 AM EDT   SUNSET   824 PM EDT


-  INDICATES NEGATIVE NUMBERS.
R  INDICATES RECORD WAS SET OR TIED.
MM INDICATES DATA IS MISSING.
T  INDICATES TRACE AMOUNT.




$$
