000
CDUS42 KILM 090940
CLIILM


CLIMATE REPORT
NATIONAL WEATHER SERVICE WILMINGTON NC
440 AM EST MON JAN 9 2017


...................................

...THE WILMINGTON NC CLIMATE SUMMARY FOR JANUARY 8 2017...

CLIMATE NORMAL PERIOD 1981 TO 2010
CLIMATE RECORD PERIOD 1871 TO 2017


WEATHER ITEM   OBSERVED TIME   RECORD YEAR NORMAL DEPARTURE LAST
                VALUE   (LST)  VALUE       VALUE  FROM      YEAR
                                                  NORMAL
..................................................................
TEMPERATURE (F)
 YESTERDAY
  MAXIMUM         30    338 PM  80    1890  56    -26       55
  MINIMUM         18   1149 PM  16    2015  35    -17       50
  AVERAGE         24                        46    -22       53

PRECIPITATION (IN)
  YESTERDAY        0.00          2.04 1884   0.12  -0.12      T
  MONTH TO DATE    1.66                      0.96   0.70     0.63
  SINCE DEC 1      7.02                      4.58   2.44     6.13
  SINCE JAN 1      1.66                      0.96   0.70     0.63

SNOWFALL (IN)
  YESTERDAY        0.0           1.5  1973   0.0    0.0      0.0
  MONTH TO DATE    T                         0.2   -0.2      0.0
  SINCE DEC 1      T                         1.0   -1.0      0.0
  SINCE JUL 1      T                         1.0   -1.0      0.0
  SNOW DEPTH       0

DEGREE DAYS
 HEATING
  YESTERDAY       41                        19     22       12
  MONTH TO DATE  132                       152    -20      161
  SINCE DEC 1    602                       667    -65      337
  SINCE JUL 1    961                      1036    -75      567

 COOLING
  YESTERDAY        0                         0      0        0
  MONTH TO DATE    0                         0      0        0
  SINCE DEC 1      3                         5     -2       76
  SINCE JAN 1      0                         0      0        0
..................................................................


WIND (MPH)
  HIGHEST WIND SPEED    24   HIGHEST WIND DIRECTION    NW (330)
  HIGHEST GUST SPEED    28   HIGHEST GUST DIRECTION    NW (310)
  AVERAGE WIND SPEED    12.5


SKY COVER
  POSSIBLE SUNSHINE  MM
  AVERAGE SKY COVER 0.0


WEATHER CONDITIONS
 THE FOLLOWING WEATHER WAS RECORDED YESTERDAY.
  NO SIGNIFICANT WEATHER WAS OBSERVED.


RELATIVE HUMIDITY (PERCENT)
 HIGHEST    74          1200 AM
 LOWEST     38           500 PM
 AVERAGE    56

..........................................................


THE WILMINGTON NC CLIMATE NORMALS FOR TODAY
                         NORMAL    RECORD    YEAR
 MAXIMUM TEMPERATURE (F)   56        78      1974
 MINIMUM TEMPERATURE (F)   35        13      1970


SUNRISE AND SUNSET
JANUARY  9 2017.......SUNRISE   718 AM EST   SUNSET   520 PM EST
JANUARY 10 2017.......SUNRISE   718 AM EST   SUNSET   521 PM EST


-  INDICATES NEGATIVE NUMBERS.
R  INDICATES RECORD WAS SET OR TIED.
MM INDICATES DATA IS MISSING.
T  INDICATES TRACE AMOUNT.




$$
