000
CDUS42 KILM 210840
CLIILM


CLIMATE REPORT
NATIONAL WEATHER SERVICE WILMINGTON NC
440 AM EDT THU MAY 21 2015


...................................

...THE WILMINGTON NC CLIMATE SUMMARY FOR MAY 20 2015...

CLIMATE NORMAL PERIOD 1981 TO 2010
CLIMATE RECORD PERIOD 1871 TO 2015


WEATHER ITEM   OBSERVED TIME   RECORD YEAR NORMAL DEPARTURE LAST
                VALUE   (LST)  VALUE       VALUE  FROM      YEAR
                                                  NORMAL
..................................................................
TEMPERATURE (F)
 YESTERDAY
  MAXIMUM         90    152 PM  94    2000  82      8       79
  MINIMUM         69    532 AM  46    2002  61      8       50
  AVERAGE         80                        71      9       65

PRECIPITATION (IN)
  YESTERDAY        T             3.74 1986   0.15  -0.15     0.00
  MONTH TO DATE    4.93                      2.68   2.25     2.05
  SINCE MAR 1     10.52                      9.71   0.81    13.34
  SINCE JAN 1     19.84                     17.09   2.75    18.80

DEGREE DAYS
 HEATING
  YESTERDAY        0                         0      0        0
  MONTH TO DATE   10                        25    -15        0
  SINCE MAR 1    414                       478    -64      498
  SINCE JUL 1   2597                      2407    190     2432

 COOLING
  YESTERDAY       15                         7      8        0
  MONTH TO DATE  122                       103     19      170
  SINCE MAR 1    205                       186     19      280
  SINCE JAN 1    211                       191     20      285
..................................................................


WIND (MPH)
  HIGHEST WIND SPEED    15   HIGHEST WIND DIRECTION    SW (230)
  HIGHEST GUST SPEED    19   HIGHEST GUST DIRECTION    SW (230)
  AVERAGE WIND SPEED     4.2


SKY COVER
  POSSIBLE SUNSHINE  MM
  AVERAGE SKY COVER 0.3


WEATHER CONDITIONS
 THE FOLLOWING WEATHER WAS RECORDED YESTERDAY.
  LIGHT RAIN
  FOG
  FOG W/VISIBILITY <= 1/4 MILE


RELATIVE HUMIDITY (PERCENT)
 HIGHEST   100           200 AM
 LOWEST     46           100 PM
 AVERAGE    73

..........................................................


THE WILMINGTON NC CLIMATE NORMALS FOR TODAY
                         NORMAL    RECORD    YEAR
 MAXIMUM TEMPERATURE (F)   82        94      1962
                                             1933
 MINIMUM TEMPERATURE (F)   62        44      2002


SUNRISE AND SUNSET
MAY 21 2015...........SUNRISE   606 AM EDT   SUNSET   811 PM EDT
MAY 22 2015...........SUNRISE   605 AM EDT   SUNSET   812 PM EDT


-  INDICATES NEGATIVE NUMBERS.
R  INDICATES RECORD WAS SET OR TIED.
MM INDICATES DATA IS MISSING.
T  INDICATES TRACE AMOUNT.




$$
