000
CDUS42 KILM 152049
CLIILM


CLIMATE REPORT
NATIONAL WEATHER SERVICE WILMINGTON NC
448 PM EDT FRI AUG 15 2014


...................................

...THE WILMINGTON NC CLIMATE SUMMARY FOR AUGUST 15 2014...
VALID TODAY AS OF 0400 PM LOCAL TIME.

CLIMATE NORMAL PERIOD 1981 TO 2010
CLIMATE RECORD PERIOD 1871 TO 2014


WEATHER ITEM   OBSERVED TIME   RECORD YEAR NORMAL DEPARTURE LAST
                VALUE   (LST)  VALUE       VALUE  FROM      YEAR
                                                  NORMAL
..................................................................
TEMPERATURE (F)
 TODAY
  MAXIMUM         87    259 PM  97    1968  88     -1       71
  MINIMUM         65    531 AM  62    1964  72     -7       63
                                      1893
  AVERAGE         76                        80     -4       67

PRECIPITATION (IN)
  TODAY            0.00          2.47 1940   0.22  -0.22     0.83
  MONTH TO DATE    5.59                      3.63   1.96     3.73
  SINCE JUN 1     20.07                     16.29   3.78    20.83
  SINCE JAN 1     39.31                     35.19   4.12    37.54

DEGREE DAYS
 HEATING
  TODAY            0                         0      0        0
  MONTH TO DATE    0                         0      0        0
  SINCE JUN 1      0                         2     -2        0
  SINCE JUL 1      0                         0      0        0

 COOLING
  TODAY           11                        15     -4        2
  MONTH TO DATE  203                       231    -28      217
  SINCE JUN 1   1111                      1117     -6     1064
  SINCE JAN 1   1518                      1398    120     1290
..................................................................


WIND (MPH)
  HIGHEST WIND SPEED    12   HIGHEST WIND DIRECTION     S (160)
  HIGHEST GUST SPEED    16   HIGHEST GUST DIRECTION     E (110)
  AVERAGE WIND SPEED     2.4


SKY COVER
  POSSIBLE SUNSHINE  MM
  AVERAGE SKY COVER 0.0


WEATHER CONDITIONS
 THE FOLLOWING WEATHER WAS RECORDED TODAY.
  FOG


RELATIVE HUMIDITY (PERCENT)
 HIGHEST    93           200 AM
 LOWEST     35           300 PM
 AVERAGE    64

..........................................................


THE WILMINGTON NC CLIMATE NORMALS FOR TOMORROW
                         NORMAL    RECORD    YEAR
 MAXIMUM TEMPERATURE (F)   88        99      1954
 MINIMUM TEMPERATURE (F)   71        62      1979


SUNRISE AND SUNSET
AUGUST 15 2014........SUNRISE   633 AM EDT   SUNSET   759 PM EDT
AUGUST 16 2014........SUNRISE   634 AM EDT   SUNSET   758 PM EDT


-  INDICATES NEGATIVE NUMBERS.
R  INDICATES RECORD WAS SET OR TIED.
MM INDICATES DATA IS MISSING.
T  INDICATES TRACE AMOUNT.




$$
