000
CDUS42 KILM 182047
CLIILM


CLIMATE REPORT
NATIONAL WEATHER SERVICE WILMINGTON NC
446 PM EDT SAT OCT 18 2014


...................................

...THE WILMINGTON NC CLIMATE SUMMARY FOR OCTOBER 18 2014...
VALID TODAY AS OF 0400 PM LOCAL TIME.

CLIMATE NORMAL PERIOD 1981 TO 2010
CLIMATE RECORD PERIOD 1871 TO 2014


WEATHER ITEM   OBSERVED TIME   RECORD YEAR NORMAL DEPARTURE LAST
                VALUE   (LST)  VALUE       VALUE  FROM      YEAR
                                                  NORMAL
..................................................................
TEMPERATURE (F)
 TODAY
  MAXIMUM         81    259 PM  86    1938  75      6       78
  MINIMUM         59    621 AM  35    1970  54      5       66
  AVERAGE         70                        64      6       72

PRECIPITATION (IN)
  TODAY            0.00          1.67 1887   0.12  -0.12     0.07
  MONTH TO DATE    1.36                      2.60  -1.24     1.71
  SINCE SEP 1      7.36                     10.44  -3.08     2.69
  SINCE JAN 1     49.87                     49.41   0.46    45.18

DEGREE DAYS
 HEATING
  TODAY            0                         3     -3        0
  MONTH TO DATE   14                        34    -20        7
  SINCE SEP 1     16                        39    -23        7
  SINCE JUL 1     16                        39    -23        7

 COOLING
  TODAY            5                         3      2        7
  MONTH TO DATE   98                        73     25       92
  SINCE SEP 1    408                       367     41      370
  SINCE JAN 1   2165                      1990    175     1860
..................................................................


WIND (MPH)
  HIGHEST WIND SPEED    17   HIGHEST WIND DIRECTION    SW (240)
  HIGHEST GUST SPEED    21   HIGHEST GUST DIRECTION     W (250)
  AVERAGE WIND SPEED     8.2


SKY COVER
  POSSIBLE SUNSHINE  MM
  AVERAGE SKY COVER 0.0


WEATHER CONDITIONS
 THE FOLLOWING WEATHER WAS RECORDED TODAY.
  NO SIGNIFICANT WEATHER WAS OBSERVED.


RELATIVE HUMIDITY (PERCENT)
 HIGHEST    84           100 AM
 LOWEST     42           200 PM
 AVERAGE    63

..........................................................


THE WILMINGTON NC CLIMATE NORMALS FOR TOMORROW
                         NORMAL    RECORD    YEAR
 MAXIMUM TEMPERATURE (F)   75        88      1899
 MINIMUM TEMPERATURE (F)   53        35      1992


SUNRISE AND SUNSET
OCTOBER 18 2014.......SUNRISE   719 AM EDT   SUNSET   634 PM EDT
OCTOBER 19 2014.......SUNRISE   720 AM EDT   SUNSET   633 PM EDT


-  INDICATES NEGATIVE NUMBERS.
R  INDICATES RECORD WAS SET OR TIED.
MM INDICATES DATA IS MISSING.
T  INDICATES TRACE AMOUNT.




$$
