000
CDUS42 KILM 210852
CLIILM


CLIMATE REPORT
NATIONAL WEATHER SERVICE WILMINGTON NC
451 AM EDT THU JUL 21 2016


...................................

...THE WILMINGTON NC CLIMATE SUMMARY FOR JULY 20 2016...

CLIMATE NORMAL PERIOD 1981 TO 2010
CLIMATE RECORD PERIOD 1871 TO 2016


WEATHER ITEM   OBSERVED TIME   RECORD YEAR NORMAL DEPARTURE LAST
                VALUE   (LST)  VALUE       VALUE  FROM      YEAR
                                                  NORMAL
..................................................................
TEMPERATURE (F)
 YESTERDAY
  MAXIMUM         90    222 PM  99    2011  90      0       96
                                      1977
                                      1942
  MINIMUM         70    511 AM  63    1910  73     -3       77
                                      1909
                                      1879
  AVERAGE         80                        81     -1       87

PRECIPITATION (IN)
  YESTERDAY        0.00          2.35 1915   0.27  -0.27     0.00
  MONTH TO DATE    4.57                      4.64  -0.07     1.40
  SINCE JUN 1     11.20                      9.82   1.38     8.51
  SINCE JAN 1     33.89                     28.72   5.17    29.08

DEGREE DAYS
 HEATING
  YESTERDAY        0                         0      0        0
  MONTH TO DATE    0                         0      0        0
  SINCE JUN 1      0                         2     -2        0
  SINCE JUL 1      0                         0      0        0

 COOLING
  YESTERDAY       15                        16     -1       22
  MONTH TO DATE  362                       320     42      368
  SINCE JUN 1    780                       705     75      862
  SINCE JAN 1   1115                       986    129     1155
..................................................................


WIND (MPH)
  HIGHEST WIND SPEED    15   HIGHEST WIND DIRECTION     W (290)
  HIGHEST GUST SPEED    18   HIGHEST GUST DIRECTION     W (290)
  AVERAGE WIND SPEED     4.1


SKY COVER
  POSSIBLE SUNSHINE  MM
  AVERAGE SKY COVER 0.2


WEATHER CONDITIONS
 THE FOLLOWING WEATHER WAS RECORDED YESTERDAY.
  THUNDERSTORM


RELATIVE HUMIDITY (PERCENT)
 HIGHEST   100           500 AM
 LOWEST     56           200 PM
 AVERAGE    78

..........................................................


THE WILMINGTON NC CLIMATE NORMALS FOR TODAY
                         NORMAL    RECORD    YEAR
 MAXIMUM TEMPERATURE (F)   90       100      2011
                                             1952
 MINIMUM TEMPERATURE (F)   73        63      1929
                                             1909


SUNRISE AND SUNSET
JULY 21 2016..........SUNRISE   615 AM EDT   SUNSET   821 PM EDT
JULY 22 2016..........SUNRISE   616 AM EDT   SUNSET   820 PM EDT


-  INDICATES NEGATIVE NUMBERS.
R  INDICATES RECORD WAS SET OR TIED.
MM INDICATES DATA IS MISSING.
T  INDICATES TRACE AMOUNT.




$$
