000
CDUS42 KILM 222044
CLIILM


CLIMATE REPORT
NATIONAL WEATHER SERVICE WILMINGTON NC
443 PM EDT SUN MAR 22 2015


...................................

...THE WILMINGTON NC CLIMATE SUMMARY FOR MARCH 22 2015...
VALID TODAY AS OF 0400 PM LOCAL TIME.

CLIMATE NORMAL PERIOD 1981 TO 2010
CLIMATE RECORD PERIOD 1871 TO 2015


WEATHER ITEM   OBSERVED TIME   RECORD YEAR NORMAL DEPARTURE LAST
                VALUE   (LST)  VALUE       VALUE  FROM      YEAR
                                                  NORMAL
..................................................................
TEMPERATURE (F)
 TODAY
  MAXIMUM         64    123 PM  87    1907  68     -4       79
                                      1894
  MINIMUM         52   1247 AM  27    1956  45      7       46
                                      1876
  AVERAGE         58                        57      1       63

PRECIPITATION (IN)
  TODAY            T             1.61 1931   0.13  -0.13     0.03
  MONTH TO DATE    1.58                      3.05  -1.47     3.07
  SINCE MAR 1      1.58                      3.05  -1.47     3.07
  SINCE JAN 1     10.90                     10.43   0.47     8.53

SNOWFALL (IN)
  TODAY            0.0           2.0  1883   0.0    0.0      0.0
  MONTH TO DATE    0.0                       0.1   -0.1      0.0
  SINCE MAR 1      0.0                       0.1   -0.1      0.0
  SINCE JUL 1      0.3                       1.6   -1.3      1.0
  SNOW DEPTH       0

DEGREE DAYS
 HEATING
  TODAY            7                         9     -2        2
  MONTH TO DATE  209                       252    -43      303
  SINCE MAR 1    209                       252    -43      303
  SINCE JUL 1   2392                      2181    211     2237

 COOLING
  TODAY            0                         1     -1        0
  MONTH TO DATE   14                         7      7        0
  SINCE MAR 1     14                         7      7        0
  SINCE JAN 1     20                        12      8        5
..................................................................


WIND (MPH)
  HIGHEST WIND SPEED    10   HIGHEST WIND DIRECTION     E (90)
  HIGHEST GUST SPEED    16   HIGHEST GUST DIRECTION     E (80)
  AVERAGE WIND SPEED     2.5


SKY COVER
  POSSIBLE SUNSHINE  MM
  AVERAGE SKY COVER 0.4


WEATHER CONDITIONS
 THE FOLLOWING WEATHER WAS RECORDED TODAY.
  LIGHT RAIN


RELATIVE HUMIDITY (PERCENT)
 HIGHEST    93          1200 AM
 LOWEST     64           300 PM
 AVERAGE    79

..........................................................


THE WILMINGTON NC CLIMATE NORMALS FOR TOMORROW
                         NORMAL    RECORD    YEAR
 MAXIMUM TEMPERATURE (F)   68        94      1907
 MINIMUM TEMPERATURE (F)   46        24      1888


SUNRISE AND SUNSET
MARCH 22 2015.........SUNRISE   713 AM EDT   SUNSET   725 PM EDT
MARCH 23 2015.........SUNRISE   712 AM EDT   SUNSET   725 PM EDT


-  INDICATES NEGATIVE NUMBERS.
R  INDICATES RECORD WAS SET OR TIED.
MM INDICATES DATA IS MISSING.
T  INDICATES TRACE AMOUNT.




$$
