000
CDUS42 KILM 220843
CLIILM


CLIMATE REPORT
NATIONAL WEATHER SERVICE WILMINGTON NC
442 AM EDT FRI APR 22 2016


...................................

...THE WILMINGTON NC CLIMATE SUMMARY FOR APRIL 21 2016...

CLIMATE NORMAL PERIOD 1981 TO 2010
CLIMATE RECORD PERIOD 1871 TO 2016


WEATHER ITEM   OBSERVED TIME   RECORD YEAR NORMAL DEPARTURE LAST
                VALUE   (LST)  VALUE       VALUE  FROM      YEAR
                                                  NORMAL
..................................................................
TEMPERATURE (F)
 YESTERDAY
  MAXIMUM         74    232 PM  93    2002  76     -2       78
  MINIMUM         51    556 AM  32    1983  53     -2       60
  AVERAGE         63                        64     -1       69

PRECIPITATION (IN)
  YESTERDAY        0.01          0.71 1884   0.09  -0.08     0.00
  MONTH TO DATE    1.03                      1.96  -0.93     1.76
  SINCE MAR 1      3.86                      6.17  -2.31     5.19
  SINCE JAN 1     15.93                     13.55   2.38    14.51

SNOWFALL (IN)
  YESTERDAY        0.0          MM      MM   0.0    0.0      0.0
  MONTH TO DATE    0.0                       0.0    0.0      0.0
  SINCE MAR 1      0.0                       0.2   -0.2      0.0
  SINCE JUL 1      T                         1.7   -1.7      0.3
  SNOW DEPTH       0

DEGREE DAYS
 HEATING
  YESTERDAY        2                         3     -1        0
  MONTH TO DATE  124                       107     17       51
  SINCE MAR 1    297                       430   -133      364
  SINCE JUL 1   1784                      2359   -575     2547

 COOLING
  YESTERDAY        0                         3     -3        4
  MONTH TO DATE   23                        38    -15       62
  SINCE MAR 1     95                        54     41       82
  SINCE JAN 1     98                        59     39       88
..................................................................


WIND (MPH)
  HIGHEST WIND SPEED    22   HIGHEST WIND DIRECTION     S (170)
  HIGHEST GUST SPEED    28   HIGHEST GUST DIRECTION     S (160)
  AVERAGE WIND SPEED     8.1


SKY COVER
  POSSIBLE SUNSHINE  MM
  AVERAGE SKY COVER 0.4


WEATHER CONDITIONS
 THE FOLLOWING WEATHER WAS RECORDED YESTERDAY.
  LIGHT RAIN


RELATIVE HUMIDITY (PERCENT)
 HIGHEST    89           400 AM
 LOWEST     64          1200 PM
 AVERAGE    77

..........................................................


THE WILMINGTON NC CLIMATE NORMALS FOR TODAY
                         NORMAL    RECORD    YEAR
 MAXIMUM TEMPERATURE (F)   76        93      2002
 MINIMUM TEMPERATURE (F)   53        38      1983


SUNRISE AND SUNSET
APRIL 22 2016.........SUNRISE   631 AM EDT   SUNSET   749 PM EDT
APRIL 23 2016.........SUNRISE   630 AM EDT   SUNSET   750 PM EDT


-  INDICATES NEGATIVE NUMBERS.
R  INDICATES RECORD WAS SET OR TIED.
MM INDICATES DATA IS MISSING.
T  INDICATES TRACE AMOUNT.




$$
