000
CDUS42 KILM 210841
CLIILM


CLIMATE REPORT
NATIONAL WEATHER SERVICE WILMINGTON NC
441 AM EDT SAT MAY 21 2016


...................................

...THE WILMINGTON NC CLIMATE SUMMARY FOR MAY 20 2016...

CLIMATE NORMAL PERIOD 1981 TO 2010
CLIMATE RECORD PERIOD 1871 TO 2016


WEATHER ITEM   OBSERVED TIME   RECORD YEAR NORMAL DEPARTURE LAST
                VALUE   (LST)  VALUE       VALUE  FROM      YEAR
                                                  NORMAL
..................................................................
TEMPERATURE (F)
 YESTERDAY
  MAXIMUM         72        MM  94    2000  82    -10       90
  MINIMUM         58        MM  46    2002  61     -3       69
  AVERAGE         65                        71     -6       80

PRECIPITATION (IN)
  YESTERDAY        0.15          3.74 1986   0.15   0.00      T
  MONTH TO DATE    3.86                      2.68   1.18     4.93
  SINCE MAR 1      8.60                      9.71  -1.11    10.52
  SINCE JAN 1     20.67                     17.09   3.58    19.84

DEGREE DAYS
 HEATING
  YESTERDAY        0                         0      0        0
  MONTH TO DATE   17                        25     -8       10
  SINCE MAR 1    317                       478   -161      414
  SINCE JUL 1   1804                      2407   -603     2597

 COOLING
  YESTERDAY        0                         7     -7       15
  MONTH TO DATE  111                       103      8      122
  SINCE MAR 1    254                       186     68      205
  SINCE JAN 1    257                       191     66      211
..................................................................


WIND (MPH)
  HIGHEST WIND SPEED    13   HIGHEST WIND DIRECTION    NE (60)
  HIGHEST GUST SPEED    MM   HIGHEST GUST DIRECTION    MM
  AVERAGE WIND SPEED     9.1


SKY COVER
  POSSIBLE SUNSHINE  MM
  AVERAGE SKY COVER 1.0


WEATHER CONDITIONS
 THE FOLLOWING WEATHER WAS RECORDED YESTERDAY.
  RAIN
  LIGHT RAIN
  FOG


RELATIVE HUMIDITY (PERCENT)
 HIGHEST   100           800 PM
 LOWEST     68          1100 AM
 AVERAGE    84

..........................................................


THE WILMINGTON NC CLIMATE NORMALS FOR TODAY
                         NORMAL    RECORD    YEAR
 MAXIMUM TEMPERATURE (F)   82        94      1962
                                             1933
 MINIMUM TEMPERATURE (F)   62        44      2002


SUNRISE AND SUNSET
MAY 21 2016...........SUNRISE   605 AM EDT   SUNSET   812 PM EDT
MAY 22 2016...........SUNRISE   605 AM EDT   SUNSET   812 PM EDT


-  INDICATES NEGATIVE NUMBERS.
R  INDICATES RECORD WAS SET OR TIED.
MM INDICATES DATA IS MISSING.
T  INDICATES TRACE AMOUNT.




$$
