000
CDUS42 KILM 192140
CLIILM


CLIMATE REPORT
NATIONAL WEATHER SERVICE WILMINGTON NC
440 PM EST WED NOV 19 2014


...................................

...THE WILMINGTON NC CLIMATE SUMMARY FOR NOVEMBER 19 2014...
VALID TODAY AS OF 0400 PM LOCAL TIME.

CLIMATE NORMAL PERIOD 1981 TO 2010
CLIMATE RECORD PERIOD 1871 TO 2014


WEATHER ITEM   OBSERVED TIME   RECORD YEAR NORMAL DEPARTURE LAST
                VALUE   (LST)  VALUE       VALUE  FROM      YEAR
                                                  NORMAL
..................................................................
TEMPERATURE (F)
 TODAY
  MAXIMUM         45    257 PM  83    1985  67    -22       62
                                      1958
  MINIMUM         23R   705 AM  25    1959  45    -22       42
  AVERAGE         34                        56    -22       52

PRECIPITATION (IN)
  TODAY            0.00          1.56 1879   0.11  -0.11     0.00
  MONTH TO DATE    1.08                      2.02  -0.94     1.60
  SINCE SEP 1      8.67                     13.75  -5.08     4.85
  SINCE JAN 1     51.18                     52.72  -1.54    47.34

SNOWFALL (IN)
  TODAY            0.0          MM      MM   0.0    0.0      0.0
  MONTH TO DATE    0.0                       0.0    0.0       T
  SINCE SEP 1      0.0                       0.0    0.0       T
  SINCE JUL 1      0.0                       0.0    0.0       T
  SNOW DEPTH       0

DEGREE DAYS
 HEATING
  TODAY           31                        10     21       13
  MONTH TO DATE  239                       147     92      162
  SINCE SEP 1    298                       244     54      234
  SINCE JUL 1    298                       244     54      234

 COOLING
  TODAY            0                         1     -1        0
  MONTH TO DATE    5                        19    -14       23
  SINCE SEP 1    428                       410     18      402
  SINCE JAN 1   2185                      2033    152     1892
..................................................................


WIND (MPH)
  HIGHEST WIND SPEED    14   HIGHEST WIND DIRECTION    NE (30)
  HIGHEST GUST SPEED    18   HIGHEST GUST DIRECTION     N (10)
  AVERAGE WIND SPEED     4.1


SKY COVER
  POSSIBLE SUNSHINE  MM
  AVERAGE SKY COVER 0.0


WEATHER CONDITIONS
 THE FOLLOWING WEATHER WAS RECORDED TODAY.
  NO SIGNIFICANT WEATHER WAS OBSERVED.


RELATIVE HUMIDITY (PERCENT)
 HIGHEST    81           200 AM
 LOWEST     22           200 PM
 AVERAGE    52

..........................................................


THE WILMINGTON NC CLIMATE NORMALS FOR TOMORROW
                         NORMAL    RECORD    YEAR
 MAXIMUM TEMPERATURE (F)   67        83      1985
 MINIMUM TEMPERATURE (F)   44        22      1951


SUNRISE AND SUNSET
NOVEMBER 19 2014......SUNRISE   648 AM EST   SUNSET   505 PM EST
NOVEMBER 20 2014......SUNRISE   649 AM EST   SUNSET   505 PM EST


-  INDICATES NEGATIVE NUMBERS.
R  INDICATES RECORD WAS SET OR TIED.
MM INDICATES DATA IS MISSING.
T  INDICATES TRACE AMOUNT.




$$
