000
CDUS42 KILM 112140
CLIILM


CLIMATE REPORT
NATIONAL WEATHER SERVICE WILMINGTON NC
440 PM EST SAT FEB 11 2017


...................................

...THE WILMINGTON NC CLIMATE SUMMARY FOR FEBRUARY 11 2017...
VALID TODAY AS OF 0400 PM LOCAL TIME.

CLIMATE NORMAL PERIOD 1981 TO 2010
CLIMATE RECORD PERIOD 1871 TO 2017


WEATHER ITEM   OBSERVED TIME   RECORD YEAR NORMAL DEPARTURE LAST
                VALUE   (LST)  VALUE       VALUE  FROM      YEAR
                                                  NORMAL
..................................................................
TEMPERATURE (F)
 TODAY
  MAXIMUM         72    159 PM  78    1965  59     13       48
                                      1939
  MINIMUM         39   1256 AM  18    1912  37      2       25
  AVERAGE         56                        48      8       37

PRECIPITATION (IN)
  TODAY            0.00          2.58 1910   0.12  -0.12     0.00
  MONTH TO DATE    0.57                      1.39  -0.82     6.15
  SINCE DEC 1     10.15                      8.77   1.38    16.10
  SINCE JAN 1      4.79                      5.15  -0.36    10.60

SNOWFALL (IN)
  TODAY            0.0           9.4  1912   0.0    0.0      0.0
  MONTH TO DATE    0.0                       0.1   -0.1       T
  SINCE DEC 1      T                         1.3   -1.3       T
  SINCE JUL 1      T                         1.3   -1.3       T
  SNOW DEPTH       0

DEGREE DAYS
 HEATING
  TODAY            9                        17     -8       28
  MONTH TO DATE  132                       192    -60      177
  SINCE DEC 1   1019                      1298   -279      980
  SINCE JUL 1   1378                      1667   -289     1210

 COOLING
  TODAY            0                         0      0        0
  MONTH TO DATE    0                         0      0        0
  SINCE DEC 1      3                         7     -4       76
  SINCE JAN 1      0                         2     -2        0
..................................................................


WIND (MPH)
  HIGHEST WIND SPEED    24   HIGHEST WIND DIRECTION    SW (240)
  HIGHEST GUST SPEED    30   HIGHEST GUST DIRECTION     W (250)
  AVERAGE WIND SPEED    11.7


SKY COVER
  POSSIBLE SUNSHINE  MM
  AVERAGE SKY COVER 0.0


WEATHER CONDITIONS
 THE FOLLOWING WEATHER WAS RECORDED TODAY.
  NO SIGNIFICANT WEATHER WAS OBSERVED.


RELATIVE HUMIDITY (PERCENT)
 HIGHEST    89           300 AM
 LOWEST     29           200 PM
 AVERAGE    59

..........................................................


THE WILMINGTON NC CLIMATE NORMALS FOR TOMORROW
                         NORMAL    RECORD    YEAR
 MAXIMUM TEMPERATURE (F)   59        78      1965
 MINIMUM TEMPERATURE (F)   37        14      1899


SUNRISE AND SUNSET
FEBRUARY 11 2017......SUNRISE   700 AM EST   SUNSET   552 PM EST
FEBRUARY 12 2017......SUNRISE   659 AM EST   SUNSET   553 PM EST


-  INDICATES NEGATIVE NUMBERS.
R  INDICATES RECORD WAS SET OR TIED.
MM INDICATES DATA IS MISSING.
T  INDICATES TRACE AMOUNT.




$$
