000
CDUS42 KILM 210841
CLIILM


CLIMATE REPORT
NATIONAL WEATHER SERVICE WILMINGTON NC
441 AM EDT MON JUL 21 2014


...................................

...THE WILMINGTON NC CLIMATE SUMMARY FOR JULY 20 2014...

CLIMATE NORMAL PERIOD 1981 TO 2010
CLIMATE RECORD PERIOD 1871 TO 2014


WEATHER ITEM   OBSERVED TIME   RECORD YEAR NORMAL DEPARTURE LAST
                VALUE   (LST)  VALUE       VALUE  FROM      YEAR
                                                  NORMAL
..................................................................
TEMPERATURE (F)
 YESTERDAY
  MAXIMUM         86    147 PM  99    2011  90     -4       89
                                      1977
                                      1942
  MINIMUM         75    559 AM  63    1910  73      2       75
                                      1909
                                      1879
  AVERAGE         81                        81      0       82

PRECIPITATION (IN)
  YESTERDAY        T             5.68 1924   0.27  -0.27     0.23
  MONTH TO DATE    6.25                      4.64   1.61     4.23
  SINCE JUN 1      8.73                      9.82  -1.09    15.69
  SINCE JAN 1     27.97                     28.72  -0.75    32.40

DEGREE DAYS
 HEATING
  YESTERDAY        0                         0      0        0
  MONTH TO DATE    0                         0      0        0
  SINCE JUN 1      0                         2     -2        0
  SINCE JUL 1      0                         0      0        0

 COOLING
  YESTERDAY       16                        16      0       17
  MONTH TO DATE  302                       320    -18      304
  SINCE JUN 1    742                       705     37      684
  SINCE JAN 1   1149                       986    163      910
..................................................................


WIND (MPH)
  HIGHEST WIND SPEED    13   HIGHEST WIND DIRECTION     E (110)
  HIGHEST GUST SPEED    16   HIGHEST GUST DIRECTION    SE (120)
  AVERAGE WIND SPEED     3.8


SKY COVER
  POSSIBLE SUNSHINE  MM
  AVERAGE SKY COVER 0.5


WEATHER CONDITIONS
 THE FOLLOWING WEATHER WAS RECORDED YESTERDAY.
  THUNDERSTORM
  LIGHT RAIN
  FOG


RELATIVE HUMIDITY (PERCENT)
 HIGHEST    94           300 AM
 LOWEST     65          1000 AM
 AVERAGE    80

..........................................................


THE WILMINGTON NC CLIMATE NORMALS FOR TODAY
                         NORMAL    RECORD    YEAR
 MAXIMUM TEMPERATURE (F)   90       100      2011
                                             1952
 MINIMUM TEMPERATURE (F)   73        63      1929
                                             1909


SUNRISE AND SUNSET
JULY 21 2014..........SUNRISE   615 AM EDT   SUNSET   821 PM EDT
JULY 22 2014..........SUNRISE   615 AM EDT   SUNSET   820 PM EDT


-  INDICATES NEGATIVE NUMBERS.
R  INDICATES RECORD WAS SET OR TIED.
MM INDICATES DATA IS MISSING.
T  INDICATES TRACE AMOUNT.




$$
