000
CDUS42 KILM 190841
CLIILM


CLIMATE REPORT
NATIONAL WEATHER SERVICE WILMINGTON NC
441 AM EDT FRI MAY 19 2017


...................................

...THE WILMINGTON NC CLIMATE SUMMARY FOR MAY 18 2017...

CLIMATE NORMAL PERIOD 1981 TO 2010
CLIMATE RECORD PERIOD 1871 TO 2017


WEATHER ITEM   OBSERVED TIME   RECORD YEAR NORMAL DEPARTURE LAST
                VALUE   (LST)  VALUE       VALUE  FROM      YEAR
                                                  NORMAL
..................................................................
TEMPERATURE (F)
 YESTERDAY
  MAXIMUM         87    118 PM  94    1960  81      6       70
  MINIMUM         68    535 AM  43    1875  61      7       62
  AVERAGE         78                        71      7       66

PRECIPITATION (IN)
  YESTERDAY        0.00          2.61 1872   0.15  -0.15     0.32
  MONTH TO DATE    1.88                      2.37  -0.49     3.71
  SINCE MAR 1     11.64                      9.40   2.24     8.45
  SINCE JAN 1     17.19                     16.78   0.41    20.52

DEGREE DAYS
 HEATING
  YESTERDAY        0                         1     -1        0
  MONTH TO DATE   12                        24    -12       17
  SINCE MAR 1    429                       477    -48      317
  SINCE JUL 1   1944                      2406   -462     1804

 COOLING
  YESTERDAY       13                         6      7        1
  MONTH TO DATE  115                        89     26      111
  SINCE MAR 1    279                       172    107      254
  SINCE JAN 1    285                       177    108      257
..................................................................


WIND (MPH)
  HIGHEST WIND SPEED    17   HIGHEST WIND DIRECTION     S (190)
  HIGHEST GUST SPEED    25   HIGHEST GUST DIRECTION    SW (210)
  AVERAGE WIND SPEED     8.3


SKY COVER
  POSSIBLE SUNSHINE  MM
  AVERAGE SKY COVER 0.1


WEATHER CONDITIONS
 THE FOLLOWING WEATHER WAS RECORDED YESTERDAY.
  FOG


RELATIVE HUMIDITY (PERCENT)
 HIGHEST   100          1200 AM
 LOWEST     45           100 PM
 AVERAGE    73

..........................................................


THE WILMINGTON NC CLIMATE NORMALS FOR TODAY
                         NORMAL    RECORD    YEAR
 MAXIMUM TEMPERATURE (F)   81        96      1996
                                             1962
 MINIMUM TEMPERATURE (F)   61        47      1976
                                             1973
                                             1882


SUNRISE AND SUNSET
MAY 19 2017...........SUNRISE   607 AM EDT   SUNSET   810 PM EDT
MAY 20 2017...........SUNRISE   606 AM EDT   SUNSET   811 PM EDT


-  INDICATES NEGATIVE NUMBERS.
R  INDICATES RECORD WAS SET OR TIED.
MM INDICATES DATA IS MISSING.
T  INDICATES TRACE AMOUNT.




$$
