000
CDUS42 KILM 072051
CLIILM


CLIMATE REPORT
NATIONAL WEATHER SERVICE WILMINGTON NC
447 PM EDT MON APR 7 2014


...................................

...THE WILMINGTON NC CLIMATE SUMMARY FOR APRIL 7 2014...
VALID TODAY AS OF 0400 PM LOCAL TIME.

CLIMATE NORMAL PERIOD 1981 TO 2010
CLIMATE RECORD PERIOD 1871 TO 2014


WEATHER ITEM   OBSERVED TIME   RECORD YEAR NORMAL DEPARTURE LAST
                VALUE   (LST)  VALUE       VALUE  FROM      YEAR
                                                  NORMAL
..................................................................
TEMPERATURE (F)
 TODAY
  MAXIMUM         80    102 PM  95    1967  72      8       69
  MINIMUM         59    314 AM  30    1982  50      9       38
  AVERAGE         70                        61      9       54

PRECIPITATION (IN)
  TODAY            0.01          1.51 2003   0.09  -0.08     0.00
  MONTH TO DATE    0.01                      0.71  -0.70     1.00
  SINCE MAR 1      6.40                      4.92   1.48     3.44
  SINCE JAN 1     11.86                     12.30  -0.44    10.71

SNOWFALL (IN)
  TODAY            0.0          MM      MM   0.0    0.0      0.0
  MONTH TO DATE    0.0                       0.0    0.0      0.0
  SINCE MAR 1      0.0                       0.2   -0.2      0.0
  SINCE JUL 1      1.0                       1.7   -0.7       T
  SNOW DEPTH       0

DEGREE DAYS
 HEATING
  TODAY            0                         6     -6       11
  MONTH TO DATE   12                        45    -33       75
  SINCE MAR 1    425                       368     57      545
  SINCE JUL 1   2359                      2297     62     2352

 COOLING
  TODAY            5                         2      3        0
  MONTH TO DATE   39                         8     31        0
  SINCE MAR 1     41                        24     17        2
  SINCE JAN 1     46                        29     17       14
..................................................................


WIND (MPH)
  HIGHEST WIND SPEED    24   HIGHEST WIND DIRECTION     S (200)
  HIGHEST GUST SPEED    34   HIGHEST GUST DIRECTION    SW (210)
  AVERAGE WIND SPEED     9.5


SKY COVER
  POSSIBLE SUNSHINE  MM
  AVERAGE SKY COVER 0.7


WEATHER CONDITIONS
 THE FOLLOWING WEATHER WAS RECORDED TODAY.
  LIGHT RAIN
  FOG


RELATIVE HUMIDITY (PERCENT)
 HIGHEST    93           500 AM
 LOWEST     62           100 PM
 AVERAGE    78

..........................................................


THE WILMINGTON NC CLIMATE NORMALS FOR TOMORROW
                         NORMAL    RECORD    YEAR
 MAXIMUM TEMPERATURE (F)   73        89      1999
 MINIMUM TEMPERATURE (F)   50        29      2007


SUNRISE AND SUNSET
APRIL  7 2014.........SUNRISE   651 AM EDT   SUNSET   737 PM EDT
APRIL  8 2014.........SUNRISE   650 AM EDT   SUNSET   738 PM EDT


-  INDICATES NEGATIVE NUMBERS.
R  INDICATES RECORD WAS SET OR TIED.
MM INDICATES DATA IS MISSING.
T  INDICATES TRACE AMOUNT.




$$
