000
CDUS42 KILM 280843
CLIILM


CLIMATE REPORT
NATIONAL WEATHER SERVICE WILMINGTON NC
443 AM EDT FRI AUG 28 2015


...................................

...THE WILMINGTON NC CLIMATE SUMMARY FOR AUGUST 27 2015...

CLIMATE NORMAL PERIOD 1981 TO 2010
CLIMATE RECORD PERIOD 1871 TO 2015


WEATHER ITEM   OBSERVED TIME   RECORD YEAR NORMAL DEPARTURE LAST
                VALUE   (LST)  VALUE       VALUE  FROM      YEAR
                                                  NORMAL
..................................................................
TEMPERATURE (F)
 YESTERDAY
  MAXIMUM         81    437 PM  96    1965  87     -6       88
                                      1903
  MINIMUM         70   1159 PM  58    1874  70      0       67
  AVERAGE         76                        79     -3       78

PRECIPITATION (IN)
  YESTERDAY        0.06          3.01 2008   0.23  -0.17     0.00
  MONTH TO DATE    7.53                      6.44   1.09     8.79
  SINCE JUN 1     17.95                     19.10  -1.15    23.27
  SINCE JAN 1     38.52                     38.00   0.52    42.51

DEGREE DAYS
 HEATING
  YESTERDAY        0                         0      0        0
  MONTH TO DATE    0                         0      0        0
  SINCE JUN 1      0                         2     -2        0
  SINCE JUL 1      0                         0      0        0

 COOLING
  YESTERDAY       11                        14     -3       13
  MONTH TO DATE  399                       403     -4      385
  SINCE JUN 1   1444                      1289    155     1293
  SINCE JAN 1   1737                      1570    167     1700
..................................................................


WIND (MPH)
  HIGHEST WIND SPEED    15   HIGHEST WIND DIRECTION    NE (30)
  HIGHEST GUST SPEED    18   HIGHEST GUST DIRECTION    NE (30)
  AVERAGE WIND SPEED     8.4


SKY COVER
  POSSIBLE SUNSHINE  MM
  AVERAGE SKY COVER 0.7


WEATHER CONDITIONS
 THE FOLLOWING WEATHER WAS RECORDED YESTERDAY.
  THUNDERSTORM
  LIGHT RAIN
  FOG


RELATIVE HUMIDITY (PERCENT)
 HIGHEST    93          1200 AM
 LOWEST     74           100 PM
 AVERAGE    84

..........................................................


THE WILMINGTON NC CLIMATE NORMALS FOR TODAY
                         NORMAL    RECORD    YEAR
 MAXIMUM TEMPERATURE (F)   87        97      1903
 MINIMUM TEMPERATURE (F)   70        56      1874


SUNRISE AND SUNSET
AUGUST 28 2015........SUNRISE   642 AM EDT   SUNSET   743 PM EDT
AUGUST 29 2015........SUNRISE   643 AM EDT   SUNSET   742 PM EDT


-  INDICATES NEGATIVE NUMBERS.
R  INDICATES RECORD WAS SET OR TIED.
MM INDICATES DATA IS MISSING.
T  INDICATES TRACE AMOUNT.




$$
