000
CDUS42 KILM 130940
CLIILM


CLIMATE REPORT
NATIONAL WEATHER SERVICE WILMINGTON NC
440 AM EST MON NOV 13 2017


...................................

...THE WILMINGTON NC CLIMATE SUMMARY FOR NOVEMBER 12 2017...

CLIMATE NORMAL PERIOD 1981 TO 2010
CLIMATE RECORD PERIOD 1871 TO 2017


WEATHER ITEM   OBSERVED TIME   RECORD YEAR NORMAL DEPARTURE LAST
                VALUE   (LST)  VALUE       VALUE  FROM      YEAR
                                                  NORMAL
..................................................................
TEMPERATURE (F)
 YESTERDAY
  MAXIMUM         66    142 PM  85    1989  69     -3       61
  MINIMUM         39    645 AM  28    1996  46     -7       39
  AVERAGE         53                        58     -5       50

PRECIPITATION (IN)
  YESTERDAY        0.00          3.36 1937   0.10  -0.10     0.00
  MONTH TO DATE    0.73                      1.25  -0.52     0.19
  SINCE SEP 1     11.06                     12.98  -1.92    22.83
  SINCE JAN 1     58.44                     51.95   6.49    64.37

SNOWFALL (IN)
  YESTERDAY        0.0          MM      MM   0.0    0.0      0.0
  MONTH TO DATE    0.0                       0.0    0.0      0.0
  SINCE SEP 1      0.0                       0.0    0.0      0.0
  SINCE JUL 1      0.0                       0.0    0.0      0.0
  SNOW DEPTH       0

DEGREE DAYS
 HEATING
  YESTERDAY       12                         8      4       15
  MONTH TO DATE   62                        83    -21      107
  SINCE SEP 1    124                       180    -56      153
  SINCE JUL 1    124                       180    -56      153

 COOLING
  YESTERDAY        0                         1     -1        0
  MONTH TO DATE   27                        12     15        7
  SINCE SEP 1    541                       403    138      511
  SINCE JAN 1   2355                      2026    329     2381
..................................................................


WIND (MPH)
  HIGHEST WIND SPEED    14   HIGHEST WIND DIRECTION     E (100)
  HIGHEST GUST SPEED    19   HIGHEST GUST DIRECTION     E (110)
  AVERAGE WIND SPEED     7.1


SKY COVER
  POSSIBLE SUNSHINE  MM
  AVERAGE SKY COVER 0.5


WEATHER CONDITIONS
 THE FOLLOWING WEATHER WAS RECORDED YESTERDAY.
  NO SIGNIFICANT WEATHER WAS OBSERVED.


RELATIVE HUMIDITY (PERCENT)
 HIGHEST    92           700 AM
 LOWEST     60          1100 AM
 AVERAGE    76

..........................................................


THE WILMINGTON NC CLIMATE NORMALS FOR TODAY
                         NORMAL    RECORD    YEAR
 MAXIMUM TEMPERATURE (F)   69        83      1879
 MINIMUM TEMPERATURE (F)   46        29      2013
                                             1996
                                             1976


SUNRISE AND SUNSET
NOVEMBER 13 2017......SUNRISE   643 AM EST   SUNSET   509 PM EST
NOVEMBER 14 2017......SUNRISE   644 AM EST   SUNSET   508 PM EST


-  INDICATES NEGATIVE NUMBERS.
R  INDICATES RECORD WAS SET OR TIED.
MM INDICATES DATA IS MISSING.
T  INDICATES TRACE AMOUNT.




$$
