000
CDUS42 KILM 162041
CLIILM


CLIMATE REPORT
NATIONAL WEATHER SERVICE WILMINGTON NC
441 PM EDT THU OCT 16 2014


...................................

...THE WILMINGTON NC CLIMATE SUMMARY FOR OCTOBER 16 2014...
VALID TODAY AS OF 0400 PM LOCAL TIME.

CLIMATE NORMAL PERIOD 1981 TO 2010
CLIMATE RECORD PERIOD 1871 TO 2014


WEATHER ITEM   OBSERVED TIME   RECORD YEAR NORMAL DEPARTURE LAST
                VALUE   (LST)  VALUE       VALUE  FROM      YEAR
                                                  NORMAL
..................................................................
TEMPERATURE (F)
 TODAY
  MAXIMUM         75   1256 PM  87    1975  76     -1       74
                                      1925
  MINIMUM         55    647 AM  32    1876  54      1       62
  AVERAGE         65                        65      0       68

PRECIPITATION (IN)
  TODAY            0.00          2.73 1936   0.12  -0.12     0.00
  MONTH TO DATE    1.36                      2.37  -1.01     1.64
  SINCE SEP 1      7.36                     10.21  -2.85     2.62
  SINCE JAN 1     49.87                     49.18   0.69    45.11

DEGREE DAYS
 HEATING
  TODAY            0                         3     -3        0
  MONTH TO DATE   13                        28    -15        7
  SINCE SEP 1     15                        33    -18        7
  SINCE JUL 1     15                        33    -18        7

 COOLING
  TODAY            0                         3     -3        3
  MONTH TO DATE   93                        67     26       80
  SINCE SEP 1    403                       361     42      358
  SINCE JAN 1   2160                      1984    176     1848
..................................................................


WIND (MPH)
  HIGHEST WIND SPEED    17   HIGHEST WIND DIRECTION    SW (240)
  HIGHEST GUST SPEED    21   HIGHEST GUST DIRECTION    SW (240)
  AVERAGE WIND SPEED     5.7


SKY COVER
  POSSIBLE SUNSHINE  MM
  AVERAGE SKY COVER 0.2


WEATHER CONDITIONS
 THE FOLLOWING WEATHER WAS RECORDED TODAY.
  NO SIGNIFICANT WEATHER WAS OBSERVED.


RELATIVE HUMIDITY (PERCENT)
 HIGHEST    97          1200 AM
 LOWEST     41          1200 PM
 AVERAGE    69

..........................................................


THE WILMINGTON NC CLIMATE NORMALS FOR TOMORROW
                         NORMAL    RECORD    YEAR
 MAXIMUM TEMPERATURE (F)   75        90      1966
 MINIMUM TEMPERATURE (F)   54        37      1982
                                             1875


SUNRISE AND SUNSET
OCTOBER 16 2014.......SUNRISE   718 AM EDT   SUNSET   636 PM EDT
OCTOBER 17 2014.......SUNRISE   719 AM EDT   SUNSET   635 PM EDT


-  INDICATES NEGATIVE NUMBERS.
R  INDICATES RECORD WAS SET OR TIED.
MM INDICATES DATA IS MISSING.
T  INDICATES TRACE AMOUNT.




$$
