000
CDUS42 KILM 210842
CLIILM


CLIMATE REPORT
NATIONAL WEATHER SERVICE WILMINGTON NC
442 AM EDT TUE JUN 21 2016


...................................

...THE WILMINGTON NC CLIMATE SUMMARY FOR JUNE 20 2016...

CLIMATE NORMAL PERIOD 1981 TO 2010
CLIMATE RECORD PERIOD 1871 TO 2016


WEATHER ITEM   OBSERVED TIME   RECORD YEAR NORMAL DEPARTURE LAST
                VALUE   (LST)  VALUE       VALUE  FROM      YEAR
                                                  NORMAL
..................................................................
TEMPERATURE (F)
 YESTERDAY
  MAXIMUM         86    224 PM 101    2011  88     -2       93
  MINIMUM         58    401 AM  54    1879  70    -12       72
  AVERAGE         72                        79     -7       83

PRECIPITATION (IN)
  YESTERDAY        0.00          2.17 1947   0.17  -0.17     0.09
  MONTH TO DATE    4.38                      3.35   1.03     6.28
  SINCE JUN 1      4.38                      3.35   1.03     6.28
  SINCE JAN 1     27.07                     22.25   4.82    26.85

DEGREE DAYS
 HEATING
  YESTERDAY        0                         0      0        0
  MONTH TO DATE    0                         0      0        0
  SINCE JUN 1      0                         0      0        0
  SINCE JUL 1   1806                      2409   -603     2597

 COOLING
  YESTERDAY        7                        14     -7       18
  MONTH TO DATE  265                       238     27      304
  SINCE JUN 1    265                       238     27      304
  SINCE JAN 1    600                       519     81      597
..................................................................


WIND (MPH)
  HIGHEST WIND SPEED    17   HIGHEST WIND DIRECTION     S (170)
  HIGHEST GUST SPEED    23   HIGHEST GUST DIRECTION     S (160)
  AVERAGE WIND SPEED     5.3


SKY COVER
  POSSIBLE SUNSHINE  MM
  AVERAGE SKY COVER 0.0


WEATHER CONDITIONS
 THE FOLLOWING WEATHER WAS RECORDED YESTERDAY.
  NO SIGNIFICANT WEATHER WAS OBSERVED.


RELATIVE HUMIDITY (PERCENT)
 HIGHEST    93           400 AM
 LOWEST     30           200 PM
 AVERAGE    62

..........................................................


THE WILMINGTON NC CLIMATE NORMALS FOR TODAY
                         NORMAL    RECORD    YEAR
 MAXIMUM TEMPERATURE (F)   88       101      1990
 MINIMUM TEMPERATURE (F)   70        53      1879


SUNRISE AND SUNSET
JUNE 21 2016..........SUNRISE   600 AM EDT   SUNSET   827 PM EDT
JUNE 22 2016..........SUNRISE   600 AM EDT   SUNSET   827 PM EDT


-  INDICATES NEGATIVE NUMBERS.
R  INDICATES RECORD WAS SET OR TIED.
MM INDICATES DATA IS MISSING.
T  INDICATES TRACE AMOUNT.




$$
