000
CDUS42 KILM 200841
CLIILM


CLIMATE REPORT
NATIONAL WEATHER SERVICE WILMINGTON NC
441 AM EDT MON MAR 20 2017


...................................

...THE WILMINGTON NC CLIMATE SUMMARY FOR MARCH 19 2017...

CLIMATE NORMAL PERIOD 1981 TO 2010
CLIMATE RECORD PERIOD 1871 TO 2017


WEATHER ITEM   OBSERVED TIME   RECORD YEAR NORMAL DEPARTURE LAST
                VALUE   (LST)  VALUE       VALUE  FROM      YEAR
                                                  NORMAL
..................................................................
TEMPERATURE (F)
 YESTERDAY
  MAXIMUM         57    349 PM  84    1908  67    -10       74
                                      1898
  MINIMUM         36   1131 PM  22    1876  45     -9       51
  AVERAGE         47                        56     -9       63

PRECIPITATION (IN)
  YESTERDAY        0.02          2.18 1889   0.13  -0.11     0.13
  MONTH TO DATE    1.96                      2.65  -0.69     1.30
  SINCE MAR 1      1.96                      2.65  -0.69     1.30
  SINCE JAN 1      7.51                     10.03  -2.52    13.37

SNOWFALL (IN)
  YESTERDAY       MM            MM      MM   0.0   MM        0.0
  MONTH TO DATE    1.1                       0.1    1.0      0.0
  SINCE MAR 1      1.1                       0.1    1.0      0.0
  SINCE JUL 1      1.1                       1.6   -0.5       T
  SNOW DEPTH       0

DEGREE DAYS
 HEATING
  YESTERDAY       18                        10      8        2
  MONTH TO DATE  298                       225     73      111
  SINCE MAR 1    298                       225     73      111
  SINCE JUL 1   1813                      2154   -341     1598

 COOLING
  YESTERDAY        0                         1     -1        0
  MONTH TO DATE    8                         4      4       54
  SINCE MAR 1      8                         4      4       54
  SINCE JAN 1     14                         9      5       57
..................................................................


WIND (MPH)
  HIGHEST WIND SPEED    24   HIGHEST WIND DIRECTION     N (340)
  HIGHEST GUST SPEED    34   HIGHEST GUST DIRECTION     N (360)
  AVERAGE WIND SPEED    11.9


SKY COVER
  POSSIBLE SUNSHINE  MM
  AVERAGE SKY COVER 0.4


WEATHER CONDITIONS
 THE FOLLOWING WEATHER WAS RECORDED YESTERDAY.
  LIGHT RAIN


RELATIVE HUMIDITY (PERCENT)
 HIGHEST    93           100 AM
 LOWEST     43           400 PM
 AVERAGE    68

..........................................................


THE WILMINGTON NC CLIMATE NORMALS FOR TODAY
                         NORMAL    RECORD    YEAR
 MAXIMUM TEMPERATURE (F)   67        86      1948
 MINIMUM TEMPERATURE (F)   45        29      1923


SUNRISE AND SUNSET
MARCH 20 2017.........SUNRISE   715 AM EDT   SUNSET   724 PM EDT
MARCH 21 2017.........SUNRISE   714 AM EDT   SUNSET   724 PM EDT


-  INDICATES NEGATIVE NUMBERS.
R  INDICATES RECORD WAS SET OR TIED.
MM INDICATES DATA IS MISSING.
T  INDICATES TRACE AMOUNT.




$$
