000
CDUS42 KILM 240941
CLIILM


CLIMATE REPORT
NATIONAL WEATHER SERVICE WILMINGTON NC
441 AM EST TUE FEB 24 2015


...................................

...THE WILMINGTON NC CLIMATE SUMMARY FOR FEBRUARY 23 2015...

CLIMATE NORMAL PERIOD 1981 TO 2010
CLIMATE RECORD PERIOD 1871 TO 2015


WEATHER ITEM   OBSERVED TIME   RECORD YEAR NORMAL DEPARTURE LAST
                VALUE   (LST)  VALUE       VALUE  FROM      YEAR
                                                  NORMAL
..................................................................
TEMPERATURE (F)
 YESTERDAY
  MAXIMUM         57    854 AM  80    1975  61     -4       69
  MINIMUM         31   1159 PM  20    1963  39     -8       40
  AVERAGE         44                        50     -6       55

PRECIPITATION (IN)
  YESTERDAY        0.33          1.75 1992   0.13   0.20     0.00
  MONTH TO DATE    2.46                      2.96  -0.50     2.51
  SINCE DEC 1     12.43                     10.34   2.09     7.01
  SINCE JAN 1      7.44                      6.72   0.72     5.28

SNOWFALL (IN)
  YESTERDAY        0.0           9.0  1901   0.0    0.0      0.0
  MONTH TO DATE    T                         0.3   -0.3       T
  SINCE DEC 1      T                         1.5   -1.5      1.0
  SINCE JUL 1      T                         1.5   -1.5      1.0
  SNOW DEPTH       0

DEGREE DAYS
 HEATING
  YESTERDAY       21                        15      6       10
  MONTH TO DATE  531                       382    149      374
  SINCE DEC 1   1589                      1488    101     1446
  SINCE JUL 1   2042                      1857    185     1848

 COOLING
  YESTERDAY        0                         0      0        0
  MONTH TO DATE    0                         0      0        2
  SINCE DEC 1      6                         7     -1       27
  SINCE JAN 1      6                         2      4        5
..................................................................


WIND (MPH)
  HIGHEST WIND SPEED    21   HIGHEST WIND DIRECTION    NE (30)
  HIGHEST GUST SPEED    27   HIGHEST GUST DIRECTION     N (20)
  AVERAGE WIND SPEED    10.5


SKY COVER
  POSSIBLE SUNSHINE  MM
  AVERAGE SKY COVER 0.9


WEATHER CONDITIONS
 THE FOLLOWING WEATHER WAS RECORDED YESTERDAY.
  HEAVY RAIN
  RAIN
  LIGHT RAIN
  FOG


RELATIVE HUMIDITY (PERCENT)
 HIGHEST   100          1200 AM
 LOWEST     78          1100 PM
 AVERAGE    89

..........................................................


THE WILMINGTON NC CLIMATE NORMALS FOR TODAY
                         NORMAL    RECORD    YEAR
 MAXIMUM TEMPERATURE (F)   62        81      1982
 MINIMUM TEMPERATURE (F)   39        18      1901


SUNRISE AND SUNSET
FEBRUARY 24 2015......SUNRISE   647 AM EST   SUNSET   603 PM EST
FEBRUARY 25 2015......SUNRISE   646 AM EST   SUNSET   604 PM EST


-  INDICATES NEGATIVE NUMBERS.
R  INDICATES RECORD WAS SET OR TIED.
MM INDICATES DATA IS MISSING.
T  INDICATES TRACE AMOUNT.




$$
