000
CDUS42 KILM 222153
CLIILM


CLIMATE REPORT
NATIONAL WEATHER SERVICE WILMINGTON NC
453 PM EST THU FEB 22 2018


...................................

...THE WILMINGTON NORTH CAROLINA CLIMATE SUMMARY FOR FEBRUARY 22 2018...
VALID TODAY AS OF 0400 PM LOCAL TIME.

CLIMATE NORMAL PERIOD 1981 TO 2010
CLIMATE RECORD PERIOD 1871 TO 2018


WEATHER ITEM   OBSERVED TIME   RECORD YEAR NORMAL DEPARTURE LAST
                VALUE   (LST)  VALUE       VALUE  FROM      YEAR
                                                  NORMAL
..................................................................
TEMPERATURE (F)
 TODAY
  MAXIMUM         81R   225 PM  78    2003  61     20       72
  MINIMUM         57    702 AM  21    1896  39     18       49
  AVERAGE         69                        50     19       61

PRECIPITATION (IN)
  TODAY            0.00          1.24 1878   0.14  -0.14     0.00
  MONTH TO DATE    1.70                      2.83  -1.13     1.32
  SINCE DEC 1     12.38                     10.21   2.17    10.90
  SINCE JAN 1      8.52                      6.59   1.93     5.54

SNOWFALL (IN)
  TODAY            0.0           2.0  1968   0.1   -0.1      0.0
  MONTH TO DATE    0.0                       0.3   -0.3      0.0
  SINCE DEC 1      3.8                       1.5    2.3       T
  SINCE JUL 1      3.8                       1.5    2.3       T
  SNOW DEPTH       0

DEGREE DAYS
 HEATING
  TODAY            0                        15    -15        4
  MONTH TO DATE  212                       367   -155      236
  SINCE DEC 1   1436                      1473    -37     1123
  SINCE JUL 1   1774                      1842    -68     1482

 COOLING
  TODAY            4                         0      4        0
  MONTH TO DATE   26                         0     26        5
  SINCE DEC 1     27                         7     20        8
  SINCE JAN 1     27                         2     25        5
..................................................................


WIND (MPH)
  RESULTANT WIND SPEED   6   RESULTANT WIND DIRECTION   S (200)
  HIGHEST WIND SPEED    16   HIGHEST WIND DIRECTION    SW (230)
  HIGHEST GUST SPEED    22   HIGHEST GUST DIRECTION    SW (230)
  AVERAGE WIND SPEED     5.9


SKY COVER
  POSSIBLE SUNSHINE  MM
  AVERAGE SKY COVER 0.4


WEATHER CONDITIONS
 THE FOLLOWING WEATHER WAS RECORDED TODAY.
  FOG
  FOG W/VISIBILITY <= 1/4 MILE


RELATIVE HUMIDITY (PERCENT)
 HIGHEST   100          1200 AM
 LOWEST     45           200 PM
 AVERAGE    73

..........................................................


THE WILMINGTON NORTH CAROLINA CLIMATE NORMALS FOR TOMORROW
                         NORMAL    RECORD    YEAR
 MAXIMUM TEMPERATURE (F)   61        80      1975
 MINIMUM TEMPERATURE (F)   39        20      1963


SUNRISE AND SUNSET
FEBRUARY 22 2018......SUNRISE   649 AM EST   SUNSET   602 PM EST
FEBRUARY 23 2018......SUNRISE   648 AM EST   SUNSET   603 PM EST


-  INDICATES NEGATIVE NUMBERS.
R  INDICATES RECORD WAS SET OR TIED.
MM INDICATES DATA IS MISSING.
T  INDICATES TRACE AMOUNT.




$$
