000
CDUS42 KILM 270844
CLIILM


CLIMATE REPORT
NATIONAL WEATHER SERVICE WILMINGTON NC
443 AM EDT SUN JUL 27 2014


...................................

...THE WILMINGTON NC CLIMATE SUMMARY FOR JULY 26 2014...

CLIMATE NORMAL PERIOD 1981 TO 2010
CLIMATE RECORD PERIOD 1871 TO 2014


WEATHER ITEM   OBSERVED TIME   RECORD YEAR NORMAL DEPARTURE LAST
                VALUE   (LST)  VALUE       VALUE  FROM      YEAR
                                                  NORMAL
..................................................................
TEMPERATURE (F)
 YESTERDAY
  MAXIMUM         90    429 PM  98    2012  90      0       84
                                      1999
                                      1968
  MINIMUM         73    359 AM  63    1895  73      0       69
  AVERAGE         82                        81      1       77

PRECIPITATION (IN)
  YESTERDAY        0.00          3.28 1986   0.27  -0.27     0.00
  MONTH TO DATE   10.80                      6.21   4.59     4.64
  SINCE JUN 1     13.28                     11.39   1.89    16.10
  SINCE JAN 1     32.52                     30.29   2.23    32.81

DEGREE DAYS
 HEATING
  YESTERDAY        0                         0      0        0
  MONTH TO DATE    0                         0      0        0
  SINCE JUN 1      0                         2     -2        0
  SINCE JUL 1      0                         0      0        0

 COOLING
  YESTERDAY       17                        16      1       12
  MONTH TO DATE  393                       416    -23      399
  SINCE JUN 1    833                       801     32      779
  SINCE JAN 1   1240                      1082    158     1005
..................................................................


WIND (MPH)
  HIGHEST WIND SPEED    14   HIGHEST WIND DIRECTION     S (180)
  HIGHEST GUST SPEED    19   HIGHEST GUST DIRECTION     S (180)
  AVERAGE WIND SPEED     4.7


SKY COVER
  POSSIBLE SUNSHINE  MM
  AVERAGE SKY COVER 0.3


WEATHER CONDITIONS
 THE FOLLOWING WEATHER WAS RECORDED YESTERDAY.
  FOG


RELATIVE HUMIDITY (PERCENT)
 HIGHEST   100           500 AM
 LOWEST     63           100 PM
 AVERAGE    82

..........................................................


THE WILMINGTON NC CLIMATE NORMALS FOR TODAY
                         NORMAL    RECORD    YEAR
 MAXIMUM TEMPERATURE (F)   90       101      2012
 MINIMUM TEMPERATURE (F)   73        60      1920


SUNRISE AND SUNSET
JULY 27 2014..........SUNRISE   619 AM EDT   SUNSET   817 PM EDT
JULY 28 2014..........SUNRISE   620 AM EDT   SUNSET   816 PM EDT


-  INDICATES NEGATIVE NUMBERS.
R  INDICATES RECORD WAS SET OR TIED.
MM INDICATES DATA IS MISSING.
T  INDICATES TRACE AMOUNT.




$$
