000
CDUS42 KILM 210841
CLIILM


CLIMATE REPORT
NATIONAL WEATHER SERVICE WILMINGTON NC
440 AM EDT MON AUG 21 2017


...................................

...THE WILMINGTON NC CLIMATE SUMMARY FOR AUGUST 20 2017...

CLIMATE NORMAL PERIOD 1981 TO 2010
CLIMATE RECORD PERIOD 1871 TO 2017


WEATHER ITEM   OBSERVED TIME   RECORD YEAR NORMAL DEPARTURE LAST
                VALUE   (LST)  VALUE       VALUE  FROM      YEAR
                                                  NORMAL
..................................................................
TEMPERATURE (F)
 YESTERDAY
  MAXIMUM         91    100 PM  98    1983  88      3       92
  MINIMUM         75    525 AM  61    1998  71      4       73
                                      1886
  AVERAGE         83                        80      3       83

PRECIPITATION (IN)
  YESTERDAY        0.00          4.28 1976   0.23  -0.23     0.18
  MONTH TO DATE    7.44                      4.78   2.66     6.37
  SINCE JUN 1     24.14                     17.44   6.70    17.71
  SINCE JAN 1     44.64                     36.34   8.30    40.40

DEGREE DAYS
 HEATING
  YESTERDAY        0                         0      0        0
  MONTH TO DATE    0                         0      0        0
  SINCE JUN 1      2                         2      0        0
  SINCE JUL 1      0                         0      0        0

 COOLING
  YESTERDAY       18                        14      4       18
  MONTH TO DATE  303                       305     -2      365
  SINCE JUN 1   1228                      1191     37     1370
  SINCE JAN 1   1665                      1472    193     1705
..................................................................


WIND (MPH)
  HIGHEST WIND SPEED    12   HIGHEST WIND DIRECTION    SE (120)
  HIGHEST GUST SPEED    15   HIGHEST GUST DIRECTION    SE (120)
  AVERAGE WIND SPEED     2.9


SKY COVER
  POSSIBLE SUNSHINE  MM
  AVERAGE SKY COVER 0.2


WEATHER CONDITIONS
 THE FOLLOWING WEATHER WAS RECORDED YESTERDAY.
  FOG
  FOG W/VISIBILITY <= 1/4 MILE


RELATIVE HUMIDITY (PERCENT)
 HIGHEST   100          1200 AM
 LOWEST     59           100 PM
 AVERAGE    80

..........................................................


THE WILMINGTON NC CLIMATE NORMALS FOR TODAY
                         NORMAL    RECORD    YEAR
 MAXIMUM TEMPERATURE (F)   88       100      2007
                                             1983
                                             1968
 MINIMUM TEMPERATURE (F)   71        60      1953
                                             1918


SUNRISE AND SUNSET
AUGUST 21 2017........SUNRISE   637 AM EDT   SUNSET   751 PM EDT
AUGUST 22 2017........SUNRISE   638 AM EDT   SUNSET   750 PM EDT


-  INDICATES NEGATIVE NUMBERS.
R  INDICATES RECORD WAS SET OR TIED.
MM INDICATES DATA IS MISSING.
T  INDICATES TRACE AMOUNT.




$$
