000
CDUS42 KILM 012041
CLIILM


CLIMATE REPORT
NATIONAL WEATHER SERVICE WILMINGTON NC
441 PM EDT MON SEP 1 2014


...................................

...THE WILMINGTON NC CLIMATE SUMMARY FOR SEPTEMBER 1 2014...
VALID TODAY AS OF 0400 PM LOCAL TIME.

CLIMATE NORMAL PERIOD 1981 TO 2010
CLIMATE RECORD PERIOD 1871 TO 2014


WEATHER ITEM   OBSERVED TIME   RECORD YEAR NORMAL DEPARTURE LAST
                VALUE   (LST)  VALUE       VALUE  FROM      YEAR
                                                  NORMAL
..................................................................
TEMPERATURE (F)
 TODAY
  MAXIMUM         91   1229 PM  96    2012  87      4       91
                                      1993
                                      1912
  MINIMUM         73    512 AM  56    1887  70      3       75
  AVERAGE         82                        78      4       83

PRECIPITATION (IN)
  TODAY            0.00          3.19 1877   0.28  -0.28      T
  MONTH TO DATE    0.00                      0.28  -0.28      T
  SINCE SEP 1      0.00                      0.28  -0.28      T
  SINCE JAN 1     42.51                     39.25   3.26    42.49

DEGREE DAYS
 HEATING
  TODAY            0                         0      0        0
  MONTH TO DATE    0                         0      0        0
  SINCE SEP 1      0                         0      0        0
  SINCE JUL 1      0                         0      0        0

 COOLING
  TODAY           17                        13      4       18
  MONTH TO DATE   17                        13      4       18
  SINCE SEP 1     17                        13      4       18
  SINCE JAN 1   1774                      1636    138     1508
..................................................................


WIND (MPH)
  HIGHEST WIND SPEED    15   HIGHEST WIND DIRECTION     S (180)
  HIGHEST GUST SPEED    19   HIGHEST GUST DIRECTION     S (190)
  AVERAGE WIND SPEED     4.2


SKY COVER
  POSSIBLE SUNSHINE  MM
  AVERAGE SKY COVER 0.1


WEATHER CONDITIONS
 THE FOLLOWING WEATHER WAS RECORDED TODAY.
  THUNDERSTORM


RELATIVE HUMIDITY (PERCENT)
 HIGHEST   100           300 AM
 LOWEST     59          1100 AM
 AVERAGE    80

..........................................................


THE WILMINGTON NC CLIMATE NORMALS FOR TOMORROW
                         NORMAL    RECORD    YEAR
 MAXIMUM TEMPERATURE (F)   86        96      1912
 MINIMUM TEMPERATURE (F)   69        56      1887


SUNRISE AND SUNSET
SEPTEMBER  1 2014.....SUNRISE   645 AM EDT   SUNSET   738 PM EDT
SEPTEMBER  2 2014.....SUNRISE   646 AM EDT   SUNSET   736 PM EDT


-  INDICATES NEGATIVE NUMBERS.
R  INDICATES RECORD WAS SET OR TIED.
MM INDICATES DATA IS MISSING.
T  INDICATES TRACE AMOUNT.




$$
