000
CDUS42 KILM 220840
CLIILM


CLIMATE REPORT
NATIONAL WEATHER SERVICE WILMINGTON NC
440 AM EDT SAT APR 22 2017


...................................

...THE WILMINGTON NC CLIMATE SUMMARY FOR APRIL 21 2017...

CLIMATE NORMAL PERIOD 1981 TO 2010
CLIMATE RECORD PERIOD 1871 TO 2017


WEATHER ITEM   OBSERVED TIME   RECORD YEAR NORMAL DEPARTURE LAST
                VALUE   (LST)  VALUE       VALUE  FROM      YEAR
                                                  NORMAL
..................................................................
TEMPERATURE (F)
 YESTERDAY
  MAXIMUM         88    112 PM  93    2002  76     12       74
  MINIMUM         66    602 AM  32    1983  53     13       51
  AVERAGE         77                        64     13       63

PRECIPITATION (IN)
  YESTERDAY        0.00          0.71 1884   0.09  -0.09     0.01
  MONTH TO DATE    2.83                      1.96   0.87     1.03
  SINCE MAR 1      5.54                      6.17  -0.63     3.86
  SINCE JAN 1     11.09                     13.55  -2.46    15.93

SNOWFALL (IN)
  YESTERDAY        0.0          MM      MM   0.0    0.0      0.0
  MONTH TO DATE    0.0                       0.0    0.0      0.0
  SINCE MAR 1      1.1                       0.2    0.9      0.0
  SINCE JUL 1      1.1                       1.7   -0.6       T
  SNOW DEPTH       0

DEGREE DAYS
 HEATING
  YESTERDAY        0                         3     -3        2
  MONTH TO DATE   44                       107    -63      124
  SINCE MAR 1    417                       430    -13      297
  SINCE JUL 1   1932                      2359   -427     1784

 COOLING
  YESTERDAY       12                         3      9        0
  MONTH TO DATE   69                        38     31       23
  SINCE MAR 1     93                        54     39       95
  SINCE JAN 1     99                        59     40       98
..................................................................


WIND (MPH)
  HIGHEST WIND SPEED    20   HIGHEST WIND DIRECTION     S (200)
  HIGHEST GUST SPEED    25   HIGHEST GUST DIRECTION     S (200)
  AVERAGE WIND SPEED    10.9


SKY COVER
  POSSIBLE SUNSHINE  MM
  AVERAGE SKY COVER 0.0


WEATHER CONDITIONS
 THE FOLLOWING WEATHER WAS RECORDED YESTERDAY.
  NO SIGNIFICANT WEATHER WAS OBSERVED.


RELATIVE HUMIDITY (PERCENT)
 HIGHEST    93           200 AM
 LOWEST     42           100 PM
 AVERAGE    68

..........................................................


THE WILMINGTON NC CLIMATE NORMALS FOR TODAY
                         NORMAL    RECORD    YEAR
 MAXIMUM TEMPERATURE (F)   76        93      2002
 MINIMUM TEMPERATURE (F)   53        38      1983


SUNRISE AND SUNSET
APRIL 22 2017.........SUNRISE   632 AM EDT   SUNSET   749 PM EDT
APRIL 23 2017.........SUNRISE   631 AM EDT   SUNSET   750 PM EDT


-  INDICATES NEGATIVE NUMBERS.
R  INDICATES RECORD WAS SET OR TIED.
MM INDICATES DATA IS MISSING.
T  INDICATES TRACE AMOUNT.




$$
