659
CDUS42 KILM 230842
CLIILM


CLIMATE REPORT
NATIONAL WEATHER SERVICE WILMINGTON NC
441 AM EDT TUE MAY 23 2017


...................................

...THE WILMINGTON NC CLIMATE SUMMARY FOR MAY 22 2017...

CLIMATE NORMAL PERIOD 1981 TO 2010
CLIMATE RECORD PERIOD 1871 TO 2017


WEATHER ITEM   OBSERVED TIME   RECORD YEAR NORMAL DEPARTURE LAST
                VALUE   (LST)  VALUE       VALUE  FROM      YEAR
                                                  NORMAL
..................................................................
TEMPERATURE (F)
 YESTERDAY
  MAXIMUM         85    235 PM  95    1975  82      3       75
  MINIMUM         67    949 PM  49    1981  62      5       58
  AVERAGE         76                        72      4       67

PRECIPITATION (IN)
  YESTERDAY        1.07          2.91 1990   0.15   0.92     0.57
  MONTH TO DATE    2.95                      2.99  -0.04     4.50
  SINCE MAR 1     12.71                     10.02   2.69     9.24
  SINCE JAN 1     18.26                     17.40   0.86    21.31

DEGREE DAYS
 HEATING
  YESTERDAY        0                         0      0        0
  MONTH TO DATE   12                        25    -13       17
  SINCE MAR 1    429                       478    -49      317
  SINCE JUL 1   1944                      2407   -463     1804

 COOLING
  YESTERDAY       11                         7      4        2
  MONTH TO DATE  162                       117     45      122
  SINCE MAR 1    326                       200    126      265
  SINCE JAN 1    332                       205    127      268
..................................................................


WIND (MPH)
  HIGHEST WIND SPEED    17   HIGHEST WIND DIRECTION    SW (230)
  HIGHEST GUST SPEED    23   HIGHEST GUST DIRECTION    SW (230)
  AVERAGE WIND SPEED     7.5


SKY COVER
  POSSIBLE SUNSHINE  MM
  AVERAGE SKY COVER 0.7


WEATHER CONDITIONS
 THE FOLLOWING WEATHER WAS RECORDED YESTERDAY.
  THUNDERSTORM
  HEAVY RAIN
  RAIN
  LIGHT RAIN
  FOG
  HAZE


RELATIVE HUMIDITY (PERCENT)
 HIGHEST    97           700 PM
 LOWEST     61          1200 PM
 AVERAGE    79

..........................................................


THE WILMINGTON NC CLIMATE NORMALS FOR TODAY
                         NORMAL    RECORD    YEAR
 MAXIMUM TEMPERATURE (F)   82        96      1975
                                             1953
 MINIMUM TEMPERATURE (F)   62        45      2002


SUNRISE AND SUNSET
MAY 23 2017...........SUNRISE   604 AM EDT   SUNSET   813 PM EDT
MAY 24 2017...........SUNRISE   604 AM EDT   SUNSET   813 PM EDT


-  INDICATES NEGATIVE NUMBERS.
R  INDICATES RECORD WAS SET OR TIED.
MM INDICATES DATA IS MISSING.
T  INDICATES TRACE AMOUNT.




$$
