000
CDUS42 KILM 190843
CLIILM


CLIMATE REPORT
NATIONAL WEATHER SERVICE WILMINGTON NC
440 AM EDT SAT APR 19 2014


...................................

...THE WILMINGTON NC CLIMATE SUMMARY FOR APRIL 18 2014...

CLIMATE NORMAL PERIOD 1981 TO 2010
CLIMATE RECORD PERIOD 1871 TO 2014


WEATHER ITEM   OBSERVED TIME   RECORD YEAR NORMAL DEPARTURE LAST
                VALUE   (LST)  VALUE       VALUE  FROM      YEAR
                                                  NORMAL
..................................................................
TEMPERATURE (F)
 YESTERDAY
  MAXIMUM         66    159 PM  93    1976  75     -9       77
  MINIMUM         45    554 AM  32    1875  52     -7       56
  AVERAGE         56                        64     -8       67

PRECIPITATION (IN)
  YESTERDAY        0.45          1.50 1885   0.09   0.36      T
  MONTH TO DATE    1.12                      1.69  -0.57     2.88
  SINCE MAR 1      7.51                      5.90   1.61     5.32
  SINCE JAN 1     12.97                     13.28  -0.31    12.59

SNOWFALL (IN)
  YESTERDAY        0.0          MM      MM   0.0    0.0      0.0
  MONTH TO DATE    0.0                       0.0    0.0      0.0
  SINCE MAR 1      0.0                       0.2   -0.2      0.0
  SINCE JUL 1      1.0                       1.7   -0.7       T
  SNOW DEPTH       0

DEGREE DAYS
 HEATING
  YESTERDAY        9                         4      5        0
  MONTH TO DATE   58                        97    -39       84
  SINCE MAR 1    471                       420     51      554
  SINCE JUL 1   2405                      2349     56     2361

 COOLING
  YESTERDAY        0                         2     -2        2
  MONTH TO DATE   58                        30     28       34
  SINCE MAR 1     60                        46     14       36
  SINCE JAN 1     65                        51     14       48
..................................................................


WIND (MPH)
  HIGHEST WIND SPEED    22   HIGHEST WIND DIRECTION    NE (40)
  HIGHEST GUST SPEED    28   HIGHEST GUST DIRECTION    NE (30)
  AVERAGE WIND SPEED    11.0


SKY COVER
  POSSIBLE SUNSHINE  MM
  AVERAGE SKY COVER 0.8


WEATHER CONDITIONS
 THE FOLLOWING WEATHER WAS RECORDED YESTERDAY.
  HEAVY RAIN
  RAIN
  LIGHT RAIN
  FOG


RELATIVE HUMIDITY (PERCENT)
 HIGHEST    86           700 PM
 LOWEST     52          1200 PM
 AVERAGE    69

..........................................................


THE WILMINGTON NC CLIMATE NORMALS FOR TODAY
                         NORMAL    RECORD    YEAR
 MAXIMUM TEMPERATURE (F)   75        89      1968
                                             1958
 MINIMUM TEMPERATURE (F)   53        28      1875


SUNRISE AND SUNSET
APRIL 19 2014.........SUNRISE   636 AM EDT   SUNSET   746 PM EDT
APRIL 20 2014.........SUNRISE   634 AM EDT   SUNSET   747 PM EDT


-  INDICATES NEGATIVE NUMBERS.
R  INDICATES RECORD WAS SET OR TIED.
MM INDICATES DATA IS MISSING.
T  INDICATES TRACE AMOUNT.




$$
