000
CDUS42 KILM 012041
CLIILM


CLIMATE REPORT
NATIONAL WEATHER SERVICE WILMINGTON NC
440 PM EDT SAT AUG 1 2015


...................................

...THE WILMINGTON NC CLIMATE SUMMARY FOR AUGUST 1 2015...
VALID TODAY AS OF 0400 PM LOCAL TIME.

CLIMATE NORMAL PERIOD 1981 TO 2010
CLIMATE RECORD PERIOD 1871 TO 2015


WEATHER ITEM   OBSERVED TIME   RECORD YEAR NORMAL DEPARTURE LAST
                VALUE   (LST)  VALUE       VALUE  FROM      YEAR
                                                  NORMAL
..................................................................
TEMPERATURE (F)
 TODAY
  MAXIMUM         93    224 PM 103    1999  89      4       81
  MINIMUM         74    552 AM  61    1997  72      2       73
  AVERAGE         84                        81      3       77

PRECIPITATION (IN)
  TODAY            T             4.18 1944   0.24  -0.24     1.39
  MONTH TO DATE    T                         0.24  -0.24     1.39
  SINCE JUN 1     10.42                     12.90  -2.48    15.87
  SINCE JAN 1     30.99                     31.80  -0.81    35.11

DEGREE DAYS
 HEATING
  TODAY            0                         0      0        0
  MONTH TO DATE    0                         0      0        0
  SINCE JUN 1      0                         2     -2        0
  SINCE JUL 1      0                         0      0        0

 COOLING
  TODAY           19                        16      3       12
  MONTH TO DATE   19                        16      3       12
  SINCE JUN 1   1064                       902    162      920
  SINCE JAN 1   1357                      1183    174     1327
..................................................................


WIND (MPH)
  HIGHEST WIND SPEED     8   HIGHEST WIND DIRECTION     S (160)
  HIGHEST GUST SPEED    11   HIGHEST GUST DIRECTION    SE (150)
  AVERAGE WIND SPEED     4.0


SKY COVER
  POSSIBLE SUNSHINE  MM
  AVERAGE SKY COVER 0.4


WEATHER CONDITIONS
 THE FOLLOWING WEATHER WAS RECORDED TODAY.
  FOG


RELATIVE HUMIDITY (PERCENT)
 HIGHEST   100           200 AM
 LOWEST     49           200 PM
 AVERAGE    75

..........................................................


THE WILMINGTON NC CLIMATE NORMALS FOR TOMORROW
                         NORMAL    RECORD    YEAR
 MAXIMUM TEMPERATURE (F)   89        99      1878
 MINIMUM TEMPERATURE (F)   72        62      1966


SUNRISE AND SUNSET
AUGUST  1 2015........SUNRISE   622 AM EDT   SUNSET   813 PM EDT
AUGUST  2 2015........SUNRISE   623 AM EDT   SUNSET   812 PM EDT


-  INDICATES NEGATIVE NUMBERS.
R  INDICATES RECORD WAS SET OR TIED.
MM INDICATES DATA IS MISSING.
T  INDICATES TRACE AMOUNT.




$$
