000
CDUS42 KILM 260841
CLIILM


CLIMATE REPORT
NATIONAL WEATHER SERVICE WILMINGTON NC
441 AM EDT SUN APR 26 2015


...................................

...THE WILMINGTON NC CLIMATE SUMMARY FOR APRIL 25 2015...

CLIMATE NORMAL PERIOD 1981 TO 2010
CLIMATE RECORD PERIOD 1871 TO 2015


WEATHER ITEM   OBSERVED TIME   RECORD YEAR NORMAL DEPARTURE LAST
                VALUE   (LST)  VALUE       VALUE  FROM      YEAR
                                                  NORMAL
..................................................................
TEMPERATURE (F)
 YESTERDAY
  MAXIMUM         69    903 PM  90    1990  76     -7       82
                                      1989
                                      1980
  MINIMUM         49    454 AM  39    1875  54     -5       55
  AVERAGE         59                        65     -6       69

PRECIPITATION (IN)
  YESTERDAY        0.03          1.47 2003   0.09  -0.06     0.00
  MONTH TO DATE    1.79                      2.35  -0.56     4.44
  SINCE MAR 1      5.22                      6.56  -1.34    10.83
  SINCE JAN 1     14.54                     13.94   0.60    16.29

SNOWFALL (IN)
  YESTERDAY        0.0          MM      MM   0.0    0.0      0.0
  MONTH TO DATE    0.0                       0.0    0.0      0.0
  SINCE MAR 1      0.0                       0.2   -0.2      0.0
  SINCE JUL 1      0.3                       1.7   -1.4      1.0
  SNOW DEPTH       0

DEGREE DAYS
 HEATING
  YESTERDAY        6                         3      3        0
  MONTH TO DATE   63                       119    -56       85
  SINCE MAR 1    376                       442    -66      498
  SINCE JUL 1   2559                      2371    188     2432

 COOLING
  YESTERDAY        0                         3     -3        4
  MONTH TO DATE   63                        50     13       66
  SINCE MAR 1     83                        66     17       68
  SINCE JAN 1     89                        71     18       73
..................................................................


WIND (MPH)
  HIGHEST WIND SPEED    20   HIGHEST WIND DIRECTION    SW (240)
  HIGHEST GUST SPEED    25   HIGHEST GUST DIRECTION    SW (220)
  AVERAGE WIND SPEED     5.4


SKY COVER
  POSSIBLE SUNSHINE  MM
  AVERAGE SKY COVER 0.7


WEATHER CONDITIONS
 THE FOLLOWING WEATHER WAS RECORDED YESTERDAY.
  LIGHT RAIN
  FOG


RELATIVE HUMIDITY (PERCENT)
 HIGHEST    93           500 AM
 LOWEST     63           900 AM
 AVERAGE    78

..........................................................


THE WILMINGTON NC CLIMATE NORMALS FOR TODAY
                         NORMAL    RECORD    YEAR
 MAXIMUM TEMPERATURE (F)   77        93      1990
 MINIMUM TEMPERATURE (F)   54        37      1888


SUNRISE AND SUNSET
APRIL 26 2015.........SUNRISE   628 AM EDT   SUNSET   752 PM EDT
APRIL 27 2015.........SUNRISE   627 AM EDT   SUNSET   753 PM EDT


-  INDICATES NEGATIVE NUMBERS.
R  INDICATES RECORD WAS SET OR TIED.
MM INDICATES DATA IS MISSING.
T  INDICATES TRACE AMOUNT.




$$
