000
CDUS42 KILM 290841
CLIILM


CLIMATE REPORT
NATIONAL WEATHER SERVICE WILMINGTON NC
440 AM EDT WED OCT 29 2014


...................................

...THE WILMINGTON NC CLIMATE SUMMARY FOR OCTOBER 28 2014...

CLIMATE NORMAL PERIOD 1981 TO 2010
CLIMATE RECORD PERIOD 1871 TO 2014


WEATHER ITEM   OBSERVED TIME   RECORD YEAR NORMAL DEPARTURE LAST
                VALUE   (LST)  VALUE       VALUE  FROM      YEAR
                                                  NORMAL
..................................................................
TEMPERATURE (F)
 YESTERDAY
  MAXIMUM         84    140 PM  87    1984  73     11       72
  MINIMUM         51    632 AM  29    1962  51      0       47
  AVERAGE         68                        62      6       60

PRECIPITATION (IN)
  YESTERDAY        0.00          1.72 1908   0.09  -0.09      T
  MONTH TO DATE    1.36                      3.61  -2.25     2.27
  SINCE SEP 1      7.36                     11.45  -4.09     3.25
  SINCE JAN 1     49.87                     50.42  -0.55    45.74

DEGREE DAYS
 HEATING
  YESTERDAY        0                         5     -5        5
  MONTH TO DATE   47                        76    -29       70
  SINCE SEP 1     49                        81    -32       70
  SINCE JUL 1     49                        81    -32       70

 COOLING
  YESTERDAY        3                         2      1        0
  MONTH TO DATE  105                        93     12       99
  SINCE SEP 1    415                       387     28      377
  SINCE JAN 1   2172                      2010    162     1867
..................................................................


WIND (MPH)
  HIGHEST WIND SPEED    15   HIGHEST WIND DIRECTION    SW (220)
  HIGHEST GUST SPEED    20   HIGHEST GUST DIRECTION    SW (210)
  AVERAGE WIND SPEED     5.4


SKY COVER
  POSSIBLE SUNSHINE  MM
  AVERAGE SKY COVER 0.0


WEATHER CONDITIONS
 THE FOLLOWING WEATHER WAS RECORDED YESTERDAY.
  NO SIGNIFICANT WEATHER WAS OBSERVED.


RELATIVE HUMIDITY (PERCENT)
 HIGHEST   100           700 AM
 LOWEST     34           300 PM
 AVERAGE    67

..........................................................


THE WILMINGTON NC CLIMATE NORMALS FOR TODAY
                         NORMAL    RECORD    YEAR
 MAXIMUM TEMPERATURE (F)   73        82      1984
                                             1922
 MINIMUM TEMPERATURE (F)   50        30      1976


SUNRISE AND SUNSET
OCTOBER 29 2014.......SUNRISE   729 AM EDT   SUNSET   621 PM EDT
OCTOBER 30 2014.......SUNRISE   730 AM EDT   SUNSET   620 PM EDT


-  INDICATES NEGATIVE NUMBERS.
R  INDICATES RECORD WAS SET OR TIED.
MM INDICATES DATA IS MISSING.
T  INDICATES TRACE AMOUNT.




$$
