000
CDUS42 KILM 240840
CLIILM


CLIMATE REPORT
NATIONAL WEATHER SERVICE WILMINGTON NC
440 AM EDT FRI JUN 24 2016


...................................

...THE WILMINGTON NC CLIMATE SUMMARY FOR JUNE 23 2016...

CLIMATE NORMAL PERIOD 1981 TO 2010
CLIMATE RECORD PERIOD 1871 TO 2016


WEATHER ITEM   OBSERVED TIME   RECORD YEAR NORMAL DEPARTURE LAST
                VALUE   (LST)  VALUE       VALUE  FROM      YEAR
                                                  NORMAL
..................................................................
TEMPERATURE (F)
 YESTERDAY
  MAXIMUM         94    133 PM 100    2011  88      6       92
                                      1954
  MINIMUM         78   1149 PM  56    1947  71      7       80
  AVERAGE         86                        80      6       86

PRECIPITATION (IN)
  YESTERDAY        0.00          1.95 1976   0.19  -0.19     0.00
  MONTH TO DATE    4.38                      3.89   0.49     6.29
  SINCE JUN 1      4.38                      3.89   0.49     6.29
  SINCE JAN 1     27.07                     22.79   4.28    26.86

DEGREE DAYS
 HEATING
  YESTERDAY        0                         0      0        0
  MONTH TO DATE    0                         0      0        0
  SINCE JUN 1      0                         0      0        0
  SINCE JUL 1   1806                      2409   -603     2597

 COOLING
  YESTERDAY       21                        14      7       21
  MONTH TO DATE  318                       280     38      371
  SINCE JUN 1    318                       280     38      371
  SINCE JAN 1    653                       561     92      664
..................................................................


WIND (MPH)
  HIGHEST WIND SPEED    20   HIGHEST WIND DIRECTION    SW (220)
  HIGHEST GUST SPEED    28   HIGHEST GUST DIRECTION    SW (210)
  AVERAGE WIND SPEED    12.5


SKY COVER
  POSSIBLE SUNSHINE  MM
  AVERAGE SKY COVER 0.0


WEATHER CONDITIONS
 THE FOLLOWING WEATHER WAS RECORDED YESTERDAY.
  NO SIGNIFICANT WEATHER WAS OBSERVED.


RELATIVE HUMIDITY (PERCENT)
 HIGHEST    85           100 AM
 LOWEST     46          1200 PM
 AVERAGE    66

..........................................................


THE WILMINGTON NC CLIMATE NORMALS FOR TODAY
                         NORMAL    RECORD    YEAR
 MAXIMUM TEMPERATURE (F)   89        98      2010
 MINIMUM TEMPERATURE (F)   71        56      1972


SUNRISE AND SUNSET
JUNE 24 2016..........SUNRISE   601 AM EDT   SUNSET   827 PM EDT
JUNE 25 2016..........SUNRISE   601 AM EDT   SUNSET   828 PM EDT


-  INDICATES NEGATIVE NUMBERS.
R  INDICATES RECORD WAS SET OR TIED.
MM INDICATES DATA IS MISSING.
T  INDICATES TRACE AMOUNT.




$$
