000
CDUS42 KILM 230942
CLIILM


CLIMATE REPORT
NATIONAL WEATHER SERVICE WILMINGTON NC
442 AM EST SUN NOV 23 2014


...................................

...THE WILMINGTON NC CLIMATE SUMMARY FOR NOVEMBER 22 2014...

CLIMATE NORMAL PERIOD 1981 TO 2010
CLIMATE RECORD PERIOD 1871 TO 2014


WEATHER ITEM   OBSERVED TIME   RECORD YEAR NORMAL DEPARTURE LAST
                VALUE   (LST)  VALUE       VALUE  FROM      YEAR
                                                  NORMAL
..................................................................
TEMPERATURE (F)
 YESTERDAY
  MAXIMUM         58    319 PM  80    2011  66     -8       76
  MINIMUM         29    705 AM  23    2008  44    -15       54
  AVERAGE         44                        55    -11       65

PRECIPITATION (IN)
  YESTERDAY        0.00          1.83 1985   0.12  -0.12     0.00
  MONTH TO DATE    1.08                      2.36  -1.28     1.61
  SINCE SEP 1      8.67                     14.09  -5.42     4.86
  SINCE JAN 1     51.18                     53.06  -1.88    47.35

SNOWFALL (IN)
  YESTERDAY        0.0          MM      MM   0.0    0.0      0.0
  MONTH TO DATE    0.0                       0.0    0.0       T
  SINCE SEP 1      0.0                       0.0    0.0       T
  SINCE JUL 1      0.0                       0.0    0.0       T
  SNOW DEPTH       0

DEGREE DAYS
 HEATING
  YESTERDAY       21                        11     10        0
  MONTH TO DATE  299                       178    121      182
  SINCE SEP 1    358                       275     83      254
  SINCE JUL 1    358                       275     83      254

 COOLING
  YESTERDAY        0                         1     -1        0
  MONTH TO DATE    5                        22    -17       23
  SINCE SEP 1    428                       413     15      402
  SINCE JAN 1   2185                      2036    149     1892
..................................................................


WIND (MPH)
  HIGHEST WIND SPEED    10   HIGHEST WIND DIRECTION     E (100)
  HIGHEST GUST SPEED    14   HIGHEST GUST DIRECTION    NE (30)
  AVERAGE WIND SPEED     4.9


SKY COVER
  POSSIBLE SUNSHINE  MM
  AVERAGE SKY COVER 0.0


WEATHER CONDITIONS
 THE FOLLOWING WEATHER WAS RECORDED YESTERDAY.
  NO SIGNIFICANT WEATHER WAS OBSERVED.


RELATIVE HUMIDITY (PERCENT)
 HIGHEST    96          1100 PM
 LOWEST     51           400 PM
 AVERAGE    74

..........................................................


THE WILMINGTON NC CLIMATE NORMALS FOR TODAY
                         NORMAL    RECORD    YEAR
 MAXIMUM TEMPERATURE (F)   66        81      1992
                                             1900
 MINIMUM TEMPERATURE (F)   43        23      1981


SUNRISE AND SUNSET
NOVEMBER 23 2014......SUNRISE   652 AM EST   SUNSET   504 PM EST
NOVEMBER 24 2014......SUNRISE   653 AM EST   SUNSET   503 PM EST


-  INDICATES NEGATIVE NUMBERS.
R  INDICATES RECORD WAS SET OR TIED.
MM INDICATES DATA IS MISSING.
T  INDICATES TRACE AMOUNT.




$$
