000
CXUS55 KLBF 011410
CF6IML
PRELIMINARY LOCAL CLIMATOLOGICAL DATA (WS FORM: F-6)
STATION: IMPERIAL
MONTH: SEPTEMBER
YEAR: 2022
LATITUDE: 40 31 N
LONGITUDE: 101 37 W
TEMPERATURE IN F: :PCPN: SNOW: WIND :SUNSHINE: SKY :PK WND
================================================================================
1 2 3 4 5 6A 6B 7 8 9 10 11 12 13 14 15 16 17 18
12Z AVG MX 2MIN
DY MAX MIN AVG DEP HDD CDD WTR SNW DPTH SPD SPD DIR MIN PSBL S-S WX SPD DR
================================================================================
1 93 55 74 4 0 9 0.00 M M M M M M M M M M
2 100 57 79 9 0 14 0.00 M M M M M M M M M M
3 87 52 70 0 0 5 0.00 M M M M M M M M M M
4 92 56 74 4 0 9 0.00 M M M M M M M M M M
5 96 56 76 7 0 11 0.00 M M M M M M M M M M
6 101 55 78 9 0 13 0.00 M M M M M M M M M M
7 99 54 77 8 0 12 0.00 M M 11.3 14 160 M M M 24 160
8 104 54 79 11 0 14 0.00 M M 12.1 21 180 M M 0 37 60
9 67 53 60 -8 5 0 T M M 17.6 29 20 M M 6 3 49 40
10 64 47 56 -12 9 0 T M M 7.7 15 290 M M 7 22 280
11 78 38 58 -9 7 0 0.00 M M 6.9 15 190 M M 0 22 180
12 92 42 67 0 0 2 0.00 M M 4.2 10 310 M M 0 17 210
13 94 48 71 5 0 6 0.00 M M 6.9 13 130 M M 0 20 110
14 91 60 76 10 0 11 T M M 15.3 31 180 M M 1 3 44 150
15 86 61 74 8 0 9 0.09 M M 7.4 18 170 M M 2 3 24 160
16 88 56 72 7 0 7 T M M 9.0 24 140 M M 1 36 140
17 86 58 72 7 0 7 0.01 M M 7.7 18 360 M M 1 24 340
18 88 57 73 9 0 8 0.00 M M 8.8 20 50 M M 2 29 40
19 96 60 78 14 0 13 0.00 M M 6.3 16 130 M M 4 1 22 130
20 99 58 79 15 0 14 T M M 9.2 18 340 M M 0 24 350
21 65 49 57 -6 8 0 0.27 M M 12.6 22 30 M M 7 46 40
22 51 47 49 -14 16 0 0.58 M M 9.9 20 150 M M 10 32 140
23 82 51 67 5 0 2 0.00 M M 8.6 25 310 M M 3 38 300
24 86 45 66 4 0 1 0.00 M M 9.7 25 290 M M 0 44 270
25 78 47 63 2 2 0 0.00 M M 7.1 16 350 M M 0 22 350
26 83 41 62 1 3 0 0.00 M M 4.6 12 320 M M 0 18 180
27 83 50 67 7 0 2 0.00 M M 8.9 15 10 M M 0 21 330
28 81 46 64 4 1 0 0.00 M M 14.4 23 160 M M 0 8 44 150
29 86 47 67 8 0 2 0.00 M M 12.4 22 140 M M 0 36 150
30 87 47 67 8 0 2 0.00 M M 7.7 15 300 M M 0 38 150
================================================================================
SM 2583 1547 51 173 0.95 M 226.3 M 44
================================================================================
AV 86.1 51.6 9.4 FASTST M M 2 MAX(MPH)
MISC ----> 31 180 49 40
================================================================================
NOTES:
# LAST OF SEVERAL OCCURRENCES
COLUMN 17 PEAK WIND IN M.P.H.
PRELIMINARY LOCAL CLIMATOLOGICAL DATA (WS FORM: F-6) , PAGE 2
STATION: IMPERIAL
MONTH: SEPTEMBER
YEAR: 2022
LATITUDE: 40 31 N
LONGITUDE: 101 37 W
[TEMPERATURE DATA] [PRECIPITATION DATA] SYMBOLS USED IN COLUMN 16
AVERAGE MONTHLY: 68.8 TOTAL FOR MONTH: 0.95 1 = FOG OR MIST
DPTR FM NORMAL: 3.5 DPTR FM NORMAL: -0.34 2 = FOG REDUCING VISIBILITY
HIGHEST: 104 ON 8 GRTST 24HR 0.84 ON 21-22 TO 1/4 MILE OR LESS
LOWEST: 38 ON 11 3 = THUNDER
SNOW, ICE PELLETS, HAIL 4 = ICE PELLETS
TOTAL MONTH: M 5 = HAIL
GRTST 24HR M ON M 6 = FREEZING RAIN OR DRIZZLE
GRTST DEPTH: M ON M 7 = DUSTSTORM OR SANDSTORM:
VSBY 1/2 MILE OR LESS
8 = SMOKE OR HAZE
[NO. OF DAYS WITH] [WEATHER - DAYS WITH] 9 = BLOWING SNOW
X = TORNADO
MAX 32 OR BELOW: 0 0.01 INCH OR MORE: 4
MAX 90 OR ABOVE: 12 0.10 INCH OR MORE: 2
MIN 32 OR BELOW: 0 0.50 INCH OR MORE: 1
MIN 0 OR BELOW: 0 1.00 INCH OR MORE: 0
[HDD (BASE 65) ]
TOTAL THIS MO. 51 CLEAR (SCALE 0-3) 17
DPTR FM NORMAL -47 PTCLDY (SCALE 4-7) 5
TOTAL FM JUL 1 51 CLOUDY (SCALE 8-10) 8
DPTR FM NORMAL -57
[CDD (BASE 65) ]
TOTAL THIS MO. 173
DPTR FM NORMAL 68 [PRESSURE DATA]
TOTAL FM JAN 1 1367 HIGHEST SLP 30.36 ON 10
DPTR FM NORMAL 359 LOWEST SLP 29.59 ON 8
[REMARKS]
#FINAL-09-22#