000
CXUS55 KLBF 011410
CF6IML
PRELIMINARY LOCAL CLIMATOLOGICAL DATA (WS FORM: F-6)
STATION: IMPERIAL
MONTH: AUGUST
YEAR: 2022
LATITUDE: 40 31 N
LONGITUDE: 101 37 W
TEMPERATURE IN F: :PCPN: SNOW: WIND :SUNSHINE: SKY :PK WND
================================================================================
1 2 3 4 5 6A 6B 7 8 9 10 11 12 13 14 15 16 17 18
12Z AVG MX 2MIN
DY MAX MIN AVG DEP HDD CDD WTR SNW DPTH SPD SPD DIR MIN PSBL S-S WX SPD DR
================================================================================
1 98 62 80 3 0 15 0.00 M M 9.1 16 210 M M 0 24 200
2 101 64 83 6 0 18 T M M 6.7 26 320 M M 1 41 310
3 97 66 82 6 0 17 0.00 M M 7.7 15 360 M M 1 20 310
4 97 64 81 5 0 16 0.00 M M 12.8 25 130 M M 0 38 150
5 102 70 86 10 0 21 0.00 M M 13.1 23 160 M M 0 36 150
6 89 67 78 2 0 13 T M M 11.3 24 50 M M 1 34 330
7 78 61 70 -6 0 5 T M M 8.8 21 340 M M 5 3 28 340
8 89 56 73 -3 0 8 0.00 M M 8.2 20 130 M M 1 31 190
9 96 59 78 2 0 13 0.00 M M 9.2 17 130 M M 0 24 130
10 98 59 79 3 0 14 0.00 M M 8.1 16 190 M M 0 33 140
11 98 63 81 6 0 16 0.00 M M 12.0 18 150 M M 0 35 150
12 100 70 85 10 0 20 0.00 M M 10.9 20 190 M M 0 30 200
13 101 60 81 6 0 16 0.00 M M 10.2 17 120 M M 0 31 130
14 100 67 84 9 0 19 0.00 M M 10.7 23 300 M M 3 39 270
15 92 67 80 5 0 15 T M M 8.2 26 20 M M 3 3 36 60
16 77 61 69 -5 0 4 0.00 M M 8.0 13 60 M M 6 20 20
17 79 61 70 -4 0 5 0.00 M M 6.2 14 150 M M 7 18 19 110
18 93 58 76 2 0 11 0.00 M M 6.4 16 30 M M 1 22 190
19 89 56 73 -1 0 8 0.00 M M 8.2 17 10 M M 2 33 40
20 85 52 69 -5 0 4 0.00 M M 7.6 16 40 M M 2 21 310
21 90 57 74 1 0 9 0.00 M M 9.3 20 190 M M 2 25 140
22 91 57 74 1 0 9 0.00 M M 7.2 14 160 M M 1 19 270
23 93 55 74 1 0 9 0.00 M M 8.1 17 140 M M 0 24 150
24 95 53 74 1 0 9 0.00 M M 7.2 15 150 M M 0 23 230
25 96 56 76 4 0 11 0.00 M M 7.8 18 190 M M 0 30 230
26 94 63 79 7 0 14 T M M 10.9 29 220 M M 1 8 45 220
27 93 64 79 7 0 14 0.00 M M 7.9 16 200 M M 2 24 200
28 102 61 82 10 0 17 0.00 M M 9.7 25 210 M M 0 37 220
29 90 60 75 4 0 10 0.00 M M 9.5 17 60 M M 0 29 50
30 92 52 72 1 0 7 0.00 M M 6.5 16 250 M M 0 22 190
31 91 65 78 7 0 13 0.00 M M 9.3 14 270 M M 0 M M
================================================================================
SM 2886 1886 0 380 T M 276.8 M 39
================================================================================
AV 93.1 60.8 8.9 FASTST M M 1 MAX(MPH)
MISC ----> 29 220 45 220
================================================================================
NOTES:
# LAST OF SEVERAL OCCURRENCES
COLUMN 17 PEAK WIND IN M.P.H.
PRELIMINARY LOCAL CLIMATOLOGICAL DATA (WS FORM: F-6) , PAGE 2
STATION: IMPERIAL
MONTH: AUGUST
YEAR: 2022
LATITUDE: 40 31 N
LONGITUDE: 101 37 W
[TEMPERATURE DATA] [PRECIPITATION DATA] SYMBOLS USED IN COLUMN 16
AVERAGE MONTHLY: 77.0 TOTAL FOR MONTH: T 1 = FOG OR MIST
DPTR FM NORMAL: 2.8 DPTR FM NORMAL: -2.16 2 = FOG REDUCING VISIBILITY
HIGHEST: 102 ON 28, 5 GRTST 24HR 0.01 ON 31- 1 TO 1/4 MILE OR LESS
LOWEST: 52 ON 30,20 3 = THUNDER
SNOW, ICE PELLETS, HAIL 4 = ICE PELLETS
TOTAL MONTH: M 5 = HAIL
GRTST 24HR M ON M 6 = FREEZING RAIN OR DRIZZLE
GRTST DEPTH: M ON M 7 = DUSTSTORM OR SANDSTORM:
VSBY 1/2 MILE OR LESS
8 = SMOKE OR HAZE
[NO. OF DAYS WITH] [WEATHER - DAYS WITH] 9 = BLOWING SNOW
X = TORNADO
MAX 32 OR BELOW: 0 0.01 INCH OR MORE: 0
MAX 90 OR ABOVE: 24 0.10 INCH OR MORE: 0
MIN 32 OR BELOW: 0 0.50 INCH OR MORE: 0
MIN 0 OR BELOW: 0 1.00 INCH OR MORE: 0
[HDD (BASE 65) ]
TOTAL THIS MO. 0 CLEAR (SCALE 0-3) 28
DPTR FM NORMAL -7 PTCLDY (SCALE 4-7) 3
TOTAL FM JUL 1 0 CLOUDY (SCALE 8-10) 0
DPTR FM NORMAL -6
[CDD (BASE 65) ]
TOTAL THIS MO. 380
DPTR FM NORMAL 88 [PRESSURE DATA]
TOTAL FM JAN 1 1194 HIGHEST SLP M ON M
DPTR FM NORMAL 291 LOWEST SLP 29.58 ON 28
[REMARKS]
#FINAL-08-22#