000
CXUS55 KLBF 011410
CF6IML
PRELIMINARY LOCAL CLIMATOLOGICAL DATA (WS FORM: F-6)
STATION: IMPERIAL
MONTH: MARCH
YEAR: 2021
LATITUDE: 40 31 N
LONGITUDE: 101 37 W
TEMPERATURE IN F: :PCPN: SNOW: WIND :SUNSHINE: SKY :PK WND
================================================================================
1 2 3 4 5 6A 6B 7 8 9 10 11 12 13 14 15 16 17 18
12Z AVG MX 2MIN
DY MAX MIN AVG DEP HDD CDD WTR SNW DPTH SPD SPD DIR MIN PSBL S-S WX SPD DR
================================================================================
1 52 25 39 4 26 0 0.00 M M 9.9 20 310 M M 0 27 300
2 68 23 46 10 19 0 0.00 M M 7.2 18 340 M M 0 25 360
3 66 27 47 11 18 0 0.00 M M 6.6 13 300 M M 0 17 300
4 60 23 42 6 23 0 0.00 M M 7.9 21 110 M M 3 32 140
5 67 30 49 12 16 0 0.00 M M 5.7 14 340 M M 0 17 340
6 71 27 49 12 16 0 0.00 M M 15.3 30 180 M M 0 40 180
7 75 29 52 15 13 0 0.00 M M 5.3 15 180 M M 0 21 160
8 67 29 48 10 17 0 0.00 M M 9.0 25 170 M M 0 38 140
9 78 31 55 17 10 0 0.00 M M 10.3 28 20 M M 0 51 50
10 46 24 35 -3 30 0 0.00 M M 15.2 32 40 M M 7 1 50 50
11 53 18 36 -2 29 0 0.00 M M 8.3 13 110 M M 1 20 110
12 53 28 41 2 24 0 0.00 M M 11.9 24 130 M M 9 37 140
13 40 35 38 -1 27 0 1.51 M M 13.1 22 80 M M 10 1 40 70
14 41 35 38 -1 27 0 0.92 M M 20.9 36 60 M M 10 1 61 70
15 42 33 38 -2 27 0 T M M 8.6 18 10 M M 9 1 27 30
16 43 28 36 -4 29 0 0.00 M M 9.8 17 350 M M 8 21 340
17 43 27 35 -5 30 0 0.00 M M 15.4 33 360 M M 8 45 360
18 50 26 38 -3 27 0 0.00 M M 8.0 16 10 M M 4 22 10
19 59 25 42 1 23 0 0.00 M M 13.9 26 170 M M 0 36 150
20 69 36 53 12 12 0 0.00 M M 18.6 33 170 M M 0 49 150
21 58 37 48 7 17 0 0.01 M M 13.1 29 360 M M 6 37 350
22 49 35 42 0 23 0 0.00 M M 8.7 20 50 M M 9 35 70
23 50 32 41 -1 24 0 0.00 M M 19.2 35 10 M M 7 44 360
24 50 30 40 -2 25 0 0.00 M M 9.8 22 340 M M 2 28 350
25 56 28 42 0 23 0 0.00 M M 12.8 24 180 M M 0 36 150
26 49 36 43 0 22 0 0.00 M M 9.7 17 310 M M 9 24 310
27 56 30 43 0 22 0 0.00 M M 16.5 35 340 M M 3 1 46 330
28 70 28 49 6 16 0 0.00 M M 11.2 29 270 M M 0 45 270
29 82 28 55 12 10 0 0.00 M M 12.2 47 340 M M 0 64 350
30 49 29 39 -5 26 0 0.00 M M 10.7 24 350 M M 6 35 360
31 52 18 35 -9 30 0 0.00 M M 6.5 22 330 M M 1 33 360
================================================================================
SM 1764 890 681 0 2.44 M 351.3 M 112
================================================================================
AV 56.9 28.7 11.3 FASTST M M 4 MAX(MPH)
MISC ----> 47 340 64 350
================================================================================
NOTES:
# LAST OF SEVERAL OCCURRENCES
COLUMN 17 PEAK WIND IN M.P.H.
PRELIMINARY LOCAL CLIMATOLOGICAL DATA (WS FORM: F-6) , PAGE 2
STATION: IMPERIAL
MONTH: MARCH
YEAR: 2021
LATITUDE: 40 31 N
LONGITUDE: 101 37 W
[TEMPERATURE DATA] [PRECIPITATION DATA] SYMBOLS USED IN COLUMN 16
AVERAGE MONTHLY: 42.8 TOTAL FOR MONTH: 2.44 1 = FOG OR MIST
DPTR FM NORMAL: 3.0 DPTR FM NORMAL: 1.37 2 = FOG REDUCING VISIBILITY
HIGHEST: 82 ON 29 GRTST 24HR 2.23 ON 13-14 TO 1/4 MILE OR LESS
LOWEST: 18 ON 31,11 3 = THUNDER
SNOW, ICE PELLETS, HAIL 4 = ICE PELLETS
TOTAL MONTH: M 5 = HAIL
GRTST 24HR M ON M 6 = FREEZING RAIN OR DRIZZLE
GRTST DEPTH: M ON M 7 = DUSTSTORM OR SANDSTORM:
VSBY 1/2 MILE OR LESS
8 = SMOKE OR HAZE
[NO. OF DAYS WITH] [WEATHER - DAYS WITH] 9 = BLOWING SNOW
X = TORNADO
MAX 32 OR BELOW: 0 0.01 INCH OR MORE: 3
MAX 90 OR ABOVE: 0 0.10 INCH OR MORE: 2
MIN 32 OR BELOW: 24 0.50 INCH OR MORE: 2
MIN 0 OR BELOW: 0 1.00 INCH OR MORE: 1
[HDD (BASE 65) ]
TOTAL THIS MO. 681 CLEAR (SCALE 0-3) 17
DPTR FM NORMAL -99 PTCLDY (SCALE 4-7) 7
TOTAL FM JUL 1 5305 CLOUDY (SCALE 8-10) 7
DPTR FM NORMAL -63
[CDD (BASE 65) ]
TOTAL THIS MO. 0
DPTR FM NORMAL 0 [PRESSURE DATA]
TOTAL FM JAN 1 0 HIGHEST SLP 30.53 ON 31
DPTR FM NORMAL 0 LOWEST SLP 29.36 ON 29
[REMARKS]
#FINAL-03-21#