000
CXUS55 KLBF 011552
CF6IML
PRELIMINARY LOCAL CLIMATOLOGICAL DATA (WS FORM: F-6)
STATION: IMPERIAL
MONTH: NOVEMBER
YEAR: 2020
LATITUDE: 40 31 N
LONGITUDE: 101 37 W
TEMPERATURE IN F: :PCPN: SNOW: WIND :SUNSHINE: SKY :PK WND
================================================================================
1 2 3 4 5 6A 6B 7 8 9 10 11 12 13 14 15 16 17 18
12Z AVG MX 2MIN
DY MAX MIN AVG DEP HDD CDD WTR SNW DPTH SPD SPD DIR MIN PSBL S-S WX SPD DR
================================================================================
1 62 21 42 -2 23 0 0.00 M M 7.4 21 180 M M 0 35 200
2 78 26 52 8 13 0 0.00 M M 3.5 9 260 M M 0 11 260
3 85 27 56 13 9 0 0.00 M M 4.6 18 330 M M 0 27 320
4 82 42 62 19 3 0 0.00 M M 9.7 17 310 M M 0 25 290
5 77 39 58 16 7 0 0.00 M M 8.7 14 200 M M 0 20 180
6 84 39 62 20 3 0 0.00 M M 11.2 26 180 M M 0 36 190
7 81 49 65 24 0 0 0.00 M M 18.3 35 180 M M 0 50 170
8 71 41 56 15 9 0 T M M 18.6 40 240 M M 1 54 240
9 58 27 43 2 22 0 0.02 M M 14.9 29 10 M M 9 13 35 360
10 41 21 31 -9 34 0 0.20 M M 7.9 16 310 M M 4 1 22 320
11 52 25 39 -1 26 0 0.00 M M 10.3 25 230 M M 2 35 220
12 40 20 30 -9 35 0 0.00 M M 7.8 15 350 M M 2 M M
13 59 19 39 0 26 0 0.00 M M 11.7 28 190 M M 0 8 36 190
14 56 27 42 4 23 0 T M M 14.8 43 300 M M 4 18 65 300
15 55 27 41 3 24 0 0.00 M M 11.3 22 200 M M 1 36 300
16 61 28 45 8 20 0 0.00 M M 6.5 20 360 M M 0 25 10
17 69 29 49 12 16 0 0.00 M M 6.5 14 160 M M 0 8 18 160
18 77 27 52 16 13 0 0.00 M M 5.9 14 160 M M 0 M M
19 71 34 53 17 12 0 0.00 M M 11.6 18 330 M M 0 31 350
20 58 30 44 8 21 0 0.00 M M 5.0 10 40 M M 1 14 360
21 52 25 39 4 26 0 0.00 M M 7.8 22 180 M M 5 32 150
22 50 21 36 1 29 0 0.00 M M 9.5 16 160 M M 0 24 170
23 57 33 45 11 20 0 0.00 M M 15.0 26 160 M M 2 1 38 150
24 40 25 33 -1 32 0 0.01 M M 14.4 26 360 M M 9 1 33 10
25 58 19 39 5 26 0 0.00 M M 9.4 17 200 M M 0 29 240
26 50 24 37 4 28 0 0.00 M M 8.4 17 340 M M 1 23 330
27 50 23 37 4 28 0 0.00 M M 8.2 14 240 M M 1 18 220
28 60 20 40 8 25 0 0.00 M M 7.6 15 270 M M 0 21 270
29 41 9 25 -7 40 0 0.00 M M 13.9 28 350 M M 0 36 340
30 58 8 33 1 32 0 0.00 M M 6.6 14 290 M M 0 19 290
================================================================================
SM 1833 805 625 0 0.23 M 297.0 M 42
================================================================================
AV 61.1 26.8 9.9 FASTST M M 1 MAX(MPH)
MISC ----> 43 300 65 300
================================================================================
NOTES:
# LAST OF SEVERAL OCCURRENCES
COLUMN 17 PEAK WIND IN M.P.H.
PRELIMINARY LOCAL CLIMATOLOGICAL DATA (WS FORM: F-6) , PAGE 2
STATION: IMPERIAL
MONTH: NOVEMBER
YEAR: 2020
LATITUDE: 40 31 N
LONGITUDE: 101 37 W
[TEMPERATURE DATA] [PRECIPITATION DATA] SYMBOLS USED IN COLUMN 16
AVERAGE MONTHLY: 44.0 TOTAL FOR MONTH: 0.23 1 = FOG OR MIST
DPTR FM NORMAL: 6.3 DPTR FM NORMAL: -0.40 2 = FOG REDUCING VISIBILITY
HIGHEST: 85 ON 3 GRTST 24HR 0.20 ON 10-10 TO 1/4 MILE OR LESS
LOWEST: 8 ON 30 3 = THUNDER
SNOW, ICE PELLETS, HAIL 4 = ICE PELLETS
TOTAL MONTH: M 5 = HAIL
GRTST 24HR M ON M 6 = FREEZING RAIN OR DRIZZLE
GRTST DEPTH: M ON M 7 = DUSTSTORM OR SANDSTORM:
VSBY 1/2 MILE OR LESS
8 = SMOKE OR HAZE
[NO. OF DAYS WITH] [WEATHER - DAYS WITH] 9 = BLOWING SNOW
X = TORNADO
MAX 32 OR BELOW: 0 0.01 INCH OR MORE: 3
MAX 90 OR ABOVE: 0 0.10 INCH OR MORE: 1
MIN 32 OR BELOW: 23 0.50 INCH OR MORE: 0
MIN 0 OR BELOW: 0 1.00 INCH OR MORE: 0
[HDD (BASE 65) ]
TOTAL THIS MO. 625 CLEAR (SCALE 0-3) 25
DPTR FM NORMAL -194 PTCLDY (SCALE 4-7) 3
TOTAL FM JUL 1 1280 CLOUDY (SCALE 8-10) 2
DPTR FM NORMAL -100
[CDD (BASE 65) ]
TOTAL THIS MO. 0
DPTR FM NORMAL 0 [PRESSURE DATA]
TOTAL FM JAN 1 1214 HIGHEST SLP 30.58 ON 29
DPTR FM NORMAL 251 LOWEST SLP 29.38 ON 8
[REMARKS]
#FINAL-11-20#