000
CXUS55 KLBF 011200
CF6IML
PRELIMINARY LOCAL CLIMATOLOGICAL DATA (WS FORM: F-6)
STATION: IMPERIAL
MONTH: SEPTEMBER
YEAR: 2020
LATITUDE: 40 31 N
LONGITUDE: 101 37 W
TEMPERATURE IN F: :PCPN: SNOW: WIND :SUNSHINE: SKY :PK WND
================================================================================
1 2 3 4 5 6A 6B 7 8 9 10 11 12 13 14 15 16 17 18
12Z AVG MX 2MIN
DY MAX MIN AVG DEP HDD CDD WTR SNW DPTH SPD SPD DIR MIN PSBL S-S WX SPD DR
================================================================================
1 85 52 69 -1 0 4 T M M 7.0 16 300 M M 0 25 300
2 91 49 70 0 0 5 0.00 M M 9.4 20 200 M M 0 26 210
3 80 53 67 -2 0 2 0.00 M M 8.9 20 340 M M 0 32 40
4 93 50 72 3 0 7 0.00 M M 8.1 17 200 M M 0 23 210
5 101 56 79 10 0 14 0.00 M M 11.3 21 200 M M 0 31 180
6 98 57 78 10 0 13 0.00 M M 10.2 17 340 M M 0 36 210
7 79 44 62 -6 3 0 T M M 11.5 32 30 M M 1 3 54 40
8 44 36 40 -28 25 0 0.17 M M 15.8 26 20 M M 10 1 40 40
9 47 34 41 -26 24 0 0.05 M M 7.4 15 360 M M 8 1 22 10
10 58 35 47 -20 18 0 0.20 M M 3.5 16 190 M M 7 1 22 180
11 70 47 59 -8 6 0 0.03 M M 8.6 22 290 M M 7 37 290
12 79 47 63 -3 2 0 0.00 M M 8.9 20 300 M M 0 25 300
13 87 42 65 -1 0 0 0.00 M M 5.5 12 220 M M 0 19 190
14 88 47 68 3 0 3 0.00 M M 10.2 18 160 M M 0 27 190
15 90 51 71 6 0 6 0.00 M M 7.5 15 190 M M 0 21 180
16 76 48 62 -2 3 0 0.00 M M 9.8 21 20 M M 0 34 50
17 84 45 65 1 0 0 0.00 M M 9.1 17 150 M M 0 26 180
18 85 47 66 2 0 1 0.00 M M 11.3 22 160 M M 2 12 33 140
19 88 53 71 8 0 6 0.00 M M 14.9 25 160 M M 1 45 140
20 87 53 70 7 0 5 T M M 8.8 24 190 M M 0 32 190
21 89 54 72 10 0 7 T M M 8.1 22 200 M M 0 30 250
22 92 46 69 7 0 4 0.00 M M 9.4 22 200 M M 0 33 150
23 92 50 71 10 0 6 0.00 M M 6.2 20 300 M M 0 28 310
24 93 50 72 11 0 7 0.00 M M 6.2 13 310 M M 0 18 300
25 88 52 70 10 0 5 0.00 M M 7.4 20 360 M M 0 25 10
26 84 52 68 8 0 3 0.00 M M 7.2 21 20 M M 1 8 29 20
27 66 43 55 -4 10 0 T M M 12.3 30 340 M M 3 41 330
28 68 36 52 -7 13 0 0.00 M M 14.3 29 340 M M 0 45 330
29 84 35 60 2 5 0 0.00 M M 9.8 24 340 M M 0 34 330
30 74 42 58 0 7 0 0.00 M M 12.5 24 340 M M 0 34 360
================================================================================
SM 2440 1406 116 98 0.45 M 281.1 M 40
================================================================================
AV 81.3 46.9 9.4 FASTST M M 1 MAX(MPH)
MISC ----> # 32 30 # 54 40
================================================================================
NOTES:
# LAST OF SEVERAL OCCURRENCES
COLUMN 17 PEAK WIND IN M.P.H.
PRELIMINARY LOCAL CLIMATOLOGICAL DATA (WS FORM: F-6) , PAGE 2
STATION: IMPERIAL
MONTH: SEPTEMBER
YEAR: 2020
LATITUDE: 40 31 N
LONGITUDE: 101 37 W
[TEMPERATURE DATA] [PRECIPITATION DATA] SYMBOLS USED IN COLUMN 16
AVERAGE MONTHLY: 64.1 TOTAL FOR MONTH: 0.45 1 = FOG OR MIST
DPTR FM NORMAL: -0.3 DPTR FM NORMAL: -0.98 2 = FOG REDUCING VISIBILITY
HIGHEST: 101 ON 5 GRTST 24HR 0.20 ON 10-10 TO 1/4 MILE OR LESS
LOWEST: 34 ON 9 3 = THUNDER
SNOW, ICE PELLETS, HAIL 4 = ICE PELLETS
TOTAL MONTH: M 5 = HAIL
GRTST 24HR M ON M 6 = FREEZING RAIN OR DRIZZLE
GRTST DEPTH: M ON M 7 = DUSTSTORM OR SANDSTORM:
VSBY 1/2 MILE OR LESS
8 = SMOKE OR HAZE
[NO. OF DAYS WITH] [WEATHER - DAYS WITH] 9 = BLOWING SNOW
X = TORNADO
MAX 32 OR BELOW: 0 0.01 INCH OR MORE: 4
MAX 90 OR ABOVE: 8 0.10 INCH OR MORE: 2
MIN 32 OR BELOW: 0 0.50 INCH OR MORE: 0
MIN 0 OR BELOW: 0 1.00 INCH OR MORE: 0
[HDD (BASE 65) ]
TOTAL THIS MO. 116 CLEAR (SCALE 0-3) 26
DPTR FM NORMAL 9 PTCLDY (SCALE 4-7) 2
TOTAL FM JUL 1 116 CLOUDY (SCALE 8-10) 2
DPTR FM NORMAL 0
[CDD (BASE 65) ]
TOTAL THIS MO. 98
DPTR FM NORMAL 7 [PRESSURE DATA]
TOTAL FM JAN 1 1211 HIGHEST SLP 30.52 ON 9
DPTR FM NORMAL 254 LOWEST SLP 29.62 ON 26
[REMARKS]
#FINAL-09-20#