000
CXUS53 KLBF 011410
CF6IML
PRELIMINARY LOCAL CLIMATOLOGICAL DATA (WS FORM: F-6)
STATION: IMPERIAL
MONTH: OCTOBER
YEAR: 2023
LATITUDE: 40 31 N
LONGITUDE: 101 37 W
TEMPERATURE IN F: :PCPN: SNOW: WIND :SUNSHINE: SKY :PK WND
================================================================================
1 2 3 4 5 6A 6B 7 8 9 10 11 12 13 14 15 16 17 18
12Z AVG MX 2MIN
DY MAX MIN AVG DEP HDD CDD WTR SNW DPTH SPD SPD DIR MIN PSBL S-S WX SPD DR
================================================================================
1 87 66 77 19 0 12 T M M 19.3 35 160 M M 1 8 50 190
2 90 60 75 17 0 10 T M M 16.9 32 170 M M 1 44 160
3 78 48 63 5 2 0 T M M 8.1 31 320 M M 4 3 42 330
4 72 42 57 0 8 0 0.00 M M 6.2 14 320 M M 1 20 320
5 72 53 63 7 2 0 0.00 M M 7.5 14 330 M M 5 22 310
6 59 31 45 -11 20 0 T M M 10.6 26 330 M M 4 8 37 340
7 74 27 51 -5 14 0 0.00 M M 4.0 13 280 M M 0 19 250
8 81 35 58 3 7 0 0.00 M M 5.6 14 350 M M 0 18 310
9 74 37 56 2 9 0 0.00 M M 7.0 14 170 M M 0 8 22 150
10 78 38 58 4 7 0 0.00 M M 7.8 18 140 M M 0 25 140
11 81 39 60 6 5 0 T M M 7.7 20 320 M M 1 3 31 230
12 66 39 53 0 12 0 0.16 M M 17.7 31 320 M M 7 13 49 310
13 51 36 44 -9 21 0 0.01 M M 25.4 41 330 M M 7 59 330
14 55 27 41 -11 24 0 0.00 M M 9.2 18 10 M M 3 23 20
15 58 27 43 -9 22 0 0.00 M M 1.8 9 40 M M 3 12 15 270
16 75 27 51 0 14 0 0.00 M M 4.0 13 330 M M 0 1 21 340
17 88 36 62 11 3 0 0.00 M M 6.2 17 200 M M 0 29 230
18 72 44 58 8 7 0 0.00 M M 15.5 35 330 M M 1 50 320
19 82 42 62 12 3 0 0.00 M M 12.5 25 320 M M 0 35 310
20 88 44 66 17 0 1 0.00 M M 8.0 17 280 M M 0 23 290
21 76 38 57 8 8 0 0.00 M M 9.2 17 130 M M 0 23 120
22 66 40 53 5 12 0 0.00 M M 6.4 20 130 M M 0 32 140
23 76 34 55 7 10 0 0.00 M M 5.3 13 130 M M 0 17 270
24 57 45 51 3 14 0 0.00 M M 10.3 21 350 M M 8 1 30 360
25 54 48 51 4 14 0 0.00 M M 5.5 13 140 M M 10 128 17 140
26 53 26 40 -7 25 0 0.02 M M 15.6 32 340 M M 10 1 49 330
27 44 20 32 -14 33 0 0.00 M M 9.6 23 330 M M 4 33 330
28 30 24 27 -19 38 0 0.08 M M 9.2 15 110 M M 8 1 20 120
29 36 18 27 -19 38 0 0.01 M M 9.9 21 320 M M 6 1 26 340
30 48 9 29 -16 36 0 0.00 M M 9.6 17 280 M M 0 31 260
31 44 14 29 -16 36 0 0.00 M M 6.3 13 150 M M 0 17 150
================================================================================
SM 2065 1114 444 23 0.28 M 297.9 M 84
================================================================================
AV 66.6 35.9 9.6 FASTST M M 3 MAX(MPH)
MISC ----> 41 330 59 330
================================================================================
NOTES:
# LAST OF SEVERAL OCCURRENCES
COLUMN 17 PEAK WIND IN M.P.H.
PRELIMINARY LOCAL CLIMATOLOGICAL DATA (WS FORM: F-6) , PAGE 2
STATION: IMPERIAL
MONTH: OCTOBER
YEAR: 2023
LATITUDE: 40 31 N
LONGITUDE: 101 37 W
[TEMPERATURE DATA] [PRECIPITATION DATA] SYMBOLS USED IN COLUMN 16
AVERAGE MONTHLY: 51.3 TOTAL FOR MONTH: 0.28 1 = FOG OR MIST
DPTR FM NORMAL: 0.0 DPTR FM NORMAL: -1.09 2 = FOG REDUCING VISIBILITY
HIGHEST: 90 ON 2 GRTST 24HR 0.17 ON 12-13 TO 1/4 MILE OR LESS
LOWEST: 9 ON 30 3 = THUNDER
SNOW, ICE PELLETS, HAIL 4 = ICE PELLETS
TOTAL MONTH: M 5 = HAIL
GRTST 24HR M ON M 6 = FREEZING RAIN OR DRIZZLE
GRTST DEPTH: M ON M 7 = DUSTSTORM OR SANDSTORM:
VSBY 1/2 MILE OR LESS
8 = SMOKE OR HAZE
[NO. OF DAYS WITH] [WEATHER - DAYS WITH] 9 = BLOWING SNOW
X = TORNADO
MAX 32 OR BELOW: 1 0.01 INCH OR MORE: 5
MAX 90 OR ABOVE: 1 0.10 INCH OR MORE: 1
MIN 32 OR BELOW: 11 0.50 INCH OR MORE: 0
MIN 0 OR BELOW: 0 1.00 INCH OR MORE: 0
[HDD (BASE 65) ]
TOTAL THIS MO. 444 CLEAR (SCALE 0-3) 20
DPTR FM NORMAL 12 PTCLDY (SCALE 4-7) 9
TOTAL FM JUL 1 470 CLOUDY (SCALE 8-10) 2
DPTR FM NORMAL -69
[CDD (BASE 65) ]
TOTAL THIS MO. 23
DPTR FM NORMAL 16 [PRESSURE DATA]
TOTAL FM JAN 1 986 HIGHEST SLP 30.59 ON 29
DPTR FM NORMAL -29 LOWEST SLP 29.28 ON 12
[REMARKS]
#FINAL-10-23#