000
CXUS54 KFWD 110129
CF6INJ
PRELIMINARY LOCAL CLIMATOLOGICAL DATA (WS FORM: F-6)
STATION: HILLSBORO
MONTH: JUNE
YEAR: 2020
LATITUDE: 32 0 N
LONGITUDE: 97 6 W
TEMPERATURE IN F: :PCPN: SNOW: WIND :SUNSHINE: SKY :PK WND
================================================================================
1 2 3 4 5 6A 6B 7 8 9 10 11 12 13 14 15 16 17 18
12Z AVG MX 2MIN
DY MAX MIN AVG DEP HDD CDD WTR SNW DPTH SPD SPD DIR MIN PSBL S-S WX SPD DR
================================================================================
1 86 71 79 2 0 14 0.00 0.0 0 6.8 9 100 M M 1 M M
2 90 68 79 2 0 14 0.00 0.0 0 6.9 13 160 M M 2 16 160
3 91 72 82 4 0 17 0.00 0.0 0 6.3 9 160 M M 0 M M
4 94 73 84 6 0 19 0.00 0.0 0 8.3 15 160 M M 3 21 150
5 94 76 85 7 0 20 0.00 0.0 0 7.2 13 190 M M 2 10 210
6 95 71 83 5 0 18 0.00 0.0 0 4.7 12 80 M M 1 16 80
7 93 74 84 6 0 19 0.00 0.0 0 6.5 9 70 M M 1 M M
8 94 71 83 5 0 18 0.00 0.0 0 3.3 9 150 M M 1 M M
9 98 73 86 7 0 21 0.00 0.0 0 12.1 18 340 M M 1 30 340
10 89 56 73 -6 0 8 0.00 0.0 0 9.5 17 320 M M 0 25 340
11 92 59 76 -3 0 11 0.00 0.0 0 4.5 13 50 M M 0 17 70
12 91 66 79 0 0 14 0.00 0.0 0 6.5 12 90 M M 0 16 90
13 92 70 81 2 0 16 0.00 0.0 0 6.4 12 130 M M 0 M M
14 92 68 80 0 0 15 0.00 0.0 0 6.7 14 100 M M 0 18 100
15 93 69 81 1 0 16 0.00 0.0 0 6.1 13 110 M M 2 17 150
16 94 72 83 3 0 18 0.00 0.0 0 7.5 14 160 M M 1 17 190
17 94 72 83 3 0 18 0.00 0.0 0 10.3 16 180 M M 0 23 180
18 94 71 83 3 0 18 0.00 0.0 0 12.5 20 170 M M 2 8 22 150
19 95 69 82 2 0 17 0.14 0.0 0 12.2 17 150 M M 6 24 150
20 90 66 78 -2 0 13 0.50 0.0 0 6.8 15 310 M M 6 3 38 310
21 89 70 80 -1 0 15 M 0.0 0 11.1 17 150 M M 2 23 360
22 92 69 81 0 0 16 0.24 0.0 0 11.5 18 190 M M 4 3 25 190
23 80 69 75 -6 0 10 0.28 0.0 0 8.7 23 200 M M 9 3 31 200
24 91 71 81 0 0 16 0.00 0.0 0 7.5 12 50 M M 5 17 50
25 89 70 80 -1 0 15 0.00 0.0 0 5.1 9 140 M M 5 M M
26 90 73 82 1 0 17 0.00 0.0 0 13.9 27 170 M M 4 18 41 170
27 94 73 84 3 0 19 0.00 0.0 0 13.1 21 180 M M 6 8 28 180
28 92 77 85 3 0 20 0.01 0.0 0 17.0 23 180 M M 6 8 32 180
29 94 79 87 5 0 22 0.00 0.0 0 18.2 25 180 M M 7 36 170
30 91 80 86 4 0 21 0.00 0.0 0 15.3 21 190 M M 5 29 170
================================================================================
SM 2753 2118 0 495 1.17 0.0 272.5 M 82
================================================================================
AV 91.8 70.6 9.1 FASTST M M 3 MAX(MPH)
MISC ----> # 27 170 # 41 170
================================================================================
NOTES:
# LAST OF SEVERAL OCCURRENCES
COLUMN 17 PEAK WIND IN M.P.H.
PRELIMINARY LOCAL CLIMATOLOGICAL DATA (WS FORM: F-6) , PAGE 2
STATION: HILLSBORO
MONTH: JUNE
YEAR: 2020
LATITUDE: 32 0 N
LONGITUDE: 97 6 W
[TEMPERATURE DATA] [PRECIPITATION DATA] SYMBOLS USED IN COLUMN 16
AVERAGE MONTHLY: 81.2 TOTAL FOR MONTH: 1.17 1 = FOG OR MIST
DPTR FM NORMAL: 1.5 DPTR FM NORMAL: -3.17 2 = FOG REDUCING VISIBILITY
HIGHEST: 98 ON 9 GRTST 24HR 0.50 ON 20-20 TO 1/4 MILE OR LESS
LOWEST: 56 ON 10 3 = THUNDER
SNOW, ICE PELLETS, HAIL 4 = ICE PELLETS
TOTAL MONTH: 0.0 INCH 5 = HAIL
GRTST 24HR 0.0 6 = FREEZING RAIN OR DRIZZLE
GRTST DEPTH: 0 7 = DUSTSTORM OR SANDSTORM:
VSBY 1/2 MILE OR LESS
8 = SMOKE OR HAZE
[NO. OF DAYS WITH] [WEATHER - DAYS WITH] 9 = BLOWING SNOW
X = TORNADO
MAX 32 OR BELOW: 0 0.01 INCH OR MORE: 5
MAX 90 OR ABOVE: 25 0.10 INCH OR MORE: 4
MIN 32 OR BELOW: 0 0.50 INCH OR MORE: 1
MIN 0 OR BELOW: 0 1.00 INCH OR MORE: 0
[HDD (BASE 65) ]
TOTAL THIS MO. 0 CLEAR (SCALE 0-3) 19
DPTR FM NORMAL 0 PTCLDY (SCALE 4-7) 10
TOTAL FM JUL 1 1997 CLOUDY (SCALE 8-10) 1
DPTR FM NORMAL -217
[CDD (BASE 65) ]
TOTAL THIS MO. 495
DPTR FM NORMAL 55 [PRESSURE DATA]
TOTAL FM JAN 1 970 HIGHEST SLP M ON M
DPTR FM NORMAL 134 LOWEST SLP M ON M
[REMARKS]
#FINAL-06-20#