000
CXUS56 KFGZ 010910
CF6INW
PRELIMINARY LOCAL CLIMATOLOGICAL DATA (WS FORM: F-6)
STATION: WINSLOW AZ AIRPORT
MONTH: MARCH
YEAR: 2022
LATITUDE: 35 1 N
LONGITUDE: 110 44 W
TEMPERATURE IN F: :PCPN: SNOW: WIND :SUNSHINE: SKY :PK WND
================================================================================
1 2 3 4 5 6A 6B 7 8 9 10 11 12 13 14 15 16 17 18
12Z AVG MX 2MIN
DY MAX MIN AVG DEP HDD CDD WTR SNW DPTH SPD SPD DIR MIN PSBL S-S WX SPD DR
================================================================================
1 64 22 43 -1 22 0 0.00 M M 3.8 10 330 M M 0 14 320
2 68 20 44 -1 21 0 0.00 M M 2.6 8 240 M M 0 10 130
3 76 29 53 8 12 0 0.00 M M 7.4 23 200 M M 1 32 200
4 60 29 45 0 20 0 0.00 M M 15.9 43 180 M M 2 53 190
5 54 28 41 -5 24 0 T M M 13.3 40 210 M M 5 48 220
6 48 20 34 -12 31 0 0.02 M M 9.5 26 250 M M 7 1 33 250
7 45 20 33 -13 32 0 T M M 7.7 25 320 M M 6 8 30 320
8 47 11 29 -17 36 0 0.00 M M 3.5 13 310 M M 0 17 300
9 60 20 40 -7 25 0 0.00 M M 13.5 33 260 M M 0 42 260
10 52 30 41 -6 24 0 0.38 M M 12.4 28 310 M M 7 1 34 320
11 43 7 25 -22 40 0 0.00 M M 6.6 16 320 M M 1 21 320
12 55 24 40 -7 25 0 0.00 M M 3.7 10 120 M M 0 12 130
13 65 28 47 -1 18 0 0.00 M M 13.3 29 240 M M 0 34 270
14 61 30 46 -2 19 0 0.00 M M 6.4 18 250 M M 0 23 250
15 73 26 50 2 15 0 0.00 M M 7.7 18 230 M M 0 22 240
16 71 40 56 8 9 0 0.01 M M 11.4 37 300 M M 4 38 45 320
17 61 31 46 -2 19 0 0.00 M M 11.1 23 340 M M 1 33 330
18 65 28 47 -2 18 0 0.00 M M 7.4 18 340 M M 0 24 340
19 70 28 49 0 16 0 0.00 M M 10.6 23 230 M M 0 26 210
20 65 36 51 2 14 0 0.00 M M 12.8 39 230 M M 3 45 230
21 60 33 47 -2 18 0 0.02 M M 19.3 32 320 M M 5 1 43 310
22 61 33 47 -3 18 0 0.00 M M 12.4 25 340 M M 0 33 330
23 64 24 44 -6 21 0 0.00 M M 6.8 16 330 M M 0 24 330
24 75 27 51 1 14 0 0.00 M M 5.0 13 330 M M M 17 320
25 78 28 53 3 12 0 0.00 M M 4.7 10 210 M M 0 13 70
26 84 39 62 12 3 0 0.00 M M 9.0 25 240 M M 0 28 240
27 81 40 61 10 4 0 0.00 M M 11.5 31 220 M M 0 38 220
28 74 41 58 7 7 0 0.01 M M 14.9 41 190 M M 2 51 200
29 56 39 48 -3 17 0 0.03 M M 11.5 28 320 M M 6 36 330
30 67 32 50 -1 15 0 0.00 M M 11.5 25 330 M M 2 32 310
31 69 42 56 5 9 0 0.00 M M 8.2 22 240 M M 2 27 250
================================================================================
SM 1972 885 578 0 0.47 M 295.4 M 54
================================================================================
AV 63.6 28.5 9.5 FASTST M M 2 MAX(MPH)
MISC ----> 43 180 53 190
================================================================================
NOTES:
# LAST OF SEVERAL OCCURRENCES
COLUMN 17 PEAK WIND IN M.P.H.
PRELIMINARY LOCAL CLIMATOLOGICAL DATA (WS FORM: F-6) , PAGE 2
STATION: WINSLOW AZ AIRPORT
MONTH: MARCH
YEAR: 2022
LATITUDE: 35 1 N
LONGITUDE: 110 44 W
[TEMPERATURE DATA] [PRECIPITATION DATA] SYMBOLS USED IN COLUMN 16
AVERAGE MONTHLY: 46.1 TOTAL FOR MONTH: 0.47 1 = FOG OR MIST
DPTR FM NORMAL: -2.1 DPTR FM NORMAL: -0.02 2 = FOG REDUCING VISIBILITY
HIGHEST: 84 ON 26 GRTST 24HR 0.38 ON 10-10 TO 1/4 MILE OR LESS
LOWEST: 7 ON 11 3 = THUNDER
SNOW, ICE PELLETS, HAIL 4 = ICE PELLETS
TOTAL MONTH: M 5 = HAIL
GRTST 24HR M ON M 6 = FREEZING RAIN OR DRIZZLE
GRTST DEPTH: M ON M 7 = DUSTSTORM OR SANDSTORM:
VSBY 1/2 MILE OR LESS
8 = SMOKE OR HAZE
[NO. OF DAYS WITH] [WEATHER - DAYS WITH] 9 = BLOWING SNOW
X = TORNADO
MAX 32 OR BELOW: 0 0.01 INCH OR MORE: 6
MAX 90 OR ABOVE: 0 0.10 INCH OR MORE: 1
MIN 32 OR BELOW: 22 0.50 INCH OR MORE: 0
MIN 0 OR BELOW: 0 1.00 INCH OR MORE: 0
[HDD (BASE 65) ]
TOTAL THIS MO. 578 CLEAR (SCALE 0-3) 23
DPTR FM NORMAL 56 PTCLDY (SCALE 4-7) 7
TOTAL FM JUL 1 3789 CLOUDY (SCALE 8-10) 1
DPTR FM NORMAL -119
[CDD (BASE 65) ]
TOTAL THIS MO. 0
DPTR FM NORMAL 0 [PRESSURE DATA]
TOTAL FM JAN 1 0 HIGHEST SLP M ON M
DPTR FM NORMAL 0 LOWEST SLP 29.58 ON 29
[REMARKS]
#FINAL-03-22#