000
CXUS56 KFGZ 010910
CF6INW
PRELIMINARY LOCAL CLIMATOLOGICAL DATA (WS FORM: F-6)
STATION: WINSLOW AZ AIRPORT
MONTH: MARCH
YEAR: 2021
LATITUDE: 35 1 N
LONGITUDE: 110 44 W
TEMPERATURE IN F: :PCPN: SNOW: WIND :SUNSHINE: SKY :PK WND
================================================================================
1 2 3 4 5 6A 6B 7 8 9 10 11 12 13 14 15 16 17 18
12Z AVG MX 2MIN
DY MAX MIN AVG DEP HDD CDD WTR SNW DPTH SPD SPD DIR MIN PSBL S-S WX SPD DR
================================================================================
1 53 7 30 -14 35 0 0.00 M M 3.6 12 260 M M 0 13 50
2 62 10 36 -8 29 0 0.00 M M 2.7 10 260 M M 0 11 110
3 71 19 45 1 20 0 0.00 M M 15.6 33 220 M M 1 42 190
4 60 30 45 1 20 0 T M M 10.3 24 210 M M 3 31 210
5 65 19 42 -3 23 0 0.00 M M 4.2 15 80 M M 0 20 80
6 73 29 51 6 14 0 0.00 M M 9.2 21 110 M M 0 29 120
7 77 31 54 9 11 0 0.00 M M 8.5 20 210 M M 0 25 230
8 75 42 59 14 6 0 0.00 M M 11.4 28 220 M M 0 39 230
9 66 35 51 5 14 0 0.00 M M 14.4 43 220 M M 2 8 55 200
10 58 28 43 -3 22 0 0.00 M M 12.8 32 210 M M 0 44 190
11 56 24 40 -6 25 0 0.00 M M 11.2 30 220 M M 3 40 220
12 52 23 38 -8 27 0 T M M 11.9 32 240 M M 3 8 41 250
13 47 23 35 -11 30 0 0.03 M M 10.7 26 240 M M 7 1 33 250
14 58 28 43 -4 22 0 0.00 M M 19.6 36 270 M M 3 45 270
15 62 34 48 1 17 0 0.00 M M 11.8 29 200 M M 2 38 190
16 47 29 38 -9 27 0 0.07 M M 12.6 24 170 M M 3 12 30 240
17 59 20 40 -7 25 0 0.00 M M 3.6 9 210 M M 0 12 290
18 69 29 49 2 16 0 0.00 M M 6.7 13 220 M M 0 19 110
19 76 29 53 5 12 0 0.00 M M 6.5 13 220 M M 0 21 250
20 74 32 53 5 12 0 0.00 M M 14.8 37 220 M M 0 46 240
21 68 34 51 3 14 0 0.00 M M 9.4 28 220 M M 0 34 240
22 59 33 46 -2 19 0 0.00 M M 15.5 25 320 M M 2 31 310
23 47 34 41 -7 24 0 0.03 M M 8.4 21 230 M M 10 27 250
24 47 33 40 -9 25 0 0.06 M M 12.9 26 310 M M 8 31 310
25 50 32 41 -8 24 0 0.00 M M 13.6 29 210 M M 5 36 200
26 54 35 45 -4 20 0 0.14 M M 7.0 21 280 M M 9 1 25 220
27 60 31 46 -3 19 0 0.00 M M 7.2 22 320 M M 3 12 28 310
28 70 23 47 -2 18 0 0.00 M M 4.6 12 230 M M 0 14 80
29 79 33 56 6 9 0 0.00 M M 11.7 24 230 M M 0 32 240
30 67 30 49 -1 16 0 0.00 M M 11.4 20 340 M M 0 31 300
31 65 18 42 -8 23 0 0.00 M M 3.6 13 60 M M 0 16 60
================================================================================
SM 1926 857 618 0 0.33 M 307.4 M 64
================================================================================
AV 62.1 27.6 9.9 FASTST M M 2 MAX(MPH)
MISC ----> 43 220 55 200
================================================================================
NOTES:
# LAST OF SEVERAL OCCURRENCES
COLUMN 17 PEAK WIND IN M.P.H.
PRELIMINARY LOCAL CLIMATOLOGICAL DATA (WS FORM: F-6) , PAGE 2
STATION: WINSLOW AZ AIRPORT
MONTH: MARCH
YEAR: 2021
LATITUDE: 35 1 N
LONGITUDE: 110 44 W
[TEMPERATURE DATA] [PRECIPITATION DATA] SYMBOLS USED IN COLUMN 16
AVERAGE MONTHLY: 44.9 TOTAL FOR MONTH: 0.33 1 = FOG OR MIST
DPTR FM NORMAL: -2.1 DPTR FM NORMAL: -0.21 2 = FOG REDUCING VISIBILITY
HIGHEST: 79 ON 29 GRTST 24HR 0.14 ON 26-26 TO 1/4 MILE OR LESS
LOWEST: 7 ON 1 3 = THUNDER
SNOW, ICE PELLETS, HAIL 4 = ICE PELLETS
TOTAL MONTH: M 5 = HAIL
GRTST 24HR M ON M 6 = FREEZING RAIN OR DRIZZLE
GRTST DEPTH: M ON M 7 = DUSTSTORM OR SANDSTORM:
VSBY 1/2 MILE OR LESS
8 = SMOKE OR HAZE
[NO. OF DAYS WITH] [WEATHER - DAYS WITH] 9 = BLOWING SNOW
X = TORNADO
MAX 32 OR BELOW: 0 0.01 INCH OR MORE: 5
MAX 90 OR ABOVE: 0 0.10 INCH OR MORE: 1
MIN 32 OR BELOW: 22 0.50 INCH OR MORE: 0
MIN 0 OR BELOW: 0 1.00 INCH OR MORE: 0
[HDD (BASE 65) ]
TOTAL THIS MO. 618 CLEAR (SCALE 0-3) 24
DPTR FM NORMAL 60 PTCLDY (SCALE 4-7) 5
TOTAL FM JUL 1 4101 CLOUDY (SCALE 8-10) 2
DPTR FM NORMAL 47
[CDD (BASE 65) ]
TOTAL THIS MO. 0
DPTR FM NORMAL 0 [PRESSURE DATA]
TOTAL FM JAN 1 0 HIGHEST SLP M ON M
DPTR FM NORMAL 0 LOWEST SLP 29.56 ON 16
[REMARKS]
#FINAL-03-21#