000
CXUS55 KDVN 011100
CF6IOW
PRELIMINARY LOCAL CLIMATOLOGICAL DATA (WS FORM: F-6)
STATION: IOWA CITY IA
MONTH: NOVEMBER
YEAR: 2020
LATITUDE: 41 37 N
LONGITUDE: 91 33 W
TEMPERATURE IN F: :PCPN: SNOW: WIND :SUNSHINE: SKY :PK WND
================================================================================
1 2 3 4 5 6A 6B 7 8 9 10 11 12 13 14 15 16 17 18
12Z AVG MX 2MIN
DY MAX MIN AVG DEP HDD CDD WTR SNW DPTH SPD SPD DIR MIN PSBL S-S WX SPD DR
================================================================================
1 45 22 34 -12 31 0 0.00 M M 15.5 30 310 M M 0 46 300
2 59 20 40 -6 25 0 0.00 M M 5.3 20 260 M M 0 30 230
3 72 30 51 6 14 0 0.00 M M 5.5 18 200 M M 0 26 200
4 72 36 54 9 11 0 0.00 M M 5.4 18 190 M M 0 24 180
5 71 38 55 11 10 0 0.00 M M 2.3 12 280 M M 0 18 16 280
6 75 37 56 12 9 0 0.00 M M 6.5 17 190 M M 0 12 23 220
7 72 45 59 16 6 0 0.00 M M 8.5 21 180 M M 0 1 28 210
8 75 50 63 20 2 0 0.00 M M 11.5 22 170 M M 2 30 180
9 75 63 69 27 0 4 0.00 M M 13.8 24 210 M M 7 36 210
10 65 32 49 7 16 0 0.77 M M 13.5 39 250 M M 9 13 52 250
11 48 26 37 -5 28 0 0.00 M M 5.7 20 270 M M 1 28 260
12 54 28 41 0 24 0 0.00 M M 7.7 25 320 M M 5 1 36 330
13 38 21 30 -10 35 0 0.00 M M 7.1 20 320 M M 0 27 310
14 51 25 38 -2 27 0 T M M 11.5 20 150 M M 8 18 27 170
15 47 29 38 -1 27 0 0.05 M M 18.6 35 270 M M 6 50 270
16 54 24 39 0 26 0 0.00 M M 10.8 28 300 M M 1 38 310
17 40 23 32 -6 33 0 0.00 M M 5.1 13 340 M M 3 18 350
18 56 28 42 4 23 0 0.00 M M 12.9 28 170 M M 0 36 170
19 70 43 57 20 8 0 0.00 M M 10.2 24 220 M M 0 38 200
20 54 40 47 10 18 0 0.00 M M 8.0 16 360 M M 0 21 350
21 45 33 39 3 26 0 0.00 M M 6.0 10 50 M M 0 14 360
22 50 27 39 3 26 0 0.00 M M 6.0 18 270 M M 2 23 270
23 39 22 31 -4 34 0 0.09 M M 4.6 13 320 M M 4 1 18 320
24 44 32 38 4 27 0 0.69 M M 8.0 18 150 M M 10 18 26 150
25 44 39 42 8 23 0 0.92 M M 8.0 15 360 M M 10 1 21 350
26 49 31 40 7 25 0 0.00 M M 6.9 16 220 M M 5 21 230
27 45 24 35 2 30 0 0.00 M M 7.7 20 300 M M 4 1 29 290
28 56 23 40 8 25 0 0.00 M M 5.5 16 220 M M 0 1 22 230
29 43 26 35 3 30 0 0.00 M M 12.1 28 320 M M 3 37 340
30 33 19 26 -5 39 0 0.00 M M 11.1 21 350 M M 3 32 340
================================================================================
SM 1641 936 658 4 2.52 M 261.3 M 83
================================================================================
AV 54.7 31.2 8.7 FASTST M M 3 MAX(MPH)
MISC ----> 39 250 52 250
================================================================================
NOTES:
# LAST OF SEVERAL OCCURRENCES
COLUMN 17 PEAK WIND IN M.P.H.
PRELIMINARY LOCAL CLIMATOLOGICAL DATA (WS FORM: F-6) , PAGE 2
STATION: IOWA CITY IA
MONTH: NOVEMBER
YEAR: 2020
LATITUDE: 41 37 N
LONGITUDE: 91 33 W
[TEMPERATURE DATA] [PRECIPITATION DATA] SYMBOLS USED IN COLUMN 16
AVERAGE MONTHLY: 43.0 TOTAL FOR MONTH: 2.52 1 = FOG OR MIST
DPTR FM NORMAL: 4.0 DPTR FM NORMAL: 0.17 2 = FOG REDUCING VISIBILITY
HIGHEST: 75 ON 9, 8 GRTST 24HR 1.26 ON 24-25 TO 1/4 MILE OR LESS
LOWEST: 19 ON 30 3 = THUNDER
SNOW, ICE PELLETS, HAIL 4 = ICE PELLETS
TOTAL MONTH: M 5 = HAIL
GRTST 24HR M ON M 6 = FREEZING RAIN OR DRIZZLE
GRTST DEPTH: M ON M 7 = DUSTSTORM OR SANDSTORM:
VSBY 1/2 MILE OR LESS
8 = SMOKE OR HAZE
[NO. OF DAYS WITH] [WEATHER - DAYS WITH] 9 = BLOWING SNOW
X = TORNADO
MAX 32 OR BELOW: 0 0.01 INCH OR MORE: 5
MAX 90 OR ABOVE: 0 0.10 INCH OR MORE: 3
MIN 32 OR BELOW: 20 0.50 INCH OR MORE: 3
MIN 0 OR BELOW: 0 1.00 INCH OR MORE: 0
[HDD (BASE 65) ]
TOTAL THIS MO. 658 CLEAR (SCALE 0-3) 20
DPTR FM NORMAL -124 PTCLDY (SCALE 4-7) 7
TOTAL FM JUL 1 1283 CLOUDY (SCALE 8-10) 3
DPTR FM NORMAL -26
[CDD (BASE 65) ]
TOTAL THIS MO. 4
DPTR FM NORMAL 4 [PRESSURE DATA]
TOTAL FM JAN 1 983 HIGHEST SLP 30.62 ON 17
DPTR FM NORMAL 71 LOWEST SLP 29.38 ON 14
[REMARKS]
#FINAL-11-20#