000
CXUS51 KCTP 010900
CF6IPT
PRELIMINARY LOCAL CLIMATOLOGICAL DATA (WS FORM: F-6)
STATION: WILLIAMSPORT PA
MONTH: JANUARY
YEAR: 2021
LATITUDE: 41 15 N
LONGITUDE: 76 55 W
TEMPERATURE IN F: :PCPN: SNOW: WIND :SUNSHINE: SKY :PK WND
================================================================================
1 2 3 4 5 6A 6B 7 8 9 10 11 12 13 14 15 16 17 18
12Z AVG MX 2MIN
DY MAX MIN AVG DEP HDD CDD WTR SNW DPTH SPD SPD DIR MIN PSBL S-S WX SPD DR
================================================================================
1 34 19 27 0 38 0 0.53 T 1 5.1 20 90 M M 5 16 29 100
2 46 26 36 9 29 0 T 0.0 1 4.0 15 270 M M 7 1 22 100
3 35 24 30 3 35 0 0.39 2.8 1 3.8 17 60 M M 8 12 21 60
4 36 32 34 7 31 0 0.04 T 3 3.4 10 270 M M 10 1 12 260
5 38 33 36 9 29 0 0.03 T 2 1.2 8 260 M M 10 1 10 280
6 36 33 35 8 30 0 0.00 0.0 1 9.3 17 310 M M 10 24 310
7 38 28 33 6 32 0 0.00 0.0 1 8.5 16 300 M M 6 22 300
8 38 25 32 5 33 0 0.00 0.0 T 6.6 13 330 M M 4 17 330
9 42 21 32 5 33 0 0.00 0.0 T 10.5 20 320 M M 1 26 300
10 42 25 34 7 31 0 0.00 0.0 T 5.6 13 270 M M 0 16 260
11 39 24 32 6 33 0 0.00 0.0 T 1.1 7 120 M M 3 1 9 120
12 36 23 30 4 35 0 0.00 0.0 T 1.8 10 270 M M 6 1 13 270
13 37 31 34 8 31 0 0.00 0.0 0 3.4 15 260 M M 8 8 18 260
14 42 31 37 11 28 0 0.01 T T 1.2 6 100 M M 9 18 7 120
15 45 27 36 10 29 0 0.54 0.0 T 8.3 23 100 M M 6 128 31 150
16 44 34 39 13 26 0 0.06 0.0 0 10.2 22 280 M M 7 1 26 280
17 40 32 36 10 29 0 T T 0 9.8 21 250 M M 9 27 270
18 39 28 34 8 31 0 T T 0 8.3 21 250 M M 8 12 27 260
19 39 26 33 7 32 0 0.01 0.1 0 7.1 17 260 M M 8 25 260
20 34 22 28 2 37 0 T 0.2 T 8.2 24 300 M M 7 18 33 310
21 44 19 32 6 33 0 0.00 0.0 0 3.2 12 260 M M 6 16 260
22 41 28 35 8 30 0 T T 0 12.0 24 300 M M 9 33 300
23 30 22 26 -1 39 0 T T 0 13.2 24 300 M M 10 8 32 280
24 33 19 26 -1 39 0 0.00 0.0 0 7.4 18 310 M M 6 28 340
25 35 22 29 2 36 0 0.00 0.0 0 3.4 13 90 M M 5 16 90
26 34 30 32 5 33 0 0.25 0.6 T 8.2 18 150 M M 10 1468 26 140
27 36 27 32 5 33 0 T T 1 7.5 18 320 M M 10 1 25 310
28 29 20 25 -2 40 0 T T 1 13.7 29 300 M M 5 39 310
29 25 18 22 -5 43 0 T T T 13.4 25 300 M M 9 36 290
30 34 17 26 -1 39 0 0.00 0.0 T 5.7 18 290 M M 2 8 23 290
31 27 21 24 -3 41 0 0.31 3.2 T 5.5 15 80 M M 8 18 19 90
================================================================================
SM 1148 787 1038 0 2.17 6.9 210.6 M 212
================================================================================
AV 37.0 25.4 6.8 FASTST M M 7 MAX(MPH)
MISC ----> 29 300 39 310
================================================================================
NOTES:
# LAST OF SEVERAL OCCURRENCES
COLUMN 17 PEAK WIND IN M.P.H.
PRELIMINARY LOCAL CLIMATOLOGICAL DATA (WS FORM: F-6) , PAGE 2
STATION: WILLIAMSPORT PA
MONTH: JANUARY
YEAR: 2021
LATITUDE: 41 15 N
LONGITUDE: 76 55 W
[TEMPERATURE DATA] [PRECIPITATION DATA] SYMBOLS USED IN COLUMN 16
AVERAGE MONTHLY: 31.2 TOTAL FOR MONTH: 2.17 1 = FOG OR MIST
DPTR FM NORMAL: 4.4 DPTR FM NORMAL: -0.53 2 = FOG REDUCING VISIBILITY
HIGHEST: 46 ON 2 GRTST 24HR 0.69 ON 1- 1 TO 1/4 MILE OR LESS
LOWEST: 17 ON 30 3 = THUNDER
SNOW, ICE PELLETS, HAIL 4 = ICE PELLETS
TOTAL MONTH: 6.9 INCHES 5 = HAIL
GRTST 24HR 3.2 ON 31-31 6 = FREEZING RAIN OR DRIZZLE
GRTST DEPTH: 3 ON 4 7 = DUSTSTORM OR SANDSTORM:
VSBY 1/2 MILE OR LESS
8 = SMOKE OR HAZE
[NO. OF DAYS WITH] [WEATHER - DAYS WITH] 9 = BLOWING SNOW
X = TORNADO
MAX 32 OR BELOW: 4 0.01 INCH OR MORE: 10
MAX 90 OR ABOVE: 0 0.10 INCH OR MORE: 5
MIN 32 OR BELOW: 28 0.50 INCH OR MORE: 2
MIN 0 OR BELOW: 0 1.00 INCH OR MORE: 0
[HDD (BASE 65) ]
TOTAL THIS MO. 1038 CLEAR (SCALE 0-3) 4
DPTR FM NORMAL -148 PTCLDY (SCALE 4-7) 16
TOTAL FM JUL 1 3031 CLOUDY (SCALE 8-10) 11
DPTR FM NORMAL -448
[CDD (BASE 65) ]
TOTAL THIS MO. 0
DPTR FM NORMAL 0 [PRESSURE DATA]
TOTAL FM JAN 1 0 HIGHEST SLP 30.53 ON 1
DPTR FM NORMAL 0 LOWEST SLP 29.44 ON 16
[REMARKS]
#FINAL-01-21#