750
CXUS53 KEAX 011946
CLSIRK
CLIMATE REPORT
NATIONAL WEATHER SERVICE
131 PM CST MON MAR 01 2021
...................................
...THE KIRKSVILLE MO CLIMATE SUMMARY FOR THE SEASON, FROM
12/1/2020 TO 2/28/2021...
CLIMATE NORMAL PERIOD: 1981 TO 2010
CLIMATE RECORD PERIOD: 9999 TO 9999
WEATHER OBSERVED NORMAL DEPART LAST YEAR`S
VALUE DATE(S) VALUE FROM VALUE DATE(S)
NORMAL
................................................................
TEMPERATURE (F)
HIGHEST 67 12/10 63 4 64 12/25
LOWEST -12 02/16 -5 -7 -14 02/14
02/17
AVG. MAXIMUM 35.1 37.1 -2.0 40.7
AVG. MINIMUM 17.6 19.3 -1.7 23.1
MEAN 26.4 28.2 -1.8 31.9
DAYS MAX >= 90 0 0.0 0.0 MM
DAYS MAX <= 32 32 33.3 -1.3 MM
DAYS MIN <= 32 83 78.6 4.4 MM
DAYS MIN <= 0 11 8.1 2.9 MM
PRECIPITATION (INCHES)
TOTALS 5.47 4.55 0.92 4.63
DAILY AVG. 0.06 0.05 0.01 0.05
DAYS >= .01 23 20.3 2.7 MM
DAYS >= .10 11 9.9 1.1 MM
DAYS >= .50 3 2.6 0.4 MM
DAYS >= 1.00 2 0.9 1.1 MM
GREATEST
24 HR. TOTAL 1.20
DEGREE DAYS
HEATING TOTAL 3428 3312 116 2993
COOLING TOTAL 0 0 0 0
................................................................
WIND (MPH)
AVERAGE WIND SPEED 8.7
HIGHEST WIND SPEED/DIRECTION 33/290 DATE 12/21
HIGHEST GUST SPEED/DIRECTION 50/300 DATE 12/21
SKY COVER
POSSIBLE SUNSHINE (PERCENT) MM
AVERAGE SKY COVER 0.47
NUMBER OF DAYS FAIR 37
NUMBER OF DAYS PC 27
NUMBER OF DAYS CLOUDY 26
AVERAGE RH (PERCENT) 73
WEATHER CONDITIONS. NUMBER OF DAYS WITH
THUNDERSTORM 0 MIXED PRECIP 0
HEAVY RAIN 0 RAIN 3
LIGHT RAIN 4 FREEZING RAIN 1
LT FREEZING RAIN 4 HAIL 0
HEAVY SNOW 3 SNOW 10
LIGHT SNOW 21 SLEET 0
FOG 47 FOG W/VIS <= 1/4 MILE 12
HAZE 34
- INDICATES NEGATIVE NUMBERS.
R INDICATES RECORD WAS SET OR TIED.
MM INDICATES DATA IS MISSING.
T INDICATES TRACE AMOUNT.
$$