000
CDUS41 KOKX 290619
CLIISP


CLIMATE REPORT
NATIONAL WEATHER SERVICE NEW YORK NY
219 AM EDT SUN MAR 29 2015


...................................

...THE ISLIP NY CLIMATE SUMMARY FOR MARCH 28 2015...

CLIMATE NORMAL PERIOD 1981 TO 2010
CLIMATE RECORD PERIOD 1986 TO 2015


WEATHER ITEM   OBSERVED TIME   RECORD YEAR NORMAL DEPARTURE LAST
                VALUE   (LST)  VALUE       VALUE  FROM      YEAR
                                                  NORMAL
..................................................................
TEMPERATURE (F)
 YESTERDAY
  MAXIMUM         39   1246 AM  79    1991  51    -12       51
  MINIMUM         26   1159 PM  18    1990  35     -9       38
  AVERAGE         33                        43    -10       45

PRECIPITATION (IN)
  YESTERDAY        0.14          1.29 2005   0.14   0.00      T
  MONTH TO DATE    4.98                      4.02   0.96     1.30
  SINCE MAR 1      4.98                      4.02   0.96     1.30
  SINCE JAN 1     12.92                     10.92   2.00     9.64

SNOWFALL (IN)
  YESTERDAY        1.5           5.0  1984   0.1    1.4      0.0
  MONTH TO DATE   19.7                       4.3   15.4      0.8
  SINCE OCT 1     63.7                      24.0   39.7     58.9
  SINCE JUL 1     63.7                      24.0   39.7     58.9
  SNOW DEPTH       0

DEGREE DAYS
 HEATING
  YESTERDAY       32                        22     10       20
  MONTH TO DATE  841                       732    109      836
  SINCE MAR 1    841                       732    109      836
  SINCE JUL 1   4861                      4627    234     4789

 COOLING
  YESTERDAY        0                         0      0        0
  MONTH TO DATE    0                         0      0        0
  SINCE MAR 1      0                         0      0        0
  SINCE JAN 1      0                         0      0        0
..................................................................


WIND (MPH)
  HIGHEST WIND SPEED    23   HIGHEST WIND DIRECTION    NW (320)
  HIGHEST GUST SPEED    29   HIGHEST GUST DIRECTION    NW (320)
  AVERAGE WIND SPEED    15.6


SKY COVER
  AVERAGE SKY COVER 1.0


WEATHER CONDITIONS
 THE FOLLOWING WEATHER WAS RECORDED YESTERDAY.
  LIGHT SNOW
  FOG
  FOG W/VISIBILITY <= 1/4 MILE
  HAZE


RELATIVE HUMIDITY (PERCENT)
 HIGHEST    92           900 AM
 LOWEST     59          1200 AM
 AVERAGE    76

..........................................................


THE ISLIP NY CLIMATE NORMALS FOR TODAY
                         NORMAL    RECORD    YEAR
 MAXIMUM TEMPERATURE (F)   51        81      1998
 MINIMUM TEMPERATURE (F)   35        29      2011
                                             2008
                                             2006


SUNRISE AND SUNSET
MARCH 29 2015.........SUNRISE   641 AM EDT   SUNSET   714 PM EDT
MARCH 30 2015.........SUNRISE   640 AM EDT   SUNSET   715 PM EDT


-  INDICATES NEGATIVE NUMBERS.
R  INDICATES RECORD WAS SET OR TIED.
MM INDICATES DATA IS MISSING.
T  INDICATES TRACE AMOUNT.




$$
