452
CDUS41 KOKX 222042
CLIISP


CLIMATE REPORT
NATIONAL WEATHER SERVICE NEW YORK NY
441 PM EDT THU SEP 22 2016


...................................

...THE ISLIP NY CLIMATE SUMMARY FOR SEPTEMBER 22 2016...
VALID TODAY AS OF 0400 PM LOCAL TIME.

CLIMATE NORMAL PERIOD 1981 TO 2010
CLIMATE RECORD PERIOD 1984 TO 2016


WEATHER ITEM   OBSERVED TIME   RECORD YEAR NORMAL DEPARTURE LAST
                VALUE   (LST)  VALUE       VALUE  FROM      YEAR
                                                  NORMAL
..................................................................
TEMPERATURE (F)
 TODAY
  MAXIMUM         83R   200 PM  83    2005  72     11       73
  MINIMUM         61   1203 AM  38    1997  55      6       59
  AVERAGE         72                        63      9       66

PRECIPITATION (IN)
  TODAY            0.00          1.32 1994   0.12  -0.12     0.00
  MONTH TO DATE    2.48                      2.58  -0.10     2.80
  SINCE SEP 1      2.48                      2.58  -0.10     2.80
  SINCE JAN 1     24.92                     33.72  -8.80    25.16

SNOWFALL (IN)
  TODAY            0.0          MM      MM   0.0    0.0      0.0
  MONTH TO DATE    0.0                       0.0    0.0      0.0
  SINCE OCT 1     41.4                      24.8   16.6     63.7
  SINCE JUL 1      0.0                       0.0    0.0      0.0
  SNOW DEPTH       0

DEGREE DAYS
 HEATING
  TODAY            0                         3     -3        0
  MONTH TO DATE    4                        34    -30        1
  SINCE SEP 1      4                        34    -30        1
  SINCE JUL 1      4                        39    -35        1

 COOLING
  TODAY            7                         2      5        1
  MONTH TO DATE  151                        82     69      166
  SINCE SEP 1    151                        82     69      166
  SINCE JAN 1   1098                       768    330     1047
..................................................................


WIND (MPH)
  HIGHEST WIND SPEED    14   HIGHEST WIND DIRECTION    SE (150)
  HIGHEST GUST SPEED    18   HIGHEST GUST DIRECTION     E (100)
  AVERAGE WIND SPEED     7.2


SKY COVER
  AVERAGE SKY COVER 0.1


WEATHER CONDITIONS
 THE FOLLOWING WEATHER WAS RECORDED TODAY.
  NO SIGNIFICANT WEATHER WAS OBSERVED.


RELATIVE HUMIDITY (PERCENT)
 HIGHEST    93          1200 AM
 LOWEST     28           100 PM
 AVERAGE    61

..........................................................


THE ISLIP NY CLIMATE NORMALS FOR TOMORROW
                         NORMAL    RECORD    YEAR
 MAXIMUM TEMPERATURE (F)   71        86      2005
 MINIMUM TEMPERATURE (F)   55        44      1998


SUNRISE AND SUNSET
SEPTEMBER 22 2016.....SUNRISE   640 AM EDT   SUNSET   649 PM EDT
SEPTEMBER 23 2016.....SUNRISE   641 AM EDT   SUNSET   647 PM EDT


-  INDICATES NEGATIVE NUMBERS.
R  INDICATES RECORD WAS SET OR TIED.
MM INDICATES DATA IS MISSING.
T  INDICATES TRACE AMOUNT.




$$
