064
CDUS41 KOKX 070621
CLIISP


CLIMATE REPORT
NATIONAL WEATHER SERVICE NEW YORK NY
121 AM EST SUN FEB 7 2016


...................................

...THE ISLIP NY CLIMATE SUMMARY FOR FEBRUARY 6 2016...

CLIMATE NORMAL PERIOD 1981 TO 2010
CLIMATE RECORD PERIOD 1986 TO 2016


WEATHER ITEM   OBSERVED TIME   RECORD YEAR NORMAL DEPARTURE LAST
                VALUE   (LST)  VALUE       VALUE  FROM      YEAR
                                                  NORMAL
..................................................................
TEMPERATURE (F)
 YESTERDAY
  MAXIMUM         37    253 PM  60    2008  39     -2       25
  MINIMUM         14    745 AM   4    1993  24    -10        7
  AVERAGE         26                        32     -6       16

PRECIPITATION (IN)
  YESTERDAY        0.00          1.75 2004   0.11  -0.11     0.00
  MONTH TO DATE    1.71                      0.65   1.06     1.48
  SINCE DEC 1     11.51                      8.35   3.16    12.85
  SINCE JAN 1      6.18                      4.29   1.89     6.73

SNOWFALL (IN)
  YESTERDAY        0.0           3.5  1993   0.2   -0.2      0.0
  MONTH TO DATE    9.8                       1.4    8.4      5.8
  SINCE OCT 1     34.6                      14.0   20.6     36.4
  SINCE JUL 1     34.6                      14.0   20.6     36.4
  SNOW DEPTH       9

DEGREE DAYS
 HEATING
  YESTERDAY       39                        34      5       49
  MONTH TO DATE  146                       204    -58      257
  SINCE DEC 1   1631                      2180   -549     2156
  SINCE JUL 1   2383                      3196   -813     3069

 COOLING
  YESTERDAY        0                         0      0        0
  MONTH TO DATE    0                         0      0        0
  SINCE DEC 1      0                         0      0        0
  SINCE JAN 1      0                         0      0        0
..................................................................


WIND (MPH)
  HIGHEST WIND SPEED    16   HIGHEST WIND DIRECTION    SW (230)
  HIGHEST GUST SPEED    20   HIGHEST GUST DIRECTION    SW (230)
  AVERAGE WIND SPEED     4.7


SKY COVER
  AVERAGE SKY COVER 0.5


WEATHER CONDITIONS
 THE FOLLOWING WEATHER WAS RECORDED YESTERDAY.
  FOG


RELATIVE HUMIDITY (PERCENT)
 HIGHEST   100           900 AM
 LOWEST     56          1100 AM
 AVERAGE    78

..........................................................


THE ISLIP NY CLIMATE NORMALS FOR TODAY
                         NORMAL    RECORD    YEAR
 MAXIMUM TEMPERATURE (F)   39        52      1990
 MINIMUM TEMPERATURE (F)   24         2      1993


SUNRISE AND SUNSET
FEBRUARY  7 2016......SUNRISE   657 AM EST   SUNSET   517 PM EST
FEBRUARY  8 2016......SUNRISE   656 AM EST   SUNSET   518 PM EST


-  INDICATES NEGATIVE NUMBERS.
R  INDICATES RECORD WAS SET OR TIED.
MM INDICATES DATA IS MISSING.
T  INDICATES TRACE AMOUNT.




$$
