000
CDUS41 KOKX 240616
CLIISP


CLIMATE REPORT
NATIONAL WEATHER SERVICE NEW YORK NY
116 AM EST SAT JAN 24 2015


...................................

...THE ISLIP NY CLIMATE SUMMARY FOR JANUARY 23 2015...

CLIMATE NORMAL PERIOD 1981 TO 2010
CLIMATE RECORD PERIOD 1986 TO 2015


WEATHER ITEM   OBSERVED TIME   RECORD YEAR NORMAL DEPARTURE LAST
                VALUE   (LST)  VALUE       VALUE  FROM      YEAR
                                                  NORMAL
..................................................................
TEMPERATURE (F)
 YESTERDAY
  MAXIMUM         37   1229 PM  55    1999  38     -1       19
  MINIMUM         21    715 AM   3    1991  23     -2        6
  AVERAGE         29                        30     -1       13

PRECIPITATION (IN)
  YESTERDAY        0.00          2.20 1998   0.11  -0.11     0.00
  MONTH TO DATE    2.76                      2.77  -0.01     3.78
  SINCE DEC 1      8.88                      6.83   2.05     9.58
  SINCE JAN 1      2.76                      2.77  -0.01     3.78

SNOWFALL (IN)
  YESTERDAY        0.0           4.2  2005   0.2   -0.2      0.0
  MONTH TO DATE    1.8                       5.0   -3.2     22.4
  SINCE OCT 1      2.2                      10.9   -8.7     30.8
  SINCE JUL 1      2.2                      10.9   -8.7     30.8
  SNOW DEPTH       0

DEGREE DAYS
 HEATING
  YESTERDAY       36                        35      1       52
  MONTH TO DATE  806                       793     13      819
  SINCE DEC 1   1588                      1704   -116     1677
  SINCE JUL 1   2501                      2720   -219     2641

 COOLING
  YESTERDAY        0                         0      0        0
  MONTH TO DATE    0                         0      0        0
  SINCE DEC 1      0                         0      0        0
  SINCE JAN 1      0                         0      0        0
..................................................................


WIND (MPH)
  HIGHEST WIND SPEED    16   HIGHEST WIND DIRECTION    SW (220)
  HIGHEST GUST SPEED    20   HIGHEST GUST DIRECTION    SW (220)
  AVERAGE WIND SPEED     6.4


SKY COVER
  AVERAGE SKY COVER 0.3


WEATHER CONDITIONS
 THE FOLLOWING WEATHER WAS RECORDED YESTERDAY.
  NO SIGNIFICANT WEATHER WAS OBSERVED.


RELATIVE HUMIDITY (PERCENT)
 HIGHEST    75           700 PM
 LOWEST     44          1100 AM
 AVERAGE    60

..........................................................


THE ISLIP NY CLIMATE NORMALS FOR TODAY
                         NORMAL    RECORD    YEAR
 MAXIMUM TEMPERATURE (F)   38        59      1989
 MINIMUM TEMPERATURE (F)   23         4      2011


SUNRISE AND SUNSET
JANUARY 24 2015.......SUNRISE   710 AM EST   SUNSET   500 PM EST
JANUARY 25 2015.......SUNRISE   709 AM EST   SUNSET   501 PM EST


-  INDICATES NEGATIVE NUMBERS.
R  INDICATES RECORD WAS SET OR TIED.
MM INDICATES DATA IS MISSING.
T  INDICATES TRACE AMOUNT.




$$
