000
CDUS41 KOKX 242150 CCA
CLIISP

CLIMATE REPORT...CORRECTED
NATIONAL WEATHER SERVICE NEW YORK NY
449 PM EST TUE FEB 24 2015


...................................

...THE ISLIP NY CLIMATE SUMMARY FOR FEBRUARY 24 2015...
VALID TODAY AS OF 0400 PM LOCAL TIME.

CLIMATE NORMAL PERIOD 1981 TO 2010
CLIMATE RECORD PERIOD 1986 TO 2015


WEATHER ITEM   OBSERVED TIME   RECORD YEAR NORMAL DEPARTURE LAST
                VALUE   (LST)  VALUE       VALUE  FROM      YEAR
                                                  NORMAL
..................................................................
TEMPERATURE (F)
 TODAY
  MAXIMUM         19    359 PM  59    2000  42    -23       46
  MINIMUM          3R   625 AM  17    2011  27    -24       26
                                      1993
  AVERAGE         11                        34    -23       36

PRECIPITATION (IN)
  TODAY            T             1.31 1998   0.13  -0.13     0.03
  MONTH TO DATE    2.69                      2.71  -0.02     4.32
  SINCE DEC 1     14.06                     10.41   3.65    14.10
  SINCE JAN 1      7.94                      6.35   1.59     8.30

SNOWFALL (IN)
  TODAY            T             3.2  2005   0.2   -0.2      0.0
  MONTH TO DATE   13.4                       6.1    7.3     23.9
  SINCE OCT 1     44.0                      18.7   25.3     57.5
  SINCE JUL 1     44.0                      18.7   25.3     57.5
  SNOW DEPTH       9

DEGREE DAYS
 HEATING
  TODAY           54                        31     23       29
  MONTH TO DATE 1048                       782    266      813
  SINCE DEC 1   2947                      2758    189     2821
  SINCE JUL 1   3860                      3774     86     3785

 COOLING
  TODAY            0                         0      0        0
  MONTH TO DATE    0                         0      0        0
  SINCE DEC 1      0                         0      0        0
  SINCE JAN 1      0                         0      0        0
..................................................................


WIND (MPH)
  HIGHEST WIND SPEED    14   HIGHEST WIND DIRECTION     S (160)
  HIGHEST GUST SPEED    19   HIGHEST GUST DIRECTION     S (160)
  AVERAGE WIND SPEED     4.9


SKY COVER
  AVERAGE SKY COVER 0.3


WEATHER CONDITIONS
 THE FOLLOWING WEATHER WAS RECORDED TODAY.
  HAZE


RELATIVE HUMIDITY (PERCENT)
 HIGHEST    76           800 AM
 LOWEST     50          1200 AM
 AVERAGE    63

..........................................................


THE ISLIP NY CLIMATE NORMALS FOR TOMORROW
                         NORMAL    RECORD    YEAR
 MAXIMUM TEMPERATURE (F)   42        63      1985
 MINIMUM TEMPERATURE (F)   27        12      1989


SUNRISE AND SUNSET
FEBRUARY 24 2015......SUNRISE   634 AM EST   SUNSET   537 PM EST
FEBRUARY 25 2015......SUNRISE   633 AM EST   SUNSET   539 PM EST


-  INDICATES NEGATIVE NUMBERS.
R  INDICATES RECORD WAS SET OR TIED.
MM INDICATES DATA IS MISSING.
T  INDICATES TRACE AMOUNT.




$$
