000
CDUS41 KOKX 012041
CLIISP


CLIMATE REPORT
NATIONAL WEATHER SERVICE NEW YORK NY
441 PM EDT TUE SEP 1 2015


...................................

...THE ISLIP NY CLIMATE SUMMARY FOR SEPTEMBER 1 2015...
VALID TODAY AS OF 0400 PM LOCAL TIME.

CLIMATE NORMAL PERIOD 1981 TO 2010
CLIMATE RECORD PERIOD 1986 TO 2015


WEATHER ITEM   OBSERVED TIME   RECORD YEAR NORMAL DEPARTURE LAST
                VALUE   (LST)  VALUE       VALUE  FROM      YEAR
                                                  NORMAL
..................................................................
TEMPERATURE (F)
 TODAY
  MAXIMUM         87   1123 AM  93    2010  78      9       85
  MINIMUM         71    548 AM  49    1991  63      8       73
  AVERAGE         79                        70      9       79

PRECIPITATION (IN)
  TODAY            0.00          0.59 1987   0.13  -0.13     0.00
  MONTH TO DATE    0.00                      0.13  -0.13     0.00
  SINCE SEP 1      0.00                      0.13  -0.13     0.00
  SINCE JAN 1     22.36                     31.27  -8.91    40.56

SNOWFALL (IN)
  TODAY            0.0          MM      MM   0.0    0.0      0.0
  MONTH TO DATE    0.0                       0.0    0.0      0.0
  SINCE OCT 1     63.7                      24.8   38.9     63.7
  SINCE JUL 1      0.0                       0.0    0.0      0.0
  SNOW DEPTH       0

DEGREE DAYS
 HEATING
  TODAY            0                         0      0        0
  MONTH TO DATE    0                         0      0        0
  SINCE SEP 1      0                         0      0        0
  SINCE JUL 1      0                         5     -5        0

 COOLING
  TODAY           14                         6      8       14
  MONTH TO DATE   14                         6      8       14
  SINCE SEP 1     14                         6      8       14
  SINCE JAN 1    895                       692    203      761
..................................................................


WIND (MPH)
  HIGHEST WIND SPEED    14   HIGHEST WIND DIRECTION     S (160)
  HIGHEST GUST SPEED    17   HIGHEST GUST DIRECTION    SE (150)
  AVERAGE WIND SPEED     6.8


SKY COVER
  AVERAGE SKY COVER 0.2


WEATHER CONDITIONS
 THE FOLLOWING WEATHER WAS RECORDED TODAY.
  HAZE


RELATIVE HUMIDITY (PERCENT)
 HIGHEST    84           300 AM
 LOWEST     47           300 PM
 AVERAGE    66

..........................................................


THE ISLIP NY CLIMATE NORMALS FOR TOMORROW
                         NORMAL    RECORD    YEAR
 MAXIMUM TEMPERATURE (F)   78        88      2014
                                             2005
                                             1996
 MINIMUM TEMPERATURE (F)   63        47      1992


SUNRISE AND SUNSET
SEPTEMBER  1 2015.....SUNRISE   619 AM EDT   SUNSET   725 PM EDT
SEPTEMBER  2 2015.....SUNRISE   620 AM EDT   SUNSET   724 PM EDT


-  INDICATES NEGATIVE NUMBERS.
R  INDICATES RECORD WAS SET OR TIED.
MM INDICATES DATA IS MISSING.
T  INDICATES TRACE AMOUNT.




$$
