000
CDUS41 KOKX 310617
CLIISP


CLIMATE REPORT
NATIONAL WEATHER SERVICE NEW YORK NY
217 AM EDT SUN MAY 31 2015


...................................

...THE ISLIP NY CLIMATE SUMMARY FOR MAY 30 2015...

CLIMATE NORMAL PERIOD 1981 TO 2010
CLIMATE RECORD PERIOD 1986 TO 2015


WEATHER ITEM   OBSERVED TIME   RECORD YEAR NORMAL DEPARTURE LAST
                VALUE   (LST)  VALUE       VALUE  FROM      YEAR
                                                  NORMAL
..................................................................
TEMPERATURE (F)
 YESTERDAY
  MAXIMUM         78   1229 PM  95    1987  72      6       71
  MINIMUM         61   1252 AM  41    2004  55      6       52
  AVERAGE         70                        63      7       62

PRECIPITATION (IN)
  YESTERDAY        0.00          2.25 1984   0.14  -0.14     0.01
  MONTH TO DATE    0.42                      3.64  -3.22     2.66
  SINCE MAR 1      7.15                     12.42  -5.27    13.40
  SINCE JAN 1     15.09                     19.32  -4.23    21.74

SNOWFALL (IN)
  YESTERDAY        0.0          MM      MM   0.0    0.0      0.0
  MONTH TO DATE    0.0                       0.0    0.0      0.0
  SINCE OCT 1     63.7                      24.8   38.9     63.7
  SINCE JUL 1     63.7                      24.8   38.9     63.7
  SNOW DEPTH       0

DEGREE DAYS
 HEATING
  YESTERDAY        0                         4     -4        3
  MONTH TO DATE  112                       216   -104      124
  SINCE MAR 1   1491                      1492     -1     1501
  SINCE JUL 1   5511                      5387    124     5454

 COOLING
  YESTERDAY        5                         2      3        0
  MONTH TO DATE   47                        17     30       29
  SINCE MAR 1     47                        19     28       29
  SINCE JAN 1     47                        19     28       29
..................................................................


WIND (MPH)
  HIGHEST WIND SPEED    22   HIGHEST WIND DIRECTION     S (200)
  HIGHEST GUST SPEED    28   HIGHEST GUST DIRECTION     S (200)
  AVERAGE WIND SPEED    11.8


SKY COVER
  AVERAGE SKY COVER 0.5


WEATHER CONDITIONS
 THE FOLLOWING WEATHER WAS RECORDED YESTERDAY.
  FOG


RELATIVE HUMIDITY (PERCENT)
 HIGHEST   100           600 AM
 LOWEST     64           100 PM
 AVERAGE    82

..........................................................


THE ISLIP NY CLIMATE NORMALS FOR TODAY
                         NORMAL    RECORD    YEAR
 MAXIMUM TEMPERATURE (F)   72        92      1987
 MINIMUM TEMPERATURE (F)   55        41      1990


SUNRISE AND SUNSET
MAY 31 2015...........SUNRISE   524 AM EDT   SUNSET   817 PM EDT
JUNE  1 2015..........SUNRISE   523 AM EDT   SUNSET   817 PM EDT


-  INDICATES NEGATIVE NUMBERS.
R  INDICATES RECORD WAS SET OR TIED.
MM INDICATES DATA IS MISSING.
T  INDICATES TRACE AMOUNT.




$$
