000
CDUS41 KOKX 242038
CLIISP


CLIMATE REPORT
NATIONAL WEATHER SERVICE NEW YORK NY
438 PM EDT WED AUG 24 2016


...................................

...THE ISLIP NY CLIMATE SUMMARY FOR AUGUST 24 2016...
VALID TODAY AS OF 0400 PM LOCAL TIME.

CLIMATE NORMAL PERIOD 1981 TO 2010
CLIMATE RECORD PERIOD 1984 TO 2016


WEATHER ITEM   OBSERVED TIME   RECORD YEAR NORMAL DEPARTURE LAST
                VALUE   (LST)  VALUE       VALUE  FROM      YEAR
                                                  NORMAL
..................................................................
TEMPERATURE (F)
 TODAY
  MAXIMUM         85    137 PM  91    1995  80      5       84
  MINIMUM         64    515 AM  54    1994  65     -1       70
                                      1987
  AVERAGE         75                        72      3       77

PRECIPITATION (IN)
  TODAY            0.00          6.74 1990   0.13  -0.13      T
  MONTH TO DATE    0.89                      3.14  -2.25     1.48
  SINCE JUN 1      5.24                     10.84  -5.60     7.27
  SINCE JAN 1     22.43                     30.30  -7.87    22.36

SNOWFALL (IN)
  TODAY            0.0          MM      MM   0.0    0.0      0.0
  MONTH TO DATE    0.0                       0.0    0.0      0.0
  SINCE OCT 1     41.4                      24.8   16.6     63.7
  SINCE JUL 1      0.0                       0.0    0.0      0.0
  SNOW DEPTH       0

DEGREE DAYS
 HEATING
  TODAY            0                         0      0        0
  MONTH TO DATE    0                         0      0        0
  SINCE JUN 1      8                        40    -32       46
  SINCE JUL 1      0                         2     -2        0

 COOLING
  TODAY           10                         7      3       12
  MONTH TO DATE  297                       201     96      270
  SINCE JUN 1    809                       617    192      763
  SINCE JAN 1    853                       641    212      813
..................................................................


WIND (MPH)
  HIGHEST WIND SPEED    16   HIGHEST WIND DIRECTION    SW (220)
  HIGHEST GUST SPEED    23   HIGHEST GUST DIRECTION    SW (210)
  AVERAGE WIND SPEED     6.8


SKY COVER
  AVERAGE SKY COVER 0.1


WEATHER CONDITIONS
 THE FOLLOWING WEATHER WAS RECORDED TODAY.
  NO SIGNIFICANT WEATHER WAS OBSERVED.


RELATIVE HUMIDITY (PERCENT)
 HIGHEST    87           600 AM
 LOWEST     40          1100 AM
 AVERAGE    64

..........................................................


THE ISLIP NY CLIMATE NORMALS FOR TOMORROW
                         NORMAL    RECORD    YEAR
 MAXIMUM TEMPERATURE (F)   79        92      1998
 MINIMUM TEMPERATURE (F)   64        51      1987


SUNRISE AND SUNSET
AUGUST 24 2016........SUNRISE   612 AM EDT   SUNSET   737 PM EDT
AUGUST 25 2016........SUNRISE   613 AM EDT   SUNSET   735 PM EDT


-  INDICATES NEGATIVE NUMBERS.
R  INDICATES RECORD WAS SET OR TIED.
MM INDICATES DATA IS MISSING.
T  INDICATES TRACE AMOUNT.




$$
