000
CDUS41 KOKX 290643
CLIISP


CLIMATE REPORT
NATIONAL WEATHER SERVICE NEW YORK NY
243 AM EDT MON JUN 29 2015


...................................

...THE ISLIP NY CLIMATE SUMMARY FOR JUNE 28 2015...

CLIMATE NORMAL PERIOD 1981 TO 2010
CLIMATE RECORD PERIOD 1986 TO 2015


WEATHER ITEM   OBSERVED TIME   RECORD YEAR NORMAL DEPARTURE LAST
                VALUE   (LST)  VALUE       VALUE  FROM      YEAR
                                                  NORMAL
..................................................................
TEMPERATURE (F)
 YESTERDAY
  MAXIMUM         71    418 PM  91    2010  80     -9       86
  MINIMUM         62    846 AM  50    1995  64     -2       60
  AVERAGE         67                        72     -5       73

PRECIPITATION (IN)
  YESTERDAY        0.35          0.76 2005   0.11   0.24     0.00
  MONTH TO DATE    4.05                      4.05   0.00     1.79
  SINCE JUN 1      4.05                      4.05   0.00     1.79
  SINCE JAN 1     19.14                     23.51  -4.37    23.53

SNOWFALL (IN)
  YESTERDAY        0.0          MM      MM   0.0    0.0      0.0
  MONTH TO DATE    0.0                       0.0    0.0      0.0
  SINCE OCT 1     63.7                      24.8   38.9     63.7
  SINCE JUL 1     63.7                      24.8   38.9     63.7
  SNOW DEPTH       0

DEGREE DAYS
 HEATING
  YESTERDAY        0                         0      0        0
  MONTH TO DATE   46                        36     10        2
  SINCE JUN 1     46                        36     10        2
  SINCE JUL 1   5557                      5426    131     5459

 COOLING
  YESTERDAY        2                         7     -5        8
  MONTH TO DATE  142                       125     17      157
  SINCE JUN 1    142                       125     17      157
  SINCE JAN 1    192                       149     43      186
..................................................................


WIND (MPH)
  HIGHEST WIND SPEED    23   HIGHEST WIND DIRECTION     E (90)
  HIGHEST GUST SPEED    32   HIGHEST GUST DIRECTION     E (100)
  AVERAGE WIND SPEED     8.4


SKY COVER
  AVERAGE SKY COVER 1.0


WEATHER CONDITIONS
 THE FOLLOWING WEATHER WAS RECORDED YESTERDAY.
  HEAVY RAIN
  LIGHT RAIN
  FOG
  HAZE


RELATIVE HUMIDITY (PERCENT)
 HIGHEST    93           100 AM
 LOWEST     73           500 PM
 AVERAGE    83

..........................................................


THE ISLIP NY CLIMATE NORMALS FOR TODAY
                         NORMAL    RECORD    YEAR
 MAXIMUM TEMPERATURE (F)   80        95      1991
 MINIMUM TEMPERATURE (F)   64        49      1995


SUNRISE AND SUNSET
JUNE 29 2015..........SUNRISE   524 AM EDT   SUNSET   828 PM EDT
JUNE 30 2015..........SUNRISE   524 AM EDT   SUNSET   828 PM EDT


-  INDICATES NEGATIVE NUMBERS.
R  INDICATES RECORD WAS SET OR TIED.
MM INDICATES DATA IS MISSING.
T  INDICATES TRACE AMOUNT.




$$
