000
CDUS41 KOKX 250629
CLIISP


CLIMATE REPORT
NATIONAL WEATHER SERVICE NEW YORK NY
229 AM EDT WED MAR 25 2015


...................................

...THE ISLIP NY CLIMATE SUMMARY FOR MARCH 24 2015...

CLIMATE NORMAL PERIOD 1981 TO 2010
CLIMATE RECORD PERIOD 1986 TO 2015


WEATHER ITEM   OBSERVED TIME   RECORD YEAR NORMAL DEPARTURE LAST
                VALUE   (LST)  VALUE       VALUE  FROM      YEAR
                                                  NORMAL
..................................................................
TEMPERATURE (F)
 YESTERDAY
  MAXIMUM         42    420 PM  67    2000  50     -8       34
  MINIMUM         25    626 AM  20    2014  34     -9       20
  AVERAGE         34                        42     -8       27

PRECIPITATION (IN)
  YESTERDAY        0.00          1.39 1993   0.15  -0.15     0.00
  MONTH TO DATE    4.23                      3.44   0.79     1.30
  SINCE MAR 1      4.23                      3.44   0.79     1.30
  SINCE JAN 1     12.17                     10.34   1.83     9.64

SNOWFALL (IN)
  YESTERDAY        0.0           1.4  2011   0.1   -0.1      0.0
  MONTH TO DATE   18.2                       3.9   14.3      0.8
  SINCE OCT 1     62.2                      23.6   38.6     58.9
  SINCE JUL 1     62.2                      23.6   38.6     58.9
  SNOW DEPTH       0

DEGREE DAYS
 HEATING
  YESTERDAY       31                        23      8       38
  MONTH TO DATE  740                       642     98      712
  SINCE MAR 1    740                       642     98      712
  SINCE JUL 1   4760                      4537    223     4665

 COOLING
  YESTERDAY        0                         0      0        0
  MONTH TO DATE    0                         0      0        0
  SINCE MAR 1      0                         0      0        0
  SINCE JAN 1      0                         0      0        0
..................................................................


WIND (MPH)
  HIGHEST WIND SPEED    15   HIGHEST WIND DIRECTION     N (340)
  HIGHEST GUST SPEED    18   HIGHEST GUST DIRECTION     N (340)
  AVERAGE WIND SPEED     6.9


SKY COVER
  AVERAGE SKY COVER 0.4


WEATHER CONDITIONS
 THE FOLLOWING WEATHER WAS RECORDED YESTERDAY.
  NO SIGNIFICANT WEATHER WAS OBSERVED.


RELATIVE HUMIDITY (PERCENT)
 HIGHEST    75          1100 PM
 LOWEST     30           300 PM
 AVERAGE    53

..........................................................


THE ISLIP NY CLIMATE NORMALS FOR TODAY
                         NORMAL    RECORD    YEAR
 MAXIMUM TEMPERATURE (F)   50        66      1987
 MINIMUM TEMPERATURE (F)   34        18      2014


SUNRISE AND SUNSET
MARCH 25 2015.........SUNRISE   648 AM EDT   SUNSET   710 PM EDT
MARCH 26 2015.........SUNRISE   646 AM EDT   SUNSET   711 PM EDT


-  INDICATES NEGATIVE NUMBERS.
R  INDICATES RECORD WAS SET OR TIED.
MM INDICATES DATA IS MISSING.
T  INDICATES TRACE AMOUNT.




$$
