000
CDUS41 KOKX 242131
CLIISP


CLIMATE REPORT
NATIONAL WEATHER SERVICE NEW YORK NY
431 PM EST MON NOV 24 2014


...................................

...THE ISLIP NY CLIMATE SUMMARY FOR NOVEMBER 24 2014...
VALID TODAY AS OF 0400 PM LOCAL TIME.

CLIMATE NORMAL PERIOD 1981 TO 2010
CLIMATE RECORD PERIOD 1986 TO 2014


WEATHER ITEM   OBSERVED TIME   RECORD YEAR NORMAL DEPARTURE LAST
                VALUE   (LST)  VALUE       VALUE  FROM      YEAR
                                                  NORMAL
..................................................................
TEMPERATURE (F)
 TODAY
  MAXIMUM         61   1143 AM  63    2001  50     11       31
  MINIMUM         52   1205 AM  11    1989  35     17       23
  AVERAGE         57                        43     14       27

PRECIPITATION (IN)
  TODAY            0.57R         0.41 1986   0.13   0.44     0.00
  MONTH TO DATE    3.57                      2.88   0.69     0.72
  SINCE SEP 1      9.26                     10.25  -0.99     2.77
  SINCE JAN 1     49.82                     41.39   8.43    31.33

SNOWFALL (IN)
  TODAY            0.0           0.5  2005   0.1   -0.1      0.0
  MONTH TO DATE    T                         0.3   -0.3      0.3
  SINCE OCT 1      T                         0.3   -0.3      0.3
  SINCE JUL 1      T                         0.3   -0.3      0.3
  SNOW DEPTH       0

DEGREE DAYS
 HEATING
  TODAY            8                        22    -14       38
  MONTH TO DATE  486                       453     33      471
  SINCE SEP 1    774                       868    -94      793
  SINCE JUL 1    774                       873    -99      793

 COOLING
  TODAY            0                         0      0        0
  MONTH TO DATE    0                         0      0        0
  SINCE SEP 1    140                       101     39      110
  SINCE JAN 1    887                       787    100      957
..................................................................


WIND (MPH)
  HIGHEST WIND SPEED    31   HIGHEST WIND DIRECTION     S (170)
  HIGHEST GUST SPEED    45   HIGHEST GUST DIRECTION     S (170)
  AVERAGE WIND SPEED    17.0


SKY COVER
  AVERAGE SKY COVER 1.0


WEATHER CONDITIONS
 THE FOLLOWING WEATHER WAS RECORDED TODAY.
  HEAVY RAIN
  RAIN
  LIGHT RAIN
  FOG
  FOG W/VISIBILITY <= 1/4 MILE


RELATIVE HUMIDITY (PERCENT)
 HIGHEST   100           200 PM
 LOWEST     80           200 AM
 AVERAGE    90

..........................................................


THE ISLIP NY CLIMATE NORMALS FOR TOMORROW
                         NORMAL    RECORD    YEAR
 MAXIMUM TEMPERATURE (F)   50        65      2001
 MINIMUM TEMPERATURE (F)   35        18      1989


SUNRISE AND SUNSET
NOVEMBER 24 2014......SUNRISE   650 AM EST   SUNSET   428 PM EST
NOVEMBER 25 2014......SUNRISE   651 AM EST   SUNSET   428 PM EST


-  INDICATES NEGATIVE NUMBERS.
R  INDICATES RECORD WAS SET OR TIED.
MM INDICATES DATA IS MISSING.
T  INDICATES TRACE AMOUNT.




$$
