000
CDUS41 KOKX 170620
CLIISP


CLIMATE REPORT
NATIONAL WEATHER SERVICE NEW YORK NY
219 AM EDT FRI OCT 17 2014


...................................

...THE ISLIP NY CLIMATE SUMMARY FOR OCTOBER 16 2014...

CLIMATE NORMAL PERIOD 1981 TO 2010
CLIMATE RECORD PERIOD 1986 TO 2014


WEATHER ITEM   OBSERVED TIME   RECORD YEAR NORMAL DEPARTURE LAST
                VALUE   (LST)  VALUE       VALUE  FROM      YEAR
                                                  NORMAL
..................................................................
TEMPERATURE (F)
 YESTERDAY
  MAXIMUM         71   1257 AM  74    2008  63      8       70
  MINIMUM         60   1130 PM  36    2006  45     15       52
  AVERAGE         66                        54     12       61

PRECIPITATION (IN)
  YESTERDAY        1.02R         0.39 2002   0.12   0.90     0.00
  MONTH TO DATE    2.53                      1.97   0.56     0.15
  SINCE SEP 1      4.15                      5.55  -1.40     1.98
  SINCE JAN 1     44.71                     36.69   8.02    30.54

SNOWFALL (IN)
  YESTERDAY        0.0          MM      MM   0.0    0.0      0.0
  MONTH TO DATE    0.0                       0.0    0.0      0.0
  SINCE OCT 1      0.0                       0.0    0.0      0.0
  SINCE JUL 1      0.0                       0.0    0.0      0.0
  SNOW DEPTH       0

DEGREE DAYS
 HEATING
  YESTERDAY        0                        11    -11        4
  MONTH TO DATE   95                       141    -46       44
  SINCE SEP 1    139                       213    -74      127
  SINCE JUL 1    139                       218    -79      127

 COOLING
  YESTERDAY        1                         0      1        0
  MONTH TO DATE   16                         9      7       23
  SINCE SEP 1    140                       100     40      107
  SINCE JAN 1    887                       786    101      954
..................................................................


WIND (MPH)
  HIGHEST WIND SPEED    26   HIGHEST WIND DIRECTION     S (190)
  HIGHEST GUST SPEED    36   HIGHEST GUST DIRECTION     S (190)
  AVERAGE WIND SPEED    10.7


SKY COVER
  AVERAGE SKY COVER 0.7


WEATHER CONDITIONS
 THE FOLLOWING WEATHER WAS RECORDED YESTERDAY.
  HEAVY RAIN
  RAIN
  LIGHT RAIN
  FOG


RELATIVE HUMIDITY (PERCENT)
 HIGHEST    93           600 AM
 LOWEST     78           500 PM
 AVERAGE    86

..........................................................


THE ISLIP NY CLIMATE NORMALS FOR TODAY
                         NORMAL    RECORD    YEAR
 MAXIMUM TEMPERATURE (F)   63        76      1996
 MINIMUM TEMPERATURE (F)   45        36      1992
                                             1985


SUNRISE AND SUNSET
OCTOBER 17 2014.......SUNRISE   706 AM EDT   SUNSET   609 PM EDT
OCTOBER 18 2014.......SUNRISE   707 AM EDT   SUNSET   608 PM EDT


-  INDICATES NEGATIVE NUMBERS.
R  INDICATES RECORD WAS SET OR TIED.
MM INDICATES DATA IS MISSING.
T  INDICATES TRACE AMOUNT.




$$
