000
CDUS41 KOKX 260622
CLIISP


CLIMATE REPORT
NATIONAL WEATHER SERVICE NEW YORK NY
222 AM EDT THU MAR 26 2015


...................................

...THE ISLIP NY CLIMATE SUMMARY FOR MARCH 25 2015...

CLIMATE NORMAL PERIOD 1981 TO 2010
CLIMATE RECORD PERIOD 1986 TO 2015


WEATHER ITEM   OBSERVED TIME   RECORD YEAR NORMAL DEPARTURE LAST
                VALUE   (LST)  VALUE       VALUE  FROM      YEAR
                                                  NORMAL
..................................................................
TEMPERATURE (F)
 YESTERDAY
  MAXIMUM         46    134 PM  66    1987  50     -4       38
  MINIMUM         24    545 AM  18    2014  34    -10       18
  AVERAGE         35                        42     -7       28

PRECIPITATION (IN)
  YESTERDAY        0.11          0.20 2012   0.14  -0.03      T
  MONTH TO DATE    4.34                      3.58   0.76     1.30
  SINCE MAR 1      4.34                      3.58   0.76     1.30
  SINCE JAN 1     12.28                     10.48   1.80     9.64

SNOWFALL (IN)
  YESTERDAY        0.0           T    2014   0.1   -0.1       T
                                      2013
  MONTH TO DATE   18.2                       4.0   14.2      0.8
  SINCE OCT 1     62.2                      23.7   38.5     58.9
  SINCE JUL 1     62.2                      23.7   38.5     58.9
  SNOW DEPTH       0

DEGREE DAYS
 HEATING
  YESTERDAY       30                        23      7       37
  MONTH TO DATE  770                       665    105      749
  SINCE MAR 1    770                       665    105      749
  SINCE JUL 1   4790                      4560    230     4702

 COOLING
  YESTERDAY        0                         0      0        0
  MONTH TO DATE    0                         0      0        0
  SINCE MAR 1      0                         0      0        0
  SINCE JAN 1      0                         0      0        0
..................................................................


WIND (MPH)
  HIGHEST WIND SPEED    15   HIGHEST WIND DIRECTION     S (180)
  HIGHEST GUST SPEED    21   HIGHEST GUST DIRECTION     S (160)
  AVERAGE WIND SPEED     5.8


SKY COVER
  AVERAGE SKY COVER 0.6


WEATHER CONDITIONS
 THE FOLLOWING WEATHER WAS RECORDED YESTERDAY.
  LIGHT RAIN
  FOG
  HAZE


RELATIVE HUMIDITY (PERCENT)
 HIGHEST    92          1100 PM
 LOWEST     33          1100 AM
 AVERAGE    63

..........................................................


THE ISLIP NY CLIMATE NORMALS FOR TODAY
                         NORMAL    RECORD    YEAR
 MAXIMUM TEMPERATURE (F)   50        64      2000
 MINIMUM TEMPERATURE (F)   34        24      2014


SUNRISE AND SUNSET
MARCH 26 2015.........SUNRISE   646 AM EDT   SUNSET   711 PM EDT
MARCH 27 2015.........SUNRISE   645 AM EDT   SUNSET   712 PM EDT


-  INDICATES NEGATIVE NUMBERS.
R  INDICATES RECORD WAS SET OR TIED.
MM INDICATES DATA IS MISSING.
T  INDICATES TRACE AMOUNT.




$$
