000
CDUS41 KOKX 270615
CLIISP


CLIMATE REPORT
NATIONAL WEATHER SERVICE NEW YORK NY
215 AM EDT SAT SEP 27 2014


...................................

...THE ISLIP NY CLIMATE SUMMARY FOR SEPTEMBER 26 2014...

CLIMATE NORMAL PERIOD 1981 TO 2010
CLIMATE RECORD PERIOD 1986 TO 2014


WEATHER ITEM   OBSERVED TIME   RECORD YEAR NORMAL DEPARTURE LAST
                VALUE   (LST)  VALUE       VALUE  FROM      YEAR
                                                  NORMAL
..................................................................
TEMPERATURE (F)
 YESTERDAY
  MAXIMUM         76    342 PM  79    2011  70      6       69
                                      2007
                                      1998
  MINIMUM         56   1156 PM  40    1987  53      3       50
  AVERAGE         66                        62      4       60

PRECIPITATION (IN)
  YESTERDAY        0.00          2.39 2008   0.12  -0.12     0.00
  MONTH TO DATE    1.62                      3.06  -1.44     1.83
  SINCE SEP 1      1.62                      3.06  -1.44     1.83
  SINCE JAN 1     42.18                     34.20   7.98    30.39

SNOWFALL (IN)
  YESTERDAY        0.0          MM      MM   0.0    0.0      0.0
  MONTH TO DATE    0.0                       0.0    0.0      0.0
  SINCE OCT 1     63.7                      24.8   38.9     46.9
  SINCE JUL 1      0.0                       0.0    0.0      0.0
  SNOW DEPTH       0

DEGREE DAYS
 HEATING
  YESTERDAY        0                         4     -4        5
  MONTH TO DATE   44                        50     -6       65
  SINCE SEP 1     44                        50     -6       65
  SINCE JUL 1     44                        55    -11       65

 COOLING
  YESTERDAY        1                         1      0        0
  MONTH TO DATE  111                        87     24       84
  SINCE SEP 1    111                        87     24       84
  SINCE JAN 1    858                       773     85      931
..................................................................


WIND (MPH)
  HIGHEST WIND SPEED    20   HIGHEST WIND DIRECTION    NE (30)
  HIGHEST GUST SPEED    23   HIGHEST GUST DIRECTION    NE (30)
  AVERAGE WIND SPEED     7.3


SKY COVER
  AVERAGE SKY COVER 0.3


WEATHER CONDITIONS
 THE FOLLOWING WEATHER WAS RECORDED YESTERDAY.
  NO SIGNIFICANT WEATHER WAS OBSERVED.


RELATIVE HUMIDITY (PERCENT)
 HIGHEST    93           100 AM
 LOWEST     35           200 PM
 AVERAGE    64

..........................................................


THE ISLIP NY CLIMATE NORMALS FOR TODAY
                         NORMAL    RECORD    YEAR
 MAXIMUM TEMPERATURE (F)   70        86      1998
 MINIMUM TEMPERATURE (F)   53        39      1989


SUNRISE AND SUNSET
SEPTEMBER 27 2014.....SUNRISE   645 AM EDT   SUNSET   641 PM EDT
SEPTEMBER 28 2014.....SUNRISE   646 AM EDT   SUNSET   640 PM EDT


-  INDICATES NEGATIVE NUMBERS.
R  INDICATES RECORD WAS SET OR TIED.
MM INDICATES DATA IS MISSING.
T  INDICATES TRACE AMOUNT.




$$
