000
CDUS41 KOKX 282132
CLIISP


CLIMATE REPORT
NATIONAL WEATHER SERVICE NEW YORK NY
432 PM EST MON NOV 28 2016


...................................

...THE ISLIP NY CLIMATE SUMMARY FOR NOVEMBER 28 2016...
VALID TODAY AS OF 0400 PM LOCAL TIME.

CLIMATE NORMAL PERIOD 1981 TO 2010
CLIMATE RECORD PERIOD 1984 TO 2016


WEATHER ITEM   OBSERVED TIME   RECORD YEAR NORMAL DEPARTURE LAST
                VALUE   (LST)  VALUE       VALUE  FROM      YEAR
                                                  NORMAL
..................................................................
TEMPERATURE (F)
 TODAY
  MAXIMUM         53    140 PM  68    2011  49      4       62
  MINIMUM         27    633 AM  20    1996  34     -7       46
  AVERAGE         40                        41     -1       54

PRECIPITATION (IN)
  TODAY            0.00          1.93 1993   0.13  -0.13     0.01
  MONTH TO DATE    0.90                      3.39  -2.49     2.31
  SINCE SEP 1      6.86                     10.76  -3.90    10.91
  SINCE JAN 1     29.30                     41.90 -12.60    33.27

SNOWFALL (IN)
  TODAY            0.0          MM      MM   0.0    0.0      0.0
  MONTH TO DATE    T                         0.4   -0.4      0.0
  SINCE OCT 1      T                         0.4   -0.4      0.0
  SINCE JUL 1      T                         0.4   -0.4      0.0
  SNOW DEPTH       0

DEGREE DAYS
 HEATING
  TODAY           25                        24      1       11
  MONTH TO DATE  487                       546    -59      400
  SINCE SEP 1    764                       961   -197      704
  SINCE JUL 1    764                       966   -202      704

 COOLING
  TODAY            0                         0      0        0
  MONTH TO DATE    0                         0      0        1
  SINCE SEP 1    177                       101     76      188
  SINCE JAN 1   1124                       787    337     1069
..................................................................


WIND (MPH)
  HIGHEST WIND SPEED    13   HIGHEST WIND DIRECTION    NW (300)
  HIGHEST GUST SPEED    16   HIGHEST GUST DIRECTION     W (270)
  AVERAGE WIND SPEED     4.7


SKY COVER
  AVERAGE SKY COVER 0.2


WEATHER CONDITIONS
 THE FOLLOWING WEATHER WAS RECORDED TODAY.
  NO SIGNIFICANT WEATHER WAS OBSERVED.


RELATIVE HUMIDITY (PERCENT)
 HIGHEST    92           500 AM
 LOWEST     41          1200 PM
 AVERAGE    67

..........................................................


THE ISLIP NY CLIMATE NORMALS FOR TOMORROW
                         NORMAL    RECORD    YEAR
 MAXIMUM TEMPERATURE (F)   49        66      2011
                                             1991
 MINIMUM TEMPERATURE (F)   33        21      2014


SUNRISE AND SUNSET
NOVEMBER 28 2016......SUNRISE   655 AM EST   SUNSET   426 PM EST
NOVEMBER 29 2016......SUNRISE   656 AM EST   SUNSET   426 PM EST


-  INDICATES NEGATIVE NUMBERS.
R  INDICATES RECORD WAS SET OR TIED.
MM INDICATES DATA IS MISSING.
T  INDICATES TRACE AMOUNT.




$$
