039
CDUS41 KOKX 032047
CLIISP


CLIMATE REPORT
NATIONAL WEATHER SERVICE NEW YORK NY
447 PM EDT TUE MAY 3 2016


...................................

...THE ISLIP NY CLIMATE SUMMARY FOR MAY 3 2016...
VALID TODAY AS OF 0400 PM LOCAL TIME.

CLIMATE NORMAL PERIOD 1981 TO 2010
CLIMATE RECORD PERIOD 1986 TO 2016


WEATHER ITEM   OBSERVED TIME   RECORD YEAR NORMAL DEPARTURE LAST
                VALUE   (LST)  VALUE       VALUE  FROM      YEAR
                                                  NORMAL
..................................................................
TEMPERATURE (F)
 TODAY
  MAXIMUM         53   1211 PM  85    2001  64    -11       65
  MINIMUM         51    246 PM  38    2005  46      5       44
  AVERAGE         52                        55     -3       55

PRECIPITATION (IN)
  TODAY            0.25          1.73 1985   0.12   0.13     0.00
  MONTH TO DATE    0.42                      0.34   0.08     0.00
  SINCE MAR 1      5.53                      9.12  -3.59     6.73
  SINCE JAN 1     14.00                     16.02  -2.02    14.67

SNOWFALL (IN)
  TODAY            0.0          MM      MM   0.0    0.0      0.0
  MONTH TO DATE    0.0                       0.0    0.0      0.0
  SINCE OCT 1     41.4                      24.8   16.6     63.7
  SINCE JUL 1     41.4                      24.8   16.6     63.7
  SNOW DEPTH      MM

DEGREE DAYS
 HEATING
  TODAY           13                        11      2       10
  MONTH TO DATE   45                        33     12       38
  SINCE MAR 1   1101                      1309   -208     1417
  SINCE JUL 1   4183                      5204  -1021     5437

 COOLING
  TODAY            0                         0      0        0
  MONTH TO DATE    0                         0      0        0
  SINCE MAR 1      0                         2     -2        0
  SINCE JAN 1      0                         2     -2        0
..................................................................


WIND (MPH)
  HIGHEST WIND SPEED    13   HIGHEST WIND DIRECTION    NE (50)
  HIGHEST GUST SPEED    19   HIGHEST GUST DIRECTION     E (90)
  AVERAGE WIND SPEED     6.5


SKY COVER
  AVERAGE SKY COVER 0.8


WEATHER CONDITIONS
 THE FOLLOWING WEATHER WAS RECORDED TODAY.
  LIGHT RAIN
  FOG


RELATIVE HUMIDITY (PERCENT)
 HIGHEST    96           600 AM
 LOWEST     89           100 PM
 AVERAGE    93

..........................................................


THE ISLIP NY CLIMATE NORMALS FOR TOMORROW
                         NORMAL    RECORD    YEAR
 MAXIMUM TEMPERATURE (F)   64        91      2001
 MINIMUM TEMPERATURE (F)   46        36      2002


SUNRISE AND SUNSET
MAY  3 2016...........SUNRISE   548 AM EDT   SUNSET   751 PM EDT
MAY  4 2016...........SUNRISE   547 AM EDT   SUNSET   752 PM EDT


-  INDICATES NEGATIVE NUMBERS.
R  INDICATES RECORD WAS SET OR TIED.
MM INDICATES DATA IS MISSING.
T  INDICATES TRACE AMOUNT.




$$
