000
CDUS41 KOKX 090635
CLIISP


CLIMATE REPORT
NATIONAL WEATHER SERVICE NEW YORK NY
235 AM EDT WED JUL 9 2014


...................................

...THE ISLIP NY CLIMATE SUMMARY FOR JULY 8 2014...

CLIMATE NORMAL PERIOD 1981 TO 2010
CLIMATE RECORD PERIOD 1986 TO 2014


WEATHER ITEM   OBSERVED TIME   RECORD YEAR NORMAL DEPARTURE LAST
                VALUE   (LST)  VALUE       VALUE  FROM      YEAR
                                                  NORMAL
..................................................................
TEMPERATURE (F)
 YESTERDAY
  MAXIMUM         87        MM  94    1993  82      5       88
  MINIMUM         72        MM  57    2000  66      6       72
                                      1990
  AVERAGE         80                        74      6       80

PRECIPITATION (IN)
  YESTERDAY        T             1.42 2005   0.10  -0.10     0.00
  MONTH TO DATE    0.96                      0.77   0.19     0.21
  SINCE JUN 1      2.75                      5.04  -2.29     8.36
  SINCE JAN 1     24.49                     24.50  -0.01    23.71

SNOWFALL (IN)
  YESTERDAY        0.0          MM      MM   0.0    0.0      0.0
  MONTH TO DATE    0.0                       0.0    0.0      0.0
  SINCE OCT 1     63.7                      24.8   38.9     46.9
  SINCE JUL 1      0.0                       0.0    0.0      0.0
  SNOW DEPTH       0

DEGREE DAYS
 HEATING
  YESTERDAY        0                         0      0        0
  MONTH TO DATE    0                         0      0        0
  SINCE JUN 1      2                        38    -36       12
  SINCE JUL 1      0                         0      0        0

 COOLING
  YESTERDAY       15                         9      6       15
  MONTH TO DATE   90                        65     25      110
  SINCE JUN 1    261                       205     56      279
  SINCE JAN 1    290                       229     61      311
..................................................................


WIND (MPH)
  HIGHEST WIND SPEED    21   HIGHEST WIND DIRECTION    SW (210)
  HIGHEST GUST SPEED    32   HIGHEST GUST DIRECTION     S (200)
  AVERAGE WIND SPEED    11.5


SKY COVER
  AVERAGE SKY COVER 0.7


WEATHER CONDITIONS
 THE FOLLOWING WEATHER WAS RECORDED YESTERDAY.
  LIGHT RAIN


RELATIVE HUMIDITY (PERCENT)
 HIGHEST    84           500 AM
 LOWEST     57          1200 PM
 AVERAGE    71

..........................................................


THE ISLIP NY CLIMATE NORMALS FOR TODAY
                         NORMAL    RECORD    YEAR
 MAXIMUM TEMPERATURE (F)   82        95      1993
 MINIMUM TEMPERATURE (F)   66        55      2009


SUNRISE AND SUNSET
JULY  9 2014..........SUNRISE   529 AM EDT   SUNSET   826 PM EDT
JULY 10 2014..........SUNRISE   530 AM EDT   SUNSET   825 PM EDT


-  INDICATES NEGATIVE NUMBERS.
R  INDICATES RECORD WAS SET OR TIED.
MM INDICATES DATA IS MISSING.
T  INDICATES TRACE AMOUNT.




$$
