000
CDUS41 KOKX 240617
CLIISP


CLIMATE REPORT
NATIONAL WEATHER SERVICE NEW YORK NY
217 AM EDT TUE MAR 24 2015


...................................

...THE ISLIP NY CLIMATE SUMMARY FOR MARCH 23 2015...

CLIMATE NORMAL PERIOD 1981 TO 2010
CLIMATE RECORD PERIOD 1986 TO 2015


WEATHER ITEM   OBSERVED TIME   RECORD YEAR NORMAL DEPARTURE LAST
                VALUE   (LST)  VALUE       VALUE  FROM      YEAR
                                                  NORMAL
..................................................................
TEMPERATURE (F)
 YESTERDAY
  MAXIMUM         37    412 PM  75    2012  49    -12       44
  MINIMUM         21    522 AM  15    2004  33    -12       26
  AVERAGE         29                        41    -12       35

PRECIPITATION (IN)
  YESTERDAY        0.00          0.39 2005   0.15  -0.15     0.00
  MONTH TO DATE    4.23                      3.29   0.94     1.30
  SINCE MAR 1      4.23                      3.29   0.94     1.30
  SINCE JAN 1     12.17                     10.19   1.98     9.64

SNOWFALL (IN)
  YESTERDAY        0.0           0.6  2011   0.0    0.0      0.0
                                      2005
                                      1992
  MONTH TO DATE   18.2                       3.8   14.4      0.8
  SINCE OCT 1     62.2                      23.5   38.7     58.9
  SINCE JUL 1     62.2                      23.5   38.7     58.9
  SNOW DEPTH       0

DEGREE DAYS
 HEATING
  YESTERDAY       36                        24     12       30
  MONTH TO DATE  709                       619     90      674
  SINCE MAR 1    709                       619     90      674
  SINCE JUL 1   4729                      4514    215     4627

 COOLING
  YESTERDAY        0                         0      0        0
  MONTH TO DATE    0                         0      0        0
  SINCE MAR 1      0                         0      0        0
  SINCE JAN 1      0                         0      0        0
..................................................................


WIND (MPH)
  HIGHEST WIND SPEED    22   HIGHEST WIND DIRECTION     W (290)
  HIGHEST GUST SPEED    30   HIGHEST GUST DIRECTION     N (350)
  AVERAGE WIND SPEED    10.3


SKY COVER
  AVERAGE SKY COVER 0.2


WEATHER CONDITIONS
 THE FOLLOWING WEATHER WAS RECORDED YESTERDAY.
  HAZE


RELATIVE HUMIDITY (PERCENT)
 HIGHEST    57           600 AM
 LOWEST     21           400 PM
 AVERAGE    39

..........................................................


THE ISLIP NY CLIMATE NORMALS FOR TODAY
                         NORMAL    RECORD    YEAR
 MAXIMUM TEMPERATURE (F)   50        67      2000
 MINIMUM TEMPERATURE (F)   34        20      2014


SUNRISE AND SUNSET
MARCH 24 2015.........SUNRISE   650 AM EDT   SUNSET   708 PM EDT
MARCH 25 2015.........SUNRISE   648 AM EDT   SUNSET   710 PM EDT


-  INDICATES NEGATIVE NUMBERS.
R  INDICATES RECORD WAS SET OR TIED.
MM INDICATES DATA IS MISSING.
T  INDICATES TRACE AMOUNT.




$$
