000
CDUS41 KOKX 212132
CLIISP


CLIMATE REPORT
NATIONAL WEATHER SERVICE NEW YORK NY
432 PM EST FRI NOV 21 2014


...................................

...THE ISLIP NY CLIMATE SUMMARY FOR NOVEMBER 21 2014...
VALID TODAY AS OF 0400 PM LOCAL TIME.

CLIMATE NORMAL PERIOD 1981 TO 2010
CLIMATE RECORD PERIOD 1986 TO 2014


WEATHER ITEM   OBSERVED TIME   RECORD YEAR NORMAL DEPARTURE LAST
                VALUE   (LST)  VALUE       VALUE  FROM      YEAR
                                                  NORMAL
..................................................................
TEMPERATURE (F)
 TODAY
  MAXIMUM         37    305 PM  65    1991  51    -14       50
  MINIMUM         28    721 AM  18    1987  36     -8       25
  AVERAGE         33                        44    -11       38

PRECIPITATION (IN)
  TODAY            0.00          0.85 1994   0.13  -0.13     0.00
  MONTH TO DATE    3.00                      2.49   0.51     0.61
  SINCE SEP 1      8.69                      9.86  -1.17     2.66
  SINCE JAN 1     49.25                     41.00   8.25    31.22

SNOWFALL (IN)
  TODAY            0.0          MM      MM   0.0    0.0      0.0
  MONTH TO DATE    T                         0.2   -0.2      0.2
  SINCE OCT 1      T                         0.2   -0.2      0.2
  SINCE JUL 1      T                         0.2   -0.2      0.2
  SNOW DEPTH       0

DEGREE DAYS
 HEATING
  TODAY           32                        21     11       27
  MONTH TO DATE  428                       387     41      397
  SINCE SEP 1    716                       802    -86      719
  SINCE JUL 1    716                       807    -91      719

 COOLING
  TODAY            0                         0      0        0
  MONTH TO DATE    0                         0      0        0
  SINCE SEP 1    140                       101     39      110
  SINCE JAN 1    887                       787    100      957
..................................................................


WIND (MPH)
  HIGHEST WIND SPEED    25   HIGHEST WIND DIRECTION    NW (300)
  HIGHEST GUST SPEED    35   HIGHEST GUST DIRECTION    NW (300)
  AVERAGE WIND SPEED    16.5


SKY COVER
  AVERAGE SKY COVER 0.2


WEATHER CONDITIONS
 THE FOLLOWING WEATHER WAS RECORDED TODAY.
  NO SIGNIFICANT WEATHER WAS OBSERVED.


RELATIVE HUMIDITY (PERCENT)
 HIGHEST    46           500 AM
 LOWEST     32           200 PM
 AVERAGE    39

..........................................................


THE ISLIP NY CLIMATE NORMALS FOR TOMORROW
                         NORMAL    RECORD    YEAR
 MAXIMUM TEMPERATURE (F)   51        61      2007
                                             1994
                                             1991
 MINIMUM TEMPERATURE (F)   35        20      1987


SUNRISE AND SUNSET
NOVEMBER 21 2014......SUNRISE   646 AM EST   SUNSET   430 PM EST
NOVEMBER 22 2014......SUNRISE   647 AM EST   SUNSET   429 PM EST


-  INDICATES NEGATIVE NUMBERS.
R  INDICATES RECORD WAS SET OR TIED.
MM INDICATES DATA IS MISSING.
T  INDICATES TRACE AMOUNT.




$$
