000
CDUS41 KOKX 270622
CLIISP


CLIMATE REPORT
NATIONAL WEATHER SERVICE NEW YORK NY
221 AM EDT SAT JUN 27 2015


...................................

...THE ISLIP NY CLIMATE SUMMARY FOR JUNE 26 2015...

CLIMATE NORMAL PERIOD 1981 TO 2010
CLIMATE RECORD PERIOD 1986 TO 2015


WEATHER ITEM   OBSERVED TIME   RECORD YEAR NORMAL DEPARTURE LAST
                VALUE   (LST)  VALUE       VALUE  FROM      YEAR
                                                  NORMAL
..................................................................
TEMPERATURE (F)
 YESTERDAY
  MAXIMUM         77   1118 AM  93    2003  80     -3       88
                                      1999
                                      1998
  MINIMUM         62   1159 PM  50    1986  64     -2       68
  AVERAGE         70                        72     -2       78

PRECIPITATION (IN)
  YESTERDAY        0.00          1.13 2009   0.12  -0.12     0.12
  MONTH TO DATE    3.08                      3.83  -0.75     1.79
  SINCE JUN 1      3.08                      3.83  -0.75     1.79
  SINCE JAN 1     18.17                     23.29  -5.12    23.53

SNOWFALL (IN)
  YESTERDAY        0.0          MM      MM   0.0    0.0      0.0
  MONTH TO DATE    0.0                       0.0    0.0      0.0
  SINCE OCT 1     63.7                      24.8   38.9     63.7
  SINCE JUL 1     63.7                      24.8   38.9     63.7
  SNOW DEPTH       0

DEGREE DAYS
 HEATING
  YESTERDAY        0                         0      0        0
  MONTH TO DATE   46                        36     10        2
  SINCE JUN 1     46                        36     10        2
  SINCE JUL 1   5557                      5426    131     5459

 COOLING
  YESTERDAY        5                         7     -2       13
  MONTH TO DATE  140                       111     29      141
  SINCE JUN 1    140                       111     29      141
  SINCE JAN 1    190                       135     55      170
..................................................................


WIND (MPH)
  HIGHEST WIND SPEED    18   HIGHEST WIND DIRECTION    NE (30)
  HIGHEST GUST SPEED    23   HIGHEST GUST DIRECTION    NE (40)
  AVERAGE WIND SPEED     6.5


SKY COVER
  AVERAGE SKY COVER 0.7


WEATHER CONDITIONS
 THE FOLLOWING WEATHER WAS RECORDED YESTERDAY.
  HAZE


RELATIVE HUMIDITY (PERCENT)
 HIGHEST    84          1200 AM
 LOWEST     50           200 PM
 AVERAGE    67

..........................................................


THE ISLIP NY CLIMATE NORMALS FOR TODAY
                         NORMAL    RECORD    YEAR
 MAXIMUM TEMPERATURE (F)   80        93      2003
 MINIMUM TEMPERATURE (F)   64        52      2004


SUNRISE AND SUNSET
JUNE 27 2015..........SUNRISE   523 AM EDT   SUNSET   828 PM EDT
JUNE 28 2015..........SUNRISE   523 AM EDT   SUNSET   828 PM EDT


-  INDICATES NEGATIVE NUMBERS.
R  INDICATES RECORD WAS SET OR TIED.
MM INDICATES DATA IS MISSING.
T  INDICATES TRACE AMOUNT.




$$
