000
CDUS41 KOKX 290620
CLIISP


CLIMATE REPORT
NATIONAL WEATHER SERVICE NEW YORK NY
119 AM EST THU JAN 29 2015


...................................

...THE ISLIP NY CLIMATE SUMMARY FOR JANUARY 28 2015...

CLIMATE NORMAL PERIOD 1981 TO 2010
CLIMATE RECORD PERIOD 1986 TO 2015


WEATHER ITEM   OBSERVED TIME   RECORD YEAR NORMAL DEPARTURE LAST
                VALUE   (LST)  VALUE       VALUE  FROM      YEAR
                                                  NORMAL
..................................................................
TEMPERATURE (F)
 YESTERDAY
  MAXIMUM         29    357 PM  61    2002  38     -9       22
  MINIMUM         16    542 AM   4    2005  23     -7       14
  AVERAGE         23                        31     -8       18

PRECIPITATION (IN)
  YESTERDAY        T             1.17 1994   0.10  -0.10      T
  MONTH TO DATE    5.24                      3.31   1.93     3.87
  SINCE DEC 1     11.36                      7.37   3.99     9.67
  SINCE JAN 1      5.24                      3.31   1.93     3.87

SNOWFALL (IN)
  YESTERDAY        T             9.1  2004   0.2   -0.2       T
  MONTH TO DATE   29.8                       6.0   23.8     23.7
  SINCE OCT 1     30.2                      11.9   18.3     32.1
  SINCE JUL 1     30.2                      11.9   18.3     32.1
  SNOW DEPTH      24

DEGREE DAYS
 HEATING
  YESTERDAY       42                        34      8       47
  MONTH TO DATE  991                       965     26     1024
  SINCE DEC 1   1773                      1876   -103     1882
  SINCE JUL 1   2686                      2892   -206     2846

 COOLING
  YESTERDAY        0                         0      0        0
  MONTH TO DATE    0                         0      0        0
  SINCE DEC 1      0                         0      0        0
  SINCE JAN 1      0                         0      0        0
..................................................................


WIND (MPH)
  HIGHEST WIND SPEED    30   HIGHEST WIND DIRECTION     N (340)
  HIGHEST GUST SPEED    37   HIGHEST GUST DIRECTION    NW (330)
  AVERAGE WIND SPEED    17.8


SKY COVER
  AVERAGE SKY COVER 0.5


WEATHER CONDITIONS
 THE FOLLOWING WEATHER WAS RECORDED YESTERDAY.
  LIGHT SNOW
  HAZE
  BLOWING SNOW


RELATIVE HUMIDITY (PERCENT)
 HIGHEST    67          1200 AM
 LOWEST     40          1000 PM
 AVERAGE    54

..........................................................


THE ISLIP NY CLIMATE NORMALS FOR TODAY
                         NORMAL    RECORD    YEAR
 MAXIMUM TEMPERATURE (F)   38        69      2002
 MINIMUM TEMPERATURE (F)   23         3      2005


SUNRISE AND SUNSET
JANUARY 29 2015.......SUNRISE   706 AM EST   SUNSET   506 PM EST
JANUARY 30 2015.......SUNRISE   705 AM EST   SUNSET   507 PM EST


-  INDICATES NEGATIVE NUMBERS.
R  INDICATES RECORD WAS SET OR TIED.
MM INDICATES DATA IS MISSING.
T  INDICATES TRACE AMOUNT.




$$
