000
CDUS41 KOKX 260619
CLIISP


CLIMATE REPORT
NATIONAL WEATHER SERVICE NEW YORK NY
219 AM EDT WED AUG 26 2015


...................................

...THE ISLIP NY CLIMATE SUMMARY FOR AUGUST 25 2015...

CLIMATE NORMAL PERIOD 1981 TO 2010
CLIMATE RECORD PERIOD 1986 TO 2015


WEATHER ITEM   OBSERVED TIME   RECORD YEAR NORMAL DEPARTURE LAST
                VALUE   (LST)  VALUE       VALUE  FROM      YEAR
                                                  NORMAL
..................................................................
TEMPERATURE (F)
 YESTERDAY
  MAXIMUM         84    125 PM  92    1998  79      5       87
  MINIMUM         72   1159 PM  51    1987  64      8       60
  AVERAGE         78                        72      6       74

PRECIPITATION (IN)
  YESTERDAY        0.00          2.13 1985   0.13  -0.13     0.00
  MONTH TO DATE    1.48                      3.27  -1.79    14.05
  SINCE JUN 1      7.27                     10.97  -3.70    18.80
  SINCE JAN 1     22.36                     30.43  -8.07    40.54

SNOWFALL (IN)
  YESTERDAY        0.0          MM      MM   0.0    0.0      0.0
  MONTH TO DATE    0.0                       0.0    0.0      0.0
  SINCE OCT 1     63.7                      24.8   38.9     63.7
  SINCE JUL 1      0.0                       0.0    0.0      0.0
  SNOW DEPTH       0

DEGREE DAYS
 HEATING
  YESTERDAY        0                         0      0        0
  MONTH TO DATE    0                         0      0        0
  SINCE JUN 1     46                        40      6        2
  SINCE JUL 1      0                         2     -2        0

 COOLING
  YESTERDAY       13                         7      6        9
  MONTH TO DATE  283                       208     75      176
  SINCE JUN 1    776                       624    152      671
  SINCE JAN 1    826                       648    178      700
..................................................................


WIND (MPH)
  HIGHEST WIND SPEED    17   HIGHEST WIND DIRECTION     S (190)
  HIGHEST GUST SPEED    23   HIGHEST GUST DIRECTION    SW (210)
  AVERAGE WIND SPEED     9.5


SKY COVER
  AVERAGE SKY COVER 0.6


WEATHER CONDITIONS
 THE FOLLOWING WEATHER WAS RECORDED YESTERDAY.
  NO SIGNIFICANT WEATHER WAS OBSERVED.


RELATIVE HUMIDITY (PERCENT)
 HIGHEST    88           900 PM
 LOWEST     64          1000 PM
 AVERAGE    76

..........................................................


THE ISLIP NY CLIMATE NORMALS FOR TODAY
                         NORMAL    RECORD    YEAR
 MAXIMUM TEMPERATURE (F)   79        90      2009
                                             1993
 MINIMUM TEMPERATURE (F)   64        53      2004


SUNRISE AND SUNSET
AUGUST 26 2015........SUNRISE   613 AM EDT   SUNSET   735 PM EDT
AUGUST 27 2015........SUNRISE   614 AM EDT   SUNSET   733 PM EDT


-  INDICATES NEGATIVE NUMBERS.
R  INDICATES RECORD WAS SET OR TIED.
MM INDICATES DATA IS MISSING.
T  INDICATES TRACE AMOUNT.




$$
