000
CDUS41 KOKX 240618
CLIISP


CLIMATE REPORT
NATIONAL WEATHER SERVICE NEW YORK NY
118 AM EST TUE FEB 24 2015


...................................

...THE ISLIP NY CLIMATE SUMMARY FOR FEBRUARY 23 2015...

CLIMATE NORMAL PERIOD 1981 TO 2010
CLIMATE RECORD PERIOD 1986 TO 2015


WEATHER ITEM   OBSERVED TIME   RECORD YEAR NORMAL DEPARTURE LAST
                VALUE   (LST)  VALUE       VALUE  FROM      YEAR
                                                  NORMAL
..................................................................
TEMPERATURE (F)
 YESTERDAY
  MAXIMUM         35    226 AM  61    2012  42     -7       56
  MINIMUM         10R  1159 PM  15    1999  26    -16       35
  AVERAGE         23                        34    -11       46

PRECIPITATION (IN)
  YESTERDAY        0.00          0.88 2010   0.13  -0.13     0.00
  MONTH TO DATE    2.69                      2.58   0.11     4.29
  SINCE DEC 1     14.06                     10.28   3.78    14.07
  SINCE JAN 1      7.94                      6.22   1.72     8.27

SNOWFALL (IN)
  YESTERDAY        0.0           6.7  1987   0.3   -0.3      0.0
  MONTH TO DATE   13.4                       5.9    7.5     23.9
  SINCE OCT 1     44.0                      18.5   25.5     57.5
  SINCE JUL 1     44.0                      18.5   25.5     57.5
  SNOW DEPTH       9

DEGREE DAYS
 HEATING
  YESTERDAY       42                        31     11       19
  MONTH TO DATE  994                       751    243      784
  SINCE DEC 1   2893                      2727    166     2792
  SINCE JUL 1   3806                      3743     63     3756

 COOLING
  YESTERDAY        0                         0      0        0
  MONTH TO DATE    0                         0      0        0
  SINCE DEC 1      0                         0      0        0
  SINCE JAN 1      0                         0      0        0
..................................................................


WIND (MPH)
  HIGHEST WIND SPEED    28   HIGHEST WIND DIRECTION     N (340)
  HIGHEST GUST SPEED    34   HIGHEST GUST DIRECTION    NW (320)
  AVERAGE WIND SPEED    14.3


SKY COVER
  AVERAGE SKY COVER 0.6


WEATHER CONDITIONS
 THE FOLLOWING WEATHER WAS RECORDED YESTERDAY.
  FOG


RELATIVE HUMIDITY (PERCENT)
 HIGHEST    89          1200 AM
 LOWEST     37           700 PM
 AVERAGE    63

..........................................................


THE ISLIP NY CLIMATE NORMALS FOR TODAY
                         NORMAL    RECORD    YEAR
 MAXIMUM TEMPERATURE (F)   42        59      2000
 MINIMUM TEMPERATURE (F)   27        17      2011
                                             1993


SUNRISE AND SUNSET
FEBRUARY 24 2015......SUNRISE   634 AM EST   SUNSET   537 PM EST
FEBRUARY 25 2015......SUNRISE   633 AM EST   SUNSET   539 PM EST


-  INDICATES NEGATIVE NUMBERS.
R  INDICATES RECORD WAS SET OR TIED.
MM INDICATES DATA IS MISSING.
T  INDICATES TRACE AMOUNT.




$$
