000
CDUS41 KOKX 232038
CLIISP


CLIMATE REPORT
NATIONAL WEATHER SERVICE NEW YORK NY
438 PM EDT WED JUL 23 2014


...................................

...THE ISLIP NY CLIMATE SUMMARY FOR JULY 23 2014...
VALID TODAY AS OF 0400 PM LOCAL TIME.

CLIMATE NORMAL PERIOD 1981 TO 2010
CLIMATE RECORD PERIOD 1986 TO 2014


WEATHER ITEM   OBSERVED TIME   RECORD YEAR NORMAL DEPARTURE LAST
                VALUE   (LST)  VALUE       VALUE  FROM      YEAR
                                                  NORMAL
..................................................................
TEMPERATURE (F)
 TODAY
  MAXIMUM         84    232 PM  97    2011  82      2       85
  MINIMUM         72    512 AM  58    2000  67      5       72
                                      1992
  AVERAGE         78                        74      4       79

PRECIPITATION (IN)
  TODAY            0.00          2.23 2009   0.12  -0.12     0.49
  MONTH TO DATE    2.61                      2.47   0.14     2.00
  SINCE JUN 1      4.40                      6.74  -2.34    10.15
  SINCE JAN 1     26.14                     26.20  -0.06    25.50

SNOWFALL (IN)
  TODAY            0.0          MM      MM   0.0    0.0      0.0
  MONTH TO DATE    0.0                       0.0    0.0      0.0
  SINCE OCT 1     63.7                      24.8   38.9     46.9
  SINCE JUL 1      0.0                       0.0    0.0      0.0
  SNOW DEPTH       0

DEGREE DAYS
 HEATING
  TODAY            0                         0      0        0
  MONTH TO DATE    0                         0      0        0
  SINCE JUN 1      2                        38    -36       12
  SINCE JUL 1      0                         0      0        0

 COOLING
  TODAY           13                         9      4       14
  MONTH TO DATE  247                       200     47      348
  SINCE JUN 1    418                       340     78      517
  SINCE JAN 1    447                       364     83      549
..................................................................


WIND (MPH)
  HIGHEST WIND SPEED    20   HIGHEST WIND DIRECTION    SW (210)
  HIGHEST GUST SPEED    23   HIGHEST GUST DIRECTION    SW (210)
  AVERAGE WIND SPEED     9.5


SKY COVER
  AVERAGE SKY COVER 0.2


WEATHER CONDITIONS
 THE FOLLOWING WEATHER WAS RECORDED TODAY.
  NO SIGNIFICANT WEATHER WAS OBSERVED.


RELATIVE HUMIDITY (PERCENT)
 HIGHEST    84           400 AM
 LOWEST     65          1200 PM
 AVERAGE    75

..........................................................


THE ISLIP NY CLIMATE NORMALS FOR TOMORROW
                         NORMAL    RECORD    YEAR
 MAXIMUM TEMPERATURE (F)   82        96      2010
 MINIMUM TEMPERATURE (F)   67        58      1992
                                             1985


SUNRISE AND SUNSET
JULY 23 2014..........SUNRISE   540 AM EDT   SUNSET   817 PM EDT
JULY 24 2014..........SUNRISE   541 AM EDT   SUNSET   816 PM EDT


-  INDICATES NEGATIVE NUMBERS.
R  INDICATES RECORD WAS SET OR TIED.
MM INDICATES DATA IS MISSING.
T  INDICATES TRACE AMOUNT.




$$
