180
CDUS41 KOKX 280624
CLIISP


CLIMATE REPORT
NATIONAL WEATHER SERVICE NEW YORK NY
224 AM EDT THU APR 28 2016


...................................

...THE ISLIP NY CLIMATE SUMMARY FOR APRIL 27 2016...

CLIMATE NORMAL PERIOD 1981 TO 2010
CLIMATE RECORD PERIOD 1986 TO 2016


WEATHER ITEM   OBSERVED TIME   RECORD YEAR NORMAL DEPARTURE LAST
                VALUE   (LST)  VALUE       VALUE  FROM      YEAR
                                                  NORMAL
..................................................................
TEMPERATURE (F)
 YESTERDAY
  MAXIMUM         55   1052 AM  81    1990  62     -7       62
  MINIMUM         42    437 AM  32    2002  44     -2       48
  AVERAGE         49                        53     -4       55

PRECIPITATION (IN)
  YESTERDAY        0.00          1.04 2007   0.14  -0.14     0.00
  MONTH TO DATE    2.37                      3.94  -1.57     1.66
  SINCE MAR 1      5.09                      8.38  -3.29     6.73
  SINCE JAN 1     13.56                     15.28  -1.72    14.67

SNOWFALL (IN)
  YESTERDAY        0.0          MM      MM   0.0    0.0      0.0
  MONTH TO DATE    0.2                       0.6   -0.4      0.0
  SINCE OCT 1     41.4                      24.8   16.6     63.7
  SINCE JUL 1     41.4                      24.8   16.6     63.7
  SNOW DEPTH       0

DEGREE DAYS
 HEATING
  YESTERDAY       16                        12      4       10
  MONTH TO DATE  418                       443    -25      438
  SINCE MAR 1   1017                      1240   -223     1354
  SINCE JUL 1   4099                      5135  -1036     5374

 COOLING
  YESTERDAY        0                         0      0        0
  MONTH TO DATE    0                         0      0        0
  SINCE MAR 1      0                         0      0        0
  SINCE JAN 1      0                         0      0        0
..................................................................


WIND (MPH)
  HIGHEST WIND SPEED    15   HIGHEST WIND DIRECTION     S (180)
  HIGHEST GUST SPEED    19   HIGHEST GUST DIRECTION     S (180)
  AVERAGE WIND SPEED     7.9


SKY COVER
  AVERAGE SKY COVER 0.5


WEATHER CONDITIONS
 THE FOLLOWING WEATHER WAS RECORDED YESTERDAY.
  HAZE


RELATIVE HUMIDITY (PERCENT)
 HIGHEST    83          1200 AM
 LOWEST     41          1000 AM
 AVERAGE    62

..........................................................


THE ISLIP NY CLIMATE NORMALS FOR TODAY
                         NORMAL    RECORD    YEAR
 MAXIMUM TEMPERATURE (F)   62        86      1990
 MINIMUM TEMPERATURE (F)   44        33      2012


SUNRISE AND SUNSET
APRIL 28 2016.........SUNRISE   554 AM EDT   SUNSET   746 PM EDT
APRIL 29 2016.........SUNRISE   553 AM EDT   SUNSET   747 PM EDT


-  INDICATES NEGATIVE NUMBERS.
R  INDICATES RECORD WAS SET OR TIED.
MM INDICATES DATA IS MISSING.
T  INDICATES TRACE AMOUNT.




$$
