000
CDUS41 KOKX 180616
CLIISP


CLIMATE REPORT
NATIONAL WEATHER SERVICE NEW YORK NY
216 AM EDT SAT OCT 18 2014


...................................

...THE ISLIP NY CLIMATE SUMMARY FOR OCTOBER 17 2014...

CLIMATE NORMAL PERIOD 1981 TO 2010
CLIMATE RECORD PERIOD 1986 TO 2014


WEATHER ITEM   OBSERVED TIME   RECORD YEAR NORMAL DEPARTURE LAST
                VALUE   (LST)  VALUE       VALUE  FROM      YEAR
                                                  NORMAL
..................................................................
TEMPERATURE (F)
 YESTERDAY
  MAXIMUM         70    117 PM  76    1996  63      7       74
  MINIMUM         56    616 AM  36    1992  45     11       61
                                      1985
  AVERAGE         63                        54      9       68

PRECIPITATION (IN)
  YESTERDAY        0.00          1.06 1991   0.12  -0.12      T
  MONTH TO DATE    2.53                      2.09   0.44     0.15
  SINCE SEP 1      4.15                      5.67  -1.52     1.98
  SINCE JAN 1     44.71                     36.81   7.90    30.54

SNOWFALL (IN)
  YESTERDAY        0.0          MM      MM   0.0    0.0      0.0
  MONTH TO DATE    0.0                       0.0    0.0      0.0
  SINCE OCT 1      0.0                       0.0    0.0      0.0
  SINCE JUL 1      0.0                       0.0    0.0      0.0
  SNOW DEPTH       0

DEGREE DAYS
 HEATING
  YESTERDAY        2                        11     -9        0
  MONTH TO DATE   97                       152    -55       44
  SINCE SEP 1    141                       224    -83      127
  SINCE JUL 1    141                       229    -88      127

 COOLING
  YESTERDAY        0                         0      0        3
  MONTH TO DATE   16                         9      7       26
  SINCE SEP 1    140                       100     40      110
  SINCE JAN 1    887                       786    101      957
..................................................................


WIND (MPH)
  HIGHEST WIND SPEED    18   HIGHEST WIND DIRECTION     S (200)
  HIGHEST GUST SPEED    22   HIGHEST GUST DIRECTION    SW (220)
  AVERAGE WIND SPEED     9.8


SKY COVER
  AVERAGE SKY COVER 0.3


WEATHER CONDITIONS
 THE FOLLOWING WEATHER WAS RECORDED YESTERDAY.
  FOG


RELATIVE HUMIDITY (PERCENT)
 HIGHEST   100          1200 AM
 LOWEST     53          1100 AM
 AVERAGE    77

..........................................................


THE ISLIP NY CLIMATE NORMALS FOR TODAY
                         NORMAL    RECORD    YEAR
 MAXIMUM TEMPERATURE (F)   62        74      2006
                                             1990
 MINIMUM TEMPERATURE (F)   45        33      2001
                                             1992


SUNRISE AND SUNSET
OCTOBER 18 2014.......SUNRISE   707 AM EDT   SUNSET   608 PM EDT
OCTOBER 19 2014.......SUNRISE   708 AM EDT   SUNSET   606 PM EDT


-  INDICATES NEGATIVE NUMBERS.
R  INDICATES RECORD WAS SET OR TIED.
MM INDICATES DATA IS MISSING.
T  INDICATES TRACE AMOUNT.




$$
