000
CDUS41 KOKX 262033
CLIISP


CLIMATE REPORT
NATIONAL WEATHER SERVICE NEW YORK NY
433 PM EDT TUE AUG 26 2014


...................................

...THE ISLIP NY CLIMATE SUMMARY FOR AUGUST 26 2014...
VALID TODAY AS OF 0400 PM LOCAL TIME.

CLIMATE NORMAL PERIOD 1981 TO 2010
CLIMATE RECORD PERIOD 1986 TO 2014


WEATHER ITEM   OBSERVED TIME   RECORD YEAR NORMAL DEPARTURE LAST
                VALUE   (LST)  VALUE       VALUE  FROM      YEAR
                                                  NORMAL
..................................................................
TEMPERATURE (F)
 TODAY
  MAXIMUM         83    115 PM  90    2009  79      4       79
                                      1993
  MINIMUM         65    430 AM  53    2004  64      1       68
  AVERAGE         74                        72      2       74

PRECIPITATION (IN)
  TODAY            0.00          0.92 1999   0.11  -0.11     0.09
  MONTH TO DATE   14.05                      3.38  10.67     2.60
  SINCE JUN 1     18.80                     11.08   7.72    13.09
  SINCE JAN 1     40.54                     30.54  10.00    28.44

SNOWFALL (IN)
  TODAY            0.0          MM      MM   0.0    0.0      0.0
  MONTH TO DATE    0.0                       0.0    0.0      0.0
  SINCE OCT 1     63.7                      24.8   38.9     46.9
  SINCE JUL 1      0.0                       0.0    0.0      0.0
  SNOW DEPTH       0

DEGREE DAYS
 HEATING
  TODAY            0                         0      0        0
  MONTH TO DATE    0                         0      0        0
  SINCE JUN 1      2                        40    -38       12
  SINCE JUL 1      0                         2     -2        0

 COOLING
  TODAY            9                         7      2        9
  MONTH TO DATE  185                       215    -30      186
  SINCE JUN 1    680                       631     49      764
  SINCE JAN 1    709                       655     54      796
..................................................................


WIND (MPH)
  HIGHEST WIND SPEED    13   HIGHEST WIND DIRECTION     S (170)
  HIGHEST GUST SPEED    16   HIGHEST GUST DIRECTION     S (160)
  AVERAGE WIND SPEED     2.6


SKY COVER
  AVERAGE SKY COVER 0.2


WEATHER CONDITIONS
 THE FOLLOWING WEATHER WAS RECORDED TODAY.
  FOG


RELATIVE HUMIDITY (PERCENT)
 HIGHEST    93           400 AM
 LOWEST     58           100 PM
 AVERAGE    76

..........................................................


THE ISLIP NY CLIMATE NORMALS FOR TOMORROW
                         NORMAL    RECORD    YEAR
 MAXIMUM TEMPERATURE (F)   79        91      1993
 MINIMUM TEMPERATURE (F)   64        52      1989


SUNRISE AND SUNSET
AUGUST 26 2014........SUNRISE   613 AM EDT   SUNSET   734 PM EDT
AUGUST 27 2014........SUNRISE   614 AM EDT   SUNSET   733 PM EDT


-  INDICATES NEGATIVE NUMBERS.
R  INDICATES RECORD WAS SET OR TIED.
MM INDICATES DATA IS MISSING.
T  INDICATES TRACE AMOUNT.




$$
