000
CDUS41 KOKX 162138
CLIISP


CLIMATE REPORT
NATIONAL WEATHER SERVICE NEW YORK NY
437 PM EST FRI FEB 16 2018


...................................

...THE ISLIP NY CLIMATE SUMMARY FOR FEBRUARY 16 2018...
VALID TODAY AS OF 0400 PM LOCAL TIME.

CLIMATE NORMAL PERIOD 1981 TO 2010
CLIMATE RECORD PERIOD 1963 TO 2018


WEATHER ITEM   OBSERVED TIME   RECORD YEAR NORMAL DEPARTURE LAST
                VALUE   (LST)  VALUE       VALUE  FROM      YEAR
                                                  NORMAL
..................................................................
TEMPERATURE (F)
 TODAY
  MAXIMUM         59R   102 PM  59    1976  40     19       36
  MINIMUM         47    150 AM   3    2015  25     22       27
  AVERAGE         53                        33     20       32

PRECIPITATION (IN)
  TODAY            0.11          1.44 1993   0.12  -0.01     0.00
  MONTH TO DATE    4.54                      1.75   2.79     1.45
  SINCE DEC 1     10.40                      9.45   0.95     9.04
  SINCE JAN 1      8.28                      5.39   2.89     5.51

SNOWFALL (IN)
  TODAY            0.0           4.0  1996   0.3   -0.3      0.0
  MONTH TO DATE    0.2                       3.9   -3.7     14.7
  SINCE OCT 1     28.2                      16.5   11.7     31.9
  SINCE JUL 1     28.2                      16.5   11.7     31.9
  SNOW DEPTH       0

DEGREE DAYS
 HEATING
  TODAY           12                        32    -20       33
  MONTH TO DATE  455                       531    -76      497
  SINCE DEC 1   2486                      2507    -21     2255
  SINCE JUL 1   3237                      3523   -286     3046

 COOLING
  TODAY            0                         0      0        0
  MONTH TO DATE    0                         0      0        0
  SINCE DEC 1      0                         0      0        0
  SINCE JAN 1      0                         0      0        0
..................................................................


WIND (MPH)
  HIGHEST WIND SPEED    24   HIGHEST WIND DIRECTION    NW (320)
  HIGHEST GUST SPEED    34   HIGHEST GUST DIRECTION    NW (320)
  AVERAGE WIND SPEED     8.3


SKY COVER
  AVERAGE SKY COVER 1.0


WEATHER CONDITIONS
 THE FOLLOWING WEATHER WAS RECORDED TODAY.
  LIGHT RAIN
  FOG


RELATIVE HUMIDITY (PERCENT)
 HIGHEST   100          1200 AM
 LOWEST     67           300 PM
 AVERAGE    84

..........................................................


THE ISLIP NY CLIMATE NORMALS FOR TOMORROW
                         NORMAL    RECORD    YEAR
 MAXIMUM TEMPERATURE (F)   41        68      1976
 MINIMUM TEMPERATURE (F)   25         0      1979


SUNRISE AND SUNSET
FEBRUARY 16 2018......SUNRISE   645 AM EST   SUNSET   528 PM EST
FEBRUARY 17 2018......SUNRISE   644 AM EST   SUNSET   530 PM EST


-  INDICATES NEGATIVE NUMBERS.
R  INDICATES RECORD WAS SET OR TIED.
MM INDICATES DATA IS MISSING.
T  INDICATES TRACE AMOUNT.




$$
