000
CDUS41 KOKX 232033
CLIISP


CLIMATE REPORT
NATIONAL WEATHER SERVICE NEW YORK NY
433 PM EDT SAT APR 23 2016


...................................

...THE ISLIP NY CLIMATE SUMMARY FOR APRIL 23 2016...
VALID TODAY AS OF 0400 PM LOCAL TIME.

CLIMATE NORMAL PERIOD 1981 TO 2010
CLIMATE RECORD PERIOD 1986 TO 2016


WEATHER ITEM   OBSERVED TIME   RECORD YEAR NORMAL DEPARTURE LAST
                VALUE   (LST)  VALUE       VALUE  FROM      YEAR
                                                  NORMAL
..................................................................
TEMPERATURE (F)
 TODAY
  MAXIMUM         67    259 PM  76    1990  60      7       51
  MINIMUM         61    918 AM  31    1989  43     18       39
  AVERAGE         64                        52     12       45

PRECIPITATION (IN)
  TODAY            0.33          4.63 2006   0.14   0.19     0.00
  MONTH TO DATE    1.94                      3.38  -1.44     1.66
  SINCE MAR 1      4.66                      7.82  -3.16     6.73
  SINCE JAN 1     13.13                     14.72  -1.59    14.67

SNOWFALL (IN)
  TODAY            0.0          MM      MM   0.0    0.0      0.0
  MONTH TO DATE    0.2                       0.6   -0.4      0.0
  SINCE OCT 1     41.4                      24.8   16.6     63.7
  SINCE JUL 1     41.4                      24.8   16.6     63.7
  SNOW DEPTH       0

DEGREE DAYS
 HEATING
  TODAY            1                        14    -13       20
  MONTH TO DATE  365                       392    -27      370
  SINCE MAR 1    964                      1189   -225     1286
  SINCE JUL 1   4046                      5084  -1038     5306

 COOLING
  TODAY            0                         0      0        0
  MONTH TO DATE    0                         0      0        0
  SINCE MAR 1      0                         0      0        0
  SINCE JAN 1      0                         0      0        0
..................................................................


WIND (MPH)
  HIGHEST WIND SPEED    22   HIGHEST WIND DIRECTION    NW (330)
  HIGHEST GUST SPEED    27   HIGHEST GUST DIRECTION    NW (320)
  AVERAGE WIND SPEED    12.3


SKY COVER
  AVERAGE SKY COVER 0.9


WEATHER CONDITIONS
 THE FOLLOWING WEATHER WAS RECORDED TODAY.
  RAIN
  LIGHT RAIN
  FOG


RELATIVE HUMIDITY (PERCENT)
 HIGHEST    97           300 AM
 LOWEST     42           300 PM
 AVERAGE    70

..........................................................


THE ISLIP NY CLIMATE NORMALS FOR TOMORROW
                         NORMAL    RECORD    YEAR
 MAXIMUM TEMPERATURE (F)   61        77      2008
 MINIMUM TEMPERATURE (F)   43        32      2002


SUNRISE AND SUNSET
APRIL 23 2016.........SUNRISE   601 AM EDT   SUNSET   741 PM EDT
APRIL 24 2016.........SUNRISE   600 AM EDT   SUNSET   742 PM EDT


-  INDICATES NEGATIVE NUMBERS.
R  INDICATES RECORD WAS SET OR TIED.
MM INDICATES DATA IS MISSING.
T  INDICATES TRACE AMOUNT.




$$
