000
CDUS41 KOKX 290619
CLIISP


CLIMATE REPORT
NATIONAL WEATHER SERVICE NEW YORK NY
219 AM EDT FRI MAY 29 2015


...................................

...THE ISLIP NY CLIMATE SUMMARY FOR MAY 28 2015...

CLIMATE NORMAL PERIOD 1981 TO 2010
CLIMATE RECORD PERIOD 1986 TO 2015


WEATHER ITEM   OBSERVED TIME   RECORD YEAR NORMAL DEPARTURE LAST
                VALUE   (LST)  VALUE       VALUE  FROM      YEAR
                                                  NORMAL
..................................................................
TEMPERATURE (F)
 YESTERDAY
  MAXIMUM         74    232 PM  90    1991  71      3       60
  MINIMUM         63    452 AM  38    1994  54      9       52
  AVERAGE         69                        62      7       56

PRECIPITATION (IN)
  YESTERDAY        T             0.45 2013   0.14  -0.14      T
  MONTH TO DATE    0.42                      3.36  -2.94     2.65
  SINCE MAR 1      7.15                     12.14  -4.99    13.39
  SINCE JAN 1     15.09                     19.04  -3.95    21.73

SNOWFALL (IN)
  YESTERDAY        0.0          MM      MM   0.0    0.0      0.0
  MONTH TO DATE    0.0                       0.0    0.0      0.0
  SINCE OCT 1     63.7                      24.8   38.9     63.7
  SINCE JUL 1     63.7                      24.8   38.9     63.7
  SNOW DEPTH       0

DEGREE DAYS
 HEATING
  YESTERDAY        0                         4     -4        9
  MONTH TO DATE  112                       208    -96      113
  SINCE MAR 1   1491                      1484      7     1490
  SINCE JUL 1   5511                      5379    132     5443

 COOLING
  YESTERDAY        4                         2      2        0
  MONTH TO DATE   37                        13     24       29
  SINCE MAR 1     37                        15     22       29
  SINCE JAN 1     37                        15     22       29
..................................................................


WIND (MPH)
  HIGHEST WIND SPEED    21   HIGHEST WIND DIRECTION    SW (210)
  HIGHEST GUST SPEED    26   HIGHEST GUST DIRECTION    SW (210)
  AVERAGE WIND SPEED     9.2


SKY COVER
  AVERAGE SKY COVER 0.8


WEATHER CONDITIONS
 THE FOLLOWING WEATHER WAS RECORDED YESTERDAY.
  THUNDERSTORM
  LIGHT RAIN
  FOG
  HAZE


RELATIVE HUMIDITY (PERCENT)
 HIGHEST    90           300 AM
 LOWEST     68          1100 PM
 AVERAGE    79

..........................................................


THE ISLIP NY CLIMATE NORMALS FOR TODAY
                         NORMAL    RECORD    YEAR
 MAXIMUM TEMPERATURE (F)   71        93      1987
 MINIMUM TEMPERATURE (F)   54        43      1992


SUNRISE AND SUNSET
MAY 29 2015...........SUNRISE   525 AM EDT   SUNSET   815 PM EDT
MAY 30 2015...........SUNRISE   524 AM EDT   SUNSET   816 PM EDT


-  INDICATES NEGATIVE NUMBERS.
R  INDICATES RECORD WAS SET OR TIED.
MM INDICATES DATA IS MISSING.
T  INDICATES TRACE AMOUNT.




$$
