000
CDUS41 KOKX 160620
CLIISP


CLIMATE REPORT
NATIONAL WEATHER SERVICE NEW YORK NY
220 AM EDT THU OCT 16 2014


...................................

...THE ISLIP NY CLIMATE SUMMARY FOR OCTOBER 15 2014...

CLIMATE NORMAL PERIOD 1981 TO 2010
CLIMATE RECORD PERIOD 1986 TO 2014


WEATHER ITEM   OBSERVED TIME   RECORD YEAR NORMAL DEPARTURE LAST
                VALUE   (LST)  VALUE       VALUE  FROM      YEAR
                                                  NORMAL
..................................................................
TEMPERATURE (F)
 YESTERDAY
  MAXIMUM         76   1159 AM  81    1990  63     13       71
  MINIMUM         68    331 AM  34    2006  46     22       45
                                      1987
  AVERAGE         72                        54     18       58

PRECIPITATION (IN)
  YESTERDAY        0.09          0.63 2004   0.12  -0.03     0.00
  MONTH TO DATE    1.51                      1.85  -0.34     0.15
  SINCE SEP 1      3.13                      5.43  -2.30     1.98
  SINCE JAN 1     43.69                     36.57   7.12    30.54

SNOWFALL (IN)
  YESTERDAY        0.0          MM      MM   0.0    0.0      0.0
  MONTH TO DATE    0.0                       0.0    0.0      0.0
  SINCE OCT 1      0.0                       0.0    0.0      0.0
  SINCE JUL 1      0.0                       0.0    0.0      0.0
  SNOW DEPTH       0

DEGREE DAYS
 HEATING
  YESTERDAY        0                        11    -11        7
  MONTH TO DATE   95                       130    -35       40
  SINCE SEP 1    139                       202    -63      123
  SINCE JUL 1    139                       207    -68      123

 COOLING
  YESTERDAY        7                         0      7        0
  MONTH TO DATE   15                         9      6       23
  SINCE SEP 1    139                       100     39      107
  SINCE JAN 1    886                       786    100      954
..................................................................


WIND (MPH)
  HIGHEST WIND SPEED    20   HIGHEST WIND DIRECTION     S (160)
  HIGHEST GUST SPEED    32   HIGHEST GUST DIRECTION    SE (140)
  AVERAGE WIND SPEED    14.8


SKY COVER
  AVERAGE SKY COVER 0.9


WEATHER CONDITIONS
 THE FOLLOWING WEATHER WAS RECORDED YESTERDAY.
  RAIN
  LIGHT RAIN
  FOG


RELATIVE HUMIDITY (PERCENT)
 HIGHEST    90           700 AM
 LOWEST     74          1200 PM
 AVERAGE    82

..........................................................


THE ISLIP NY CLIMATE NORMALS FOR TODAY
                         NORMAL    RECORD    YEAR
 MAXIMUM TEMPERATURE (F)   63        74      2008
 MINIMUM TEMPERATURE (F)   45        36      2006


SUNRISE AND SUNSET
OCTOBER 16 2014.......SUNRISE   705 AM EDT   SUNSET   611 PM EDT
OCTOBER 17 2014.......SUNRISE   706 AM EDT   SUNSET   609 PM EDT


-  INDICATES NEGATIVE NUMBERS.
R  INDICATES RECORD WAS SET OR TIED.
MM INDICATES DATA IS MISSING.
T  INDICATES TRACE AMOUNT.




$$
