000
CDUS41 KOKX 292035
CLIISP


CLIMATE REPORT
NATIONAL WEATHER SERVICE NEW YORK NY
435 PM EDT WED JUL 29 2015


...................................

...THE ISLIP NY CLIMATE SUMMARY FOR JULY 29 2015...
VALID TODAY AS OF 0400 PM LOCAL TIME.

CLIMATE NORMAL PERIOD 1981 TO 2010
CLIMATE RECORD PERIOD 1986 TO 2015


WEATHER ITEM   OBSERVED TIME   RECORD YEAR NORMAL DEPARTURE LAST
                VALUE   (LST)  VALUE       VALUE  FROM      YEAR
                                                  NORMAL
..................................................................
TEMPERATURE (F)
 TODAY
  MAXIMUM         92    218 PM  96    2002  82     10       80
  MINIMUM         71    450 AM  58    1984  67      4       63
  AVERAGE         82                        74      8       72

PRECIPITATION (IN)
  TODAY            0.00          0.81 1986   0.12  -0.12     0.00
  MONTH TO DATE    1.41                      3.18  -1.77     2.96
  SINCE JUN 1      5.46                      7.45  -1.99     4.75
  SINCE JAN 1     20.55                     26.91  -6.36    26.49

SNOWFALL (IN)
  TODAY            0.0          MM      MM   0.0    0.0      0.0
  MONTH TO DATE    0.0                       0.0    0.0      0.0
  SINCE OCT 1     63.7                      24.8   38.9     63.7
  SINCE JUL 1      0.0                       0.0    0.0      0.0
  SNOW DEPTH       0

DEGREE DAYS
 HEATING
  TODAY            0                         0      0        0
  MONTH TO DATE    0                         0      0        0
  SINCE JUN 1     46                        38      8        2
  SINCE JUL 1      0                         0      0        0

 COOLING
  TODAY           17                         9      8        7
  MONTH TO DATE  310                       254     56      310
  SINCE JUN 1    462                       394     68      481
  SINCE JAN 1    512                       418     94      510
..................................................................


WIND (MPH)
  HIGHEST WIND SPEED    16   HIGHEST WIND DIRECTION    SW (220)
  HIGHEST GUST SPEED    22   HIGHEST GUST DIRECTION    SW (220)
  AVERAGE WIND SPEED     4.6


SKY COVER
  AVERAGE SKY COVER 0.6


WEATHER CONDITIONS
 THE FOLLOWING WEATHER WAS RECORDED TODAY.
  FOG
  HAZE


RELATIVE HUMIDITY (PERCENT)
 HIGHEST    93           100 AM
 LOWEST     41          1000 AM
 AVERAGE    67

..........................................................


THE ISLIP NY CLIMATE NORMALS FOR TOMORROW
                         NORMAL    RECORD    YEAR
 MAXIMUM TEMPERATURE (F)   82        95      1988
 MINIMUM TEMPERATURE (F)   67        58      2001


SUNRISE AND SUNSET
JULY 29 2015..........SUNRISE   546 AM EDT   SUNSET   811 PM EDT
JULY 30 2015..........SUNRISE   547 AM EDT   SUNSET   810 PM EDT


-  INDICATES NEGATIVE NUMBERS.
R  INDICATES RECORD WAS SET OR TIED.
MM INDICATES DATA IS MISSING.
T  INDICATES TRACE AMOUNT.




$$
