000
CDUS41 KOKX 240619
CLIISP


CLIMATE REPORT
NATIONAL WEATHER SERVICE NEW YORK NY
219 AM EDT TUE MAY 24 2016


...................................

...THE ISLIP NY CLIMATE SUMMARY FOR MAY 23 2016...

CLIMATE NORMAL PERIOD 1981 TO 2010
CLIMATE RECORD PERIOD 1986 TO 2016


WEATHER ITEM   OBSERVED TIME   RECORD YEAR NORMAL DEPARTURE LAST
                VALUE   (LST)  VALUE       VALUE  FROM      YEAR
                                                  NORMAL
..................................................................
TEMPERATURE (F)
 YESTERDAY
  MAXIMUM         73    106 PM  90    1992  70      3       66
  MINIMUM         49    355 AM  42    2006  52     -3       48
  AVERAGE         61                        61      0       57

PRECIPITATION (IN)
  YESTERDAY        0.14          0.68 1999   0.13   0.01     0.00
  MONTH TO DATE    2.23                      2.69  -0.46     0.42
  SINCE MAR 1      7.34                     11.47  -4.13     7.15
  SINCE JAN 1     15.81                     18.37  -2.56    15.09

SNOWFALL (IN)
  YESTERDAY        0.0          MM      MM   0.0    0.0      0.0
  MONTH TO DATE    0.0                       0.0    0.0      0.0
  SINCE OCT 1     41.4                      24.8   16.6     63.7
  SINCE JUL 1     41.4                      24.8   16.6     63.7
  SNOW DEPTH       0

DEGREE DAYS
 HEATING
  YESTERDAY        4                         5     -1        8
  MONTH TO DATE  224                       185     39      108
  SINCE MAR 1   1280                      1461   -181     1487
  SINCE JUL 1   4362                      5356   -994     5507

 COOLING
  YESTERDAY        0                         1     -1        0
  MONTH TO DATE    0                         7     -7       25
  SINCE MAR 1      0                         9     -9       25
  SINCE JAN 1      0                         9     -9       25
..................................................................


WIND (MPH)
  HIGHEST WIND SPEED    16   HIGHEST WIND DIRECTION    SE (140)
  HIGHEST GUST SPEED    20   HIGHEST GUST DIRECTION    SE (130)
  AVERAGE WIND SPEED     6.0


SKY COVER
  AVERAGE SKY COVER 0.5


WEATHER CONDITIONS
 THE FOLLOWING WEATHER WAS RECORDED YESTERDAY.
  LIGHT RAIN
  FOG


RELATIVE HUMIDITY (PERCENT)
 HIGHEST    96           200 AM
 LOWEST     39           400 PM
 AVERAGE    68

..........................................................


THE ISLIP NY CLIMATE NORMALS FOR TODAY
                         NORMAL    RECORD    YEAR
 MAXIMUM TEMPERATURE (F)   70        85      1992
 MINIMUM TEMPERATURE (F)   52        44      2006


SUNRISE AND SUNSET
MAY 24 2016...........SUNRISE   527 AM EDT   SUNSET   812 PM EDT
MAY 25 2016...........SUNRISE   527 AM EDT   SUNSET   812 PM EDT


-  INDICATES NEGATIVE NUMBERS.
R  INDICATES RECORD WAS SET OR TIED.
MM INDICATES DATA IS MISSING.
T  INDICATES TRACE AMOUNT.




$$
