000
CDUS41 KOKX 112132
CLIISP


CLIMATE REPORT
NATIONAL WEATHER SERVICE NEW YORK NY
432 PM EST WED JAN 11 2017


...................................

...THE ISLIP NY CLIMATE SUMMARY FOR JANUARY 11 2017...
VALID TODAY AS OF 0400 PM LOCAL TIME.

CLIMATE NORMAL PERIOD 1981 TO 2010
CLIMATE RECORD PERIOD 1984 TO 2017


WEATHER ITEM   OBSERVED TIME   RECORD YEAR NORMAL DEPARTURE LAST
                VALUE   (LST)  VALUE       VALUE  FROM      YEAR
                                                  NORMAL
..................................................................
TEMPERATURE (F)
 TODAY
  MAXIMUM         51   1117 AM  55    2014  38     13       41
  MINIMUM         43    801 AM   1    1988  23     20       25
  AVERAGE         47                        30     17       33

PRECIPITATION (IN)
  TODAY            0.20          0.87 2014   0.12   0.08     0.00
  MONTH TO DATE    1.72                      1.32   0.40     1.72
  SINCE DEC 1      5.25                      5.38  -0.13     7.05
  SINCE JAN 1      1.72                      1.32   0.40     1.72

SNOWFALL (IN)
  TODAY            0.0           3.6  1991   0.2   -0.2      0.0
  MONTH TO DATE   11.3                       2.5    8.8       T
  SINCE OCT 1     14.5                       8.4    6.1       T
  SINCE JUL 1     14.5                       8.4    6.1       T
  SNOW DEPTH       0

DEGREE DAYS
 HEATING
  TODAY           18                        34    -16       32
  MONTH TO DATE  365                       373     -8      328
  SINCE DEC 1   1238                      1284    -46      836
  SINCE JUL 1   2029                      2300   -271     1588

 COOLING
  TODAY            0                         0      0        0
  MONTH TO DATE    0                         0      0        0
  SINCE DEC 1      0                         0      0        0
  SINCE JAN 1      0                         0      0        0
..................................................................


WIND (MPH)
  HIGHEST WIND SPEED    24   HIGHEST WIND DIRECTION    SW (210)
  HIGHEST GUST SPEED    37   HIGHEST GUST DIRECTION    SW (220)
  AVERAGE WIND SPEED    11.8


SKY COVER
  AVERAGE SKY COVER 0.8


WEATHER CONDITIONS
 THE FOLLOWING WEATHER WAS RECORDED TODAY.
  LIGHT RAIN
  FOG


RELATIVE HUMIDITY (PERCENT)
 HIGHEST    93           200 AM
 LOWEST     66           100 PM
 AVERAGE    80

..........................................................


THE ISLIP NY CLIMATE NORMALS FOR TOMORROW
                         NORMAL    RECORD    YEAR
 MAXIMUM TEMPERATURE (F)   38        58      1995
 MINIMUM TEMPERATURE (F)   23         8      1988


SUNRISE AND SUNSET
JANUARY 11 2017.......SUNRISE   716 AM EST   SUNSET   445 PM EST
JANUARY 12 2017.......SUNRISE   716 AM EST   SUNSET   446 PM EST


-  INDICATES NEGATIVE NUMBERS.
R  INDICATES RECORD WAS SET OR TIED.
MM INDICATES DATA IS MISSING.
T  INDICATES TRACE AMOUNT.




$$
