000
CDUS41 KOKX 122035
CLIISP


CLIMATE REPORT
NATIONAL WEATHER SERVICE NEW YORK NY
435 PM EDT SAT APR 12 2014


...................................

...THE ISLIP NY CLIMATE SUMMARY FOR APRIL 12 2014...
VALID TODAY AS OF 0400 PM LOCAL TIME.

CLIMATE NORMAL PERIOD 1981 TO 2010
CLIMATE RECORD PERIOD 1986 TO 2014


WEATHER ITEM   OBSERVED TIME   RECORD YEAR NORMAL DEPARTURE LAST
                VALUE   (LST)  VALUE       VALUE  FROM      YEAR
                                                  NORMAL
..................................................................
TEMPERATURE (F)
 TODAY
  MAXIMUM         69   1255 PM  73    1996  56     13       47
  MINIMUM         47    551 AM  28    1989  40      7       40
  AVERAGE         58                        48     10       44

PRECIPITATION (IN)
  TODAY            0.00          1.82 2007   0.16  -0.16     0.79
  MONTH TO DATE    1.11                      1.83  -0.72     1.20
  SINCE MAR 1      7.01                      6.27   0.74     3.84
  SINCE JAN 1     15.35                     13.17   2.18    11.97

SNOWFALL (IN)
  TODAY            0.0          MM      MM   0.0    0.0      0.0
  MONTH TO DATE    0.0                       0.4   -0.4      0.0
  SINCE OCT 1     63.5                      24.6   38.9     46.9
  SINCE JUL 1     63.5                      24.6   38.9     46.9
  SNOW DEPTH       0

DEGREE DAYS
 HEATING
  TODAY            7                        17    -10       21
  MONTH TO DATE  200                       226    -26      206
  SINCE MAR 1   1097                      1023     74     1026
  SINCE JUL 1   5050                      4918    132     4639

 COOLING
  TODAY            0                         0      0        0
  MONTH TO DATE    0                         0      0        1
  SINCE MAR 1      0                         0      0        1
  SINCE JAN 1      0                         0      0        1
..................................................................


WIND (MPH)
  HIGHEST WIND SPEED    16   HIGHEST WIND DIRECTION    SW (210)
  HIGHEST GUST SPEED    21   HIGHEST GUST DIRECTION     S (190)
  AVERAGE WIND SPEED     6.4


SKY COVER
  AVERAGE SKY COVER 0.5


WEATHER CONDITIONS
 THE FOLLOWING WEATHER WAS RECORDED TODAY.
  FOG


RELATIVE HUMIDITY (PERCENT)
 HIGHEST    86           400 AM
 LOWEST     22           100 PM
 AVERAGE    54

..........................................................


THE ISLIP NY CLIMATE NORMALS FOR TOMORROW
                         NORMAL    RECORD    YEAR
 MAXIMUM TEMPERATURE (F)   57        71      2001
 MINIMUM TEMPERATURE (F)   40        27      1990


SUNRISE AND SUNSET
APRIL 12 2014.........SUNRISE   618 AM EDT   SUNSET   729 PM EDT
APRIL 13 2014.........SUNRISE   617 AM EDT   SUNSET   730 PM EDT


-  INDICATES NEGATIVE NUMBERS.
R  INDICATES RECORD WAS SET OR TIED.
MM INDICATES DATA IS MISSING.
T  INDICATES TRACE AMOUNT.




$$
