000
CDUS41 KOKX 190616
CLIISP


CLIMATE REPORT
NATIONAL WEATHER SERVICE NEW YORK NY
216 AM EDT SUN OCT 19 2014


...................................

...THE ISLIP NY CLIMATE SUMMARY FOR OCTOBER 18 2014...

CLIMATE NORMAL PERIOD 1981 TO 2010
CLIMATE RECORD PERIOD 1986 TO 2014


WEATHER ITEM   OBSERVED TIME   RECORD YEAR NORMAL DEPARTURE LAST
                VALUE   (LST)  VALUE       VALUE  FROM      YEAR
                                                  NORMAL
..................................................................
TEMPERATURE (F)
 YESTERDAY
  MAXIMUM         72    113 PM  74    2006  62     10       69
                                      1990
  MINIMUM         56   1159 PM  33    2001  45     11       50
                                      1992
  AVERAGE         64                        53     11       60

PRECIPITATION (IN)
  YESTERDAY        0.00          2.05 1990   0.13  -0.13     0.02
  MONTH TO DATE    2.53                      2.22   0.31     0.17
  SINCE SEP 1      4.15                      5.80  -1.65     2.00
  SINCE JAN 1     44.71                     36.94   7.77    30.56

SNOWFALL (IN)
  YESTERDAY        0.0          MM      MM   0.0    0.0      0.0
  MONTH TO DATE    0.0                       0.0    0.0      0.0
  SINCE OCT 1      0.0                       0.0    0.0      0.0
  SINCE JUL 1      0.0                       0.0    0.0      0.0
  SNOW DEPTH       0

DEGREE DAYS
 HEATING
  YESTERDAY        1                        12    -11        5
  MONTH TO DATE   98                       164    -66       49
  SINCE SEP 1    142                       236    -94      132
  SINCE JUL 1    142                       241    -99      132

 COOLING
  YESTERDAY        0                         0      0        0
  MONTH TO DATE   16                         9      7       26
  SINCE SEP 1    140                       100     40      110
  SINCE JAN 1    887                       786    101      957
..................................................................


WIND (MPH)
  HIGHEST WIND SPEED    21   HIGHEST WIND DIRECTION     W (280)
  HIGHEST GUST SPEED    26   HIGHEST GUST DIRECTION     W (280)
  AVERAGE WIND SPEED     9.1


SKY COVER
  AVERAGE SKY COVER 0.6


WEATHER CONDITIONS
 THE FOLLOWING WEATHER WAS RECORDED YESTERDAY.
  NO SIGNIFICANT WEATHER WAS OBSERVED.


RELATIVE HUMIDITY (PERCENT)
 HIGHEST    90          1200 AM
 LOWEST     45           400 PM
 AVERAGE    68

..........................................................


THE ISLIP NY CLIMATE NORMALS FOR TODAY
                         NORMAL    RECORD    YEAR
 MAXIMUM TEMPERATURE (F)   62        74      1998
 MINIMUM TEMPERATURE (F)   44        31      1986


SUNRISE AND SUNSET
OCTOBER 19 2014.......SUNRISE   708 AM EDT   SUNSET   606 PM EDT
OCTOBER 20 2014.......SUNRISE   709 AM EDT   SUNSET   605 PM EDT


-  INDICATES NEGATIVE NUMBERS.
R  INDICATES RECORD WAS SET OR TIED.
MM INDICATES DATA IS MISSING.
T  INDICATES TRACE AMOUNT.




$$
