000
CDUS41 KOKX 252033
CLIISP


CLIMATE REPORT
NATIONAL WEATHER SERVICE NEW YORK NY
433 PM EDT MON AUG 25 2014


...................................

...THE ISLIP NY CLIMATE SUMMARY FOR AUGUST 25 2014...
VALID TODAY AS OF 0400 PM LOCAL TIME.

CLIMATE NORMAL PERIOD 1981 TO 2010
CLIMATE RECORD PERIOD 1986 TO 2014


WEATHER ITEM   OBSERVED TIME   RECORD YEAR NORMAL DEPARTURE LAST
                VALUE   (LST)  VALUE       VALUE  FROM      YEAR
                                                  NORMAL
..................................................................
TEMPERATURE (F)
 TODAY
  MAXIMUM         87    329 PM  92    1998  79      8       81
  MINIMUM         60    419 AM  51    1987  64     -4       56
  AVERAGE         74                        72      2       69

PRECIPITATION (IN)
  TODAY            0.00          2.13 1985   0.13  -0.13     0.00
  MONTH TO DATE   14.05                      3.27  10.78     2.51
  SINCE JUN 1     18.80                     10.97   7.83    13.00
  SINCE JAN 1     40.54                     30.43  10.11    28.35

SNOWFALL (IN)
  TODAY            0.0          MM      MM   0.0    0.0      0.0
  MONTH TO DATE    0.0                       0.0    0.0      0.0
  SINCE OCT 1     63.7                      24.8   38.9     46.9
  SINCE JUL 1      0.0                       0.0    0.0      0.0
  SNOW DEPTH       0

DEGREE DAYS
 HEATING
  TODAY            0                         0      0        0
  MONTH TO DATE    0                         0      0        0
  SINCE JUN 1      2                        40    -38       12
  SINCE JUL 1      0                         2     -2        0

 COOLING
  TODAY            9                         7      2        4
  MONTH TO DATE  176                       208    -32      177
  SINCE JUN 1    671                       624     47      755
  SINCE JAN 1    700                       648     52      787
..................................................................


WIND (MPH)
  HIGHEST WIND SPEED    14   HIGHEST WIND DIRECTION    NE (30)
  HIGHEST GUST SPEED    24   HIGHEST GUST DIRECTION    NE (30)
  AVERAGE WIND SPEED     4.9


SKY COVER
  AVERAGE SKY COVER 0.1


WEATHER CONDITIONS
 THE FOLLOWING WEATHER WAS RECORDED TODAY.
  NO SIGNIFICANT WEATHER WAS OBSERVED.


RELATIVE HUMIDITY (PERCENT)
 HIGHEST    93           600 AM
 LOWEST     37           100 PM
 AVERAGE    65

..........................................................


THE ISLIP NY CLIMATE NORMALS FOR TOMORROW
                         NORMAL    RECORD    YEAR
 MAXIMUM TEMPERATURE (F)   79        90      2009
                                             1993
 MINIMUM TEMPERATURE (F)   64        53      2004


SUNRISE AND SUNSET
AUGUST 25 2014........SUNRISE   612 AM EDT   SUNSET   736 PM EDT
AUGUST 26 2014........SUNRISE   613 AM EDT   SUNSET   734 PM EDT


-  INDICATES NEGATIVE NUMBERS.
R  INDICATES RECORD WAS SET OR TIED.
MM INDICATES DATA IS MISSING.
T  INDICATES TRACE AMOUNT.




$$
