717
CDUS41 KOKX 300631
CLIISP


CLIMATE REPORT
NATIONAL WEATHER SERVICE NEW YORK NY
131 AM EST WED NOV 30 2016


...................................

...THE ISLIP NY CLIMATE SUMMARY FOR NOVEMBER 29 2016...

CLIMATE NORMAL PERIOD 1981 TO 2010
CLIMATE RECORD PERIOD 1984 TO 2016


WEATHER ITEM   OBSERVED TIME   RECORD YEAR NORMAL DEPARTURE LAST
                VALUE   (LST)  VALUE       VALUE  FROM      YEAR
                                                  NORMAL
..................................................................
TEMPERATURE (F)
 YESTERDAY
  MAXIMUM         59   1143 PM  66    2011  49     10       48
                                      1991
  MINIMUM         40   1203 AM  21    2014  33      7       36
  AVERAGE         50                        41      9       42

PRECIPITATION (IN)
  YESTERDAY        1.68R         0.55 2011   0.14   1.54     0.00
  MONTH TO DATE    2.58                      3.53  -0.95     2.31
  SINCE SEP 1      8.54                     10.90  -2.36    10.91
  SINCE JAN 1     30.98                     42.04 -11.06    33.27

SNOWFALL (IN)
  YESTERDAY        0.0           3.0  1995   0.0    0.0      0.0
  MONTH TO DATE    T                         0.4   -0.4      0.0
  SINCE OCT 1      T                         0.4   -0.4      0.0
  SINCE JUL 1      T                         0.4   -0.4      0.0
  SNOW DEPTH       0

DEGREE DAYS
 HEATING
  YESTERDAY       15                        24     -9       23
  MONTH TO DATE  502                       570    -68      423
  SINCE SEP 1    779                       985   -206      727
  SINCE JUL 1    779                       990   -211      727

 COOLING
  YESTERDAY        0                         0      0        0
  MONTH TO DATE    0                         0      0        1
  SINCE SEP 1    177                       101     76      188
  SINCE JAN 1   1124                       787    337     1069
..................................................................


WIND (MPH)
  HIGHEST WIND SPEED    24   HIGHEST WIND DIRECTION    SW (220)
  HIGHEST GUST SPEED    32   HIGHEST GUST DIRECTION     S (160)
  AVERAGE WIND SPEED    12.4


SKY COVER
  AVERAGE SKY COVER 0.9


WEATHER CONDITIONS
 THE FOLLOWING WEATHER WAS RECORDED YESTERDAY.
  HEAVY RAIN
  RAIN
  LIGHT RAIN
  FOG


RELATIVE HUMIDITY (PERCENT)
 HIGHEST   100           100 PM
 LOWEST     74           200 AM
 AVERAGE    87

..........................................................


THE ISLIP NY CLIMATE NORMALS FOR TODAY
                         NORMAL    RECORD    YEAR
 MAXIMUM TEMPERATURE (F)   48        64      2001
 MINIMUM TEMPERATURE (F)   33        20      1989


SUNRISE AND SUNSET
NOVEMBER 30 2016......SUNRISE   657 AM EST   SUNSET   426 PM EST
DECEMBER  1 2016......SUNRISE   658 AM EST   SUNSET   425 PM EST


-  INDICATES NEGATIVE NUMBERS.
R  INDICATES RECORD WAS SET OR TIED.
MM INDICATES DATA IS MISSING.
T  INDICATES TRACE AMOUNT.




$$
