000
CDUS41 KOKX 272231
CLIISP


CLIMATE REPORT
NATIONAL WEATHER SERVICE NEW YORK NY
521 PM EST TUE JAN 27 2015


...................................

...THE ISLIP NY CLIMATE SUMMARY FOR JANUARY 27 2015...
VALID TODAY AS OF 0500 PM LOCAL TIME.

CLIMATE NORMAL PERIOD 1981 TO 2010
CLIMATE RECORD PERIOD 1986 TO 2015


WEATHER ITEM   OBSERVED TIME   RECORD YEAR NORMAL DEPARTURE LAST
                VALUE   (LST)  VALUE       VALUE  FROM      YEAR
                                                  NORMAL
..................................................................
TEMPERATURE (F)
 TODAY
  MAXIMUM         24    312 PM  59    2002  38    -14       46
  MINIMUM         20    604 AM   5    1994  23     -3       22
  AVERAGE         22                        31     -9       34

PRECIPITATION (IN)
  TODAY            1.44R         1.04 1996   0.11   1.33     0.00
  MONTH TO DATE    5.24                      3.21   2.03     3.87
  SINCE DEC 1     11.36                      7.27   4.09     9.67
  SINCE JAN 1      5.24                      3.21   2.03     3.87

SNOWFALL (IN)
  TODAY           17.3 R         9.6  2011   0.2   17.1      0.0
  MONTH TO DATE   29.7                       5.8   23.9     23.7
  SINCE OCT 1     30.1                      11.7   18.4     32.1
  SINCE JUL 1     30.1                      11.7   18.4     32.1
  SNOW DEPTH      24

DEGREE DAYS
 HEATING
  TODAY           43                        34      9       31
  MONTH TO DATE  948                       931     17      977
  SINCE DEC 1   1730                      1842   -112     1835
  SINCE JUL 1   2643                      2858   -215     2799

 COOLING
  TODAY            0                         0      0        0
  MONTH TO DATE    0                         0      0        0
  SINCE DEC 1      0                         0      0        0
  SINCE JAN 1      0                         0      0        0
..................................................................


WIND (MPH)
  HIGHEST WIND SPEED    36   HIGHEST WIND DIRECTION     N (20)
  HIGHEST GUST SPEED    50   HIGHEST GUST DIRECTION    NW (300)
  AVERAGE WIND SPEED    23.0


SKY COVER
  AVERAGE SKY COVER 1.0


WEATHER CONDITIONS
 THE FOLLOWING WEATHER WAS RECORDED TODAY.
  HEAVY SNOW
  SNOW
  LIGHT SNOW
  FOG
  FOG W/VISIBILITY <= 1/4 MILE
  HAZE
  BLOWING SNOW


RELATIVE HUMIDITY (PERCENT)
 HIGHEST    92           800 AM
 LOWEST     62           300 PM
 AVERAGE    77

..........................................................


THE ISLIP NY CLIMATE NORMALS FOR TOMORROW
                         NORMAL    RECORD    YEAR
 MAXIMUM TEMPERATURE (F)   38        61      2002
 MINIMUM TEMPERATURE (F)   23         4      2005


SUNRISE AND SUNSET
JANUARY 27 2015.......SUNRISE   707 AM EST   SUNSET   503 PM EST
JANUARY 28 2015.......SUNRISE   706 AM EST   SUNSET   505 PM EST


-  INDICATES NEGATIVE NUMBERS.
R  INDICATES RECORD WAS SET OR TIED.
MM INDICATES DATA IS MISSING.
T  INDICATES TRACE AMOUNT.




$$
