000
CDUS41 KOKX 182049
CLIISP


CLIMATE REPORT
NATIONAL WEATHER SERVICE NEW YORK NY
449 PM EDT MON JUL 18 2016


...................................

...THE ISLIP NY CLIMATE SUMMARY FOR JULY 18 2016...
VALID TODAY AS OF 0400 PM LOCAL TIME.

CLIMATE NORMAL PERIOD 1981 TO 2010
CLIMATE RECORD PERIOD 1984 TO 2016


WEATHER ITEM   OBSERVED TIME   RECORD YEAR NORMAL DEPARTURE LAST
                VALUE   (LST)  VALUE       VALUE  FROM      YEAR
                                                  NORMAL
..................................................................
TEMPERATURE (F)
 TODAY
  MAXIMUM         91   1108 AM  98    1999  82      9       79
  MINIMUM         72    414 AM  61    2003  66      6       71
                                      1989
  AVERAGE         82                        74      8       75

PRECIPITATION (IN)
  TODAY            0.00          3.34 2007   0.12  -0.12     0.46
  MONTH TO DATE    1.73                      1.90  -0.17     1.27
  SINCE JUN 1      2.86                      6.17  -3.31     5.32
  SINCE JAN 1     20.05                     25.63  -5.58    20.41

SNOWFALL (IN)
  TODAY            0.0          MM      MM   0.0    0.0      0.0
  MONTH TO DATE    0.0                       0.0    0.0      0.0
  SINCE OCT 1     41.4                      24.8   16.6     63.7
  SINCE JUL 1      0.0                       0.0    0.0      0.0
  SNOW DEPTH       0

DEGREE DAYS
 HEATING
  TODAY            0                         0      0        0
  MONTH TO DATE    0                         0      0        0
  SINCE JUN 1      8                        38    -30       46
  SINCE JUL 1      0                         0      0        0

 COOLING
  TODAY           17                         9      8       10
  MONTH TO DATE  194                       155     39      165
  SINCE JUN 1    333                       295     38      317
  SINCE JAN 1    377                       319     58      367
..................................................................


WIND (MPH)
  HIGHEST WIND SPEED    22   HIGHEST WIND DIRECTION    SW (220)
  HIGHEST GUST SPEED    26   HIGHEST GUST DIRECTION    SW (220)
  AVERAGE WIND SPEED     9.6


SKY COVER
  AVERAGE SKY COVER 0.4


WEATHER CONDITIONS
 THE FOLLOWING WEATHER WAS RECORDED TODAY.
  NO SIGNIFICANT WEATHER WAS OBSERVED.


RELATIVE HUMIDITY (PERCENT)
 HIGHEST    87          1200 AM
 LOWEST     52          1100 AM
 AVERAGE    70

..........................................................


THE ISLIP NY CLIMATE NORMALS FOR TOMORROW
                         NORMAL    RECORD    YEAR
 MAXIMUM TEMPERATURE (F)   82        93      2013
 MINIMUM TEMPERATURE (F)   66        57      2000


SUNRISE AND SUNSET
JULY 18 2016..........SUNRISE   537 AM EDT   SUNSET   820 PM EDT
JULY 19 2016..........SUNRISE   537 AM EDT   SUNSET   820 PM EDT


-  INDICATES NEGATIVE NUMBERS.
R  INDICATES RECORD WAS SET OR TIED.
MM INDICATES DATA IS MISSING.
T  INDICATES TRACE AMOUNT.




$$
