000
CDUS41 KOKX 142040
CLIISP


CLIMATE REPORT
NATIONAL WEATHER SERVICE NEW YORK NY
440 PM EDT MON APR 14 2014


...................................

...THE ISLIP NY CLIMATE SUMMARY FOR APRIL 14 2014...
VALID TODAY AS OF 0400 PM LOCAL TIME.

CLIMATE NORMAL PERIOD 1981 TO 2010
CLIMATE RECORD PERIOD 1986 TO 2014


WEATHER ITEM   OBSERVED TIME   RECORD YEAR NORMAL DEPARTURE LAST
                VALUE   (LST)  VALUE       VALUE  FROM      YEAR
                                                  NORMAL
..................................................................
TEMPERATURE (F)
 TODAY
  MAXIMUM         65    140 PM  73    2002  57      8       57
  MINIMUM         54    554 AM  28    2000  40     14       42
  AVERAGE         60                        49     11       50

PRECIPITATION (IN)
  TODAY            0.00          0.69 1984   0.15  -0.15      T
  MONTH TO DATE    1.11                      2.13  -1.02     1.24
  SINCE MAR 1      7.01                      6.57   0.44     3.88
  SINCE JAN 1     15.35                     13.47   1.88    12.01

SNOWFALL (IN)
  TODAY            0.0          MM      MM   0.0    0.0      0.0
  MONTH TO DATE    0.0                       0.4   -0.4      0.0
  SINCE OCT 1     63.5                      24.6   38.9     46.9
  SINCE JUL 1     63.5                      24.6   38.9     46.9
  SNOW DEPTH       0

DEGREE DAYS
 HEATING
  TODAY            5                        16    -11       15
  MONTH TO DATE  216                       259    -43      238
  SINCE MAR 1   1113                      1056     57     1058
  SINCE JUL 1   5066                      4951    115     4671

 COOLING
  TODAY            0                         0      0        0
  MONTH TO DATE    0                         0      0        1
  SINCE MAR 1      0                         0      0        1
  SINCE JAN 1      0                         0      0        1
..................................................................


WIND (MPH)
  HIGHEST WIND SPEED    28   HIGHEST WIND DIRECTION     S (200)
  HIGHEST GUST SPEED    40   HIGHEST GUST DIRECTION     S (180)
  AVERAGE WIND SPEED    18.8


SKY COVER
  AVERAGE SKY COVER 0.6


WEATHER CONDITIONS
 THE FOLLOWING WEATHER WAS RECORDED TODAY.
  NO SIGNIFICANT WEATHER WAS OBSERVED.


RELATIVE HUMIDITY (PERCENT)
 HIGHEST    83          1200 AM
 LOWEST     67          1100 AM
 AVERAGE    75

..........................................................


THE ISLIP NY CLIMATE NORMALS FOR TOMORROW
                         NORMAL    RECORD    YEAR
 MAXIMUM TEMPERATURE (F)   58        78      2002
 MINIMUM TEMPERATURE (F)   41        29      1992


SUNRISE AND SUNSET
APRIL 14 2014.........SUNRISE   615 AM EDT   SUNSET   731 PM EDT
APRIL 15 2014.........SUNRISE   614 AM EDT   SUNSET   732 PM EDT


-  INDICATES NEGATIVE NUMBERS.
R  INDICATES RECORD WAS SET OR TIED.
MM INDICATES DATA IS MISSING.
T  INDICATES TRACE AMOUNT.




$$
