000
CDUS41 KOKX 050720
CLIISP


CLIMATE REPORT
NATIONAL WEATHER SERVICE NEW YORK NY
320 AM EDT SAT SEP 5 2015


...................................

...THE ISLIP NY CLIMATE SUMMARY FOR SEPTEMBER 4 2015...

CLIMATE NORMAL PERIOD 1981 TO 2010
CLIMATE RECORD PERIOD 1986 TO 2015


WEATHER ITEM   OBSERVED TIME   RECORD YEAR NORMAL DEPARTURE LAST
                VALUE   (LST)  VALUE       VALUE  FROM      YEAR
                                                  NORMAL
..................................................................
TEMPERATURE (F)
 YESTERDAY
  MAXIMUM         83    349 PM  91    1985  77      6       84
  MINIMUM         67   1159 PM  53    1989  62      5       65
  AVERAGE         75                        70      5       75

PRECIPITATION (IN)
  YESTERDAY        0.00          1.65 2012   0.12  -0.12     0.00
  MONTH TO DATE    0.00                      0.50  -0.50     0.00
  SINCE SEP 1      0.00                      0.50  -0.50     0.00
  SINCE JAN 1     22.36                     31.64  -9.28    40.56

SNOWFALL (IN)
  YESTERDAY        0.0          MM      MM   0.0    0.0      0.0
  MONTH TO DATE    0.0                       0.0    0.0      0.0
  SINCE OCT 1     63.7                      24.8   38.9     63.7
  SINCE JUL 1      0.0                       0.0    0.0      0.0
  SNOW DEPTH       0

DEGREE DAYS
 HEATING
  YESTERDAY        0                         1     -1        0
  MONTH TO DATE    0                         2     -2        0
  SINCE SEP 1      0                         2     -2        0
  SINCE JUL 1      0                         7     -7        0

 COOLING
  YESTERDAY       10                         5      5       10
  MONTH TO DATE   50                        22     28       51
  SINCE SEP 1     50                        22     28       51
  SINCE JAN 1    931                       708    223      798
..................................................................


WIND (MPH)
  HIGHEST WIND SPEED    17   HIGHEST WIND DIRECTION     E (100)
  HIGHEST GUST SPEED    22   HIGHEST GUST DIRECTION     E (90)
  AVERAGE WIND SPEED     9.5


SKY COVER
  AVERAGE SKY COVER 0.4


WEATHER CONDITIONS
 THE FOLLOWING WEATHER WAS RECORDED YESTERDAY.
  FOG
  HAZE


RELATIVE HUMIDITY (PERCENT)
 HIGHEST    93           500 AM
 LOWEST     47           400 PM
 AVERAGE    70

..........................................................


THE ISLIP NY CLIMATE NORMALS FOR TODAY
                         NORMAL    RECORD    YEAR
 MAXIMUM TEMPERATURE (F)   77        90      1985
 MINIMUM TEMPERATURE (F)   62        49      2000
                                             1997
                                             1989


SUNRISE AND SUNSET
SEPTEMBER  5 2015.....SUNRISE   623 AM EDT   SUNSET   719 PM EDT
SEPTEMBER  6 2015.....SUNRISE   624 AM EDT   SUNSET   717 PM EDT


-  INDICATES NEGATIVE NUMBERS.
R  INDICATES RECORD WAS SET OR TIED.
MM INDICATES DATA IS MISSING.
T  INDICATES TRACE AMOUNT.




$$
