000
CDUS41 KOKX 250618
CLIISP


CLIMATE REPORT
NATIONAL WEATHER SERVICE NEW YORK NY
218 AM EDT MON APR 25 2016


...................................

...THE ISLIP NY CLIMATE SUMMARY FOR APRIL 24 2016...

CLIMATE NORMAL PERIOD 1981 TO 2010
CLIMATE RECORD PERIOD 1986 TO 2016


WEATHER ITEM   OBSERVED TIME   RECORD YEAR NORMAL DEPARTURE LAST
                VALUE   (LST)  VALUE       VALUE  FROM      YEAR
                                                  NORMAL
..................................................................
TEMPERATURE (F)
 YESTERDAY
  MAXIMUM         64    327 PM  77    2008  61      3       47
  MINIMUM         44    521 AM  32    2002  43      1       37
  AVERAGE         54                        52      2       42

PRECIPITATION (IN)
  YESTERDAY        0.00          0.36 1987   0.13  -0.13     0.00
  MONTH TO DATE    1.94                      3.51  -1.57     1.66
  SINCE MAR 1      4.66                      7.95  -3.29     6.73
  SINCE JAN 1     13.13                     14.85  -1.72    14.67

SNOWFALL (IN)
  YESTERDAY        0.0          MM      MM   0.0    0.0      0.0
  MONTH TO DATE    0.2                       0.6   -0.4      0.0
  SINCE OCT 1     41.4                      24.8   16.6     63.7
  SINCE JUL 1     41.4                      24.8   16.6     63.7
  SNOW DEPTH       0

DEGREE DAYS
 HEATING
  YESTERDAY       11                        13     -2       23
  MONTH TO DATE  380                       405    -25      393
  SINCE MAR 1    979                      1202   -223     1309
  SINCE JUL 1   4061                      5097  -1036     5329

 COOLING
  YESTERDAY        0                         0      0        0
  MONTH TO DATE    0                         0      0        0
  SINCE MAR 1      0                         0      0        0
  SINCE JAN 1      0                         0      0        0
..................................................................


WIND (MPH)
  HIGHEST WIND SPEED    18   HIGHEST WIND DIRECTION    NW (310)
  HIGHEST GUST SPEED    26   HIGHEST GUST DIRECTION    NW (330)
  AVERAGE WIND SPEED     9.9


SKY COVER
  AVERAGE SKY COVER 0.2


WEATHER CONDITIONS
 THE FOLLOWING WEATHER WAS RECORDED YESTERDAY.
  NO SIGNIFICANT WEATHER WAS OBSERVED.


RELATIVE HUMIDITY (PERCENT)
 HIGHEST    66           900 PM
 LOWEST     17           200 PM
 AVERAGE    42

..........................................................


THE ISLIP NY CLIMATE NORMALS FOR TODAY
                         NORMAL    RECORD    YEAR
 MAXIMUM TEMPERATURE (F)   61        76      1994
 MINIMUM TEMPERATURE (F)   44        32      2015


SUNRISE AND SUNSET
APRIL 25 2016.........SUNRISE   558 AM EDT   SUNSET   743 PM EDT
APRIL 26 2016.........SUNRISE   557 AM EDT   SUNSET   744 PM EDT


-  INDICATES NEGATIVE NUMBERS.
R  INDICATES RECORD WAS SET OR TIED.
MM INDICATES DATA IS MISSING.
T  INDICATES TRACE AMOUNT.




$$
