000
CDUS41 KOKX 250616
CLIISP


CLIMATE REPORT
NATIONAL WEATHER SERVICE NEW YORK NY
216 AM EDT THU JUN 25 2015


...................................

...THE ISLIP NY CLIMATE SUMMARY FOR JUNE 24 2015...

CLIMATE NORMAL PERIOD 1981 TO 2010
CLIMATE RECORD PERIOD 1986 TO 2015


WEATHER ITEM   OBSERVED TIME   RECORD YEAR NORMAL DEPARTURE LAST
                VALUE   (LST)  VALUE       VALUE  FROM      YEAR
                                                  NORMAL
..................................................................
TEMPERATURE (F)
 YESTERDAY
  MAXIMUM         83    343 PM  93    2010  79      4       79
  MINIMUM         64    440 AM  51    2007  63      1       67
  AVERAGE         74                        71      3       73

PRECIPITATION (IN)
  YESTERDAY        0.00          1.47 2006   0.11  -0.11     0.00
  MONTH TO DATE    3.08                      3.59  -0.51     1.67
  SINCE JUN 1      3.08                      3.59  -0.51     1.67
  SINCE JAN 1     18.17                     23.05  -4.88    23.41

SNOWFALL (IN)
  YESTERDAY        0.0          MM      MM   0.0    0.0      0.0
  MONTH TO DATE    0.0                       0.0    0.0      0.0
  SINCE OCT 1     63.7                      24.8   38.9     63.7
  SINCE JUL 1     63.7                      24.8   38.9     63.7
  SNOW DEPTH       0

DEGREE DAYS
 HEATING
  YESTERDAY        0                         0      0        0
  MONTH TO DATE   46                        36     10        2
  SINCE JUN 1     46                        36     10        2
  SINCE JUL 1   5557                      5426    131     5459

 COOLING
  YESTERDAY        9                         6      3        8
  MONTH TO DATE  128                        97     31      118
  SINCE JUN 1    128                        97     31      118
  SINCE JAN 1    178                       121     57      147
..................................................................


WIND (MPH)
  HIGHEST WIND SPEED    16   HIGHEST WIND DIRECTION     N (340)
  HIGHEST GUST SPEED    20   HIGHEST GUST DIRECTION    NW (330)
  AVERAGE WIND SPEED     8.9


SKY COVER
  AVERAGE SKY COVER 0.3


WEATHER CONDITIONS
 THE FOLLOWING WEATHER WAS RECORDED YESTERDAY.
  NO SIGNIFICANT WEATHER WAS OBSERVED.


RELATIVE HUMIDITY (PERCENT)
 HIGHEST    84          1200 AM
 LOWEST     40           400 PM
 AVERAGE    62

..........................................................


THE ISLIP NY CLIMATE NORMALS FOR TODAY
                         NORMAL    RECORD    YEAR
 MAXIMUM TEMPERATURE (F)   79        92      2003
 MINIMUM TEMPERATURE (F)   63        52      1985


SUNRISE AND SUNSET
JUNE 25 2015..........SUNRISE   522 AM EDT   SUNSET   828 PM EDT
JUNE 26 2015..........SUNRISE   522 AM EDT   SUNSET   828 PM EDT


-  INDICATES NEGATIVE NUMBERS.
R  INDICATES RECORD WAS SET OR TIED.
MM INDICATES DATA IS MISSING.
T  INDICATES TRACE AMOUNT.




$$
