000
CDUS41 KOKX 060631
CLIISP


CLIMATE REPORT
NATIONAL WEATHER SERVICE NEW YORK NY
130 AM EST WED DEC 6 2017


...................................

...THE ISLIP NY CLIMATE SUMMARY FOR DECEMBER 5 2017...

CLIMATE NORMAL PERIOD 1981 TO 2010
CLIMATE RECORD PERIOD 1963 TO 2017


WEATHER ITEM   OBSERVED TIME   RECORD YEAR NORMAL DEPARTURE LAST
                VALUE   (LST)  VALUE       VALUE  FROM      YEAR
                                                  NORMAL
..................................................................
TEMPERATURE (F)
 YESTERDAY
  MAXIMUM         60    325 PM  70    2001  46     14       51
  MINIMUM         47   1215 AM  13    1966  31     16       33
  AVERAGE         54                        39     15       42

PRECIPITATION (IN)
  YESTERDAY        0.46          2.27 1993   0.14   0.32     0.13
  MONTH TO DATE    0.47                      0.70  -0.23     0.15
  SINCE DEC 1      0.47                      0.70  -0.23     0.15
  SINCE JAN 1     41.79                     42.88  -1.09    31.61

SNOWFALL (IN)
  YESTERDAY        0.0           0.9  2005   0.1   -0.1      0.0
  MONTH TO DATE    0.0                       0.4   -0.4      0.0
  SINCE OCT 1      T                         0.9   -0.9       T
  SINCE JUL 1      T                         0.9   -0.9       T
  SNOW DEPTH       0

DEGREE DAYS
 HEATING
  YESTERDAY       11                        26    -15       23
  MONTH TO DATE  105                       127    -22      109
  SINCE DEC 1    105                       127    -22      109
  SINCE JUL 1    856                      1143   -287      900

 COOLING
  YESTERDAY        0                         0      0        0
  MONTH TO DATE    0                         0      0        0
  SINCE DEC 1      0                         0      0        0
  SINCE JAN 1    972                       787    185     1124
..................................................................


WIND (MPH)
  HIGHEST WIND SPEED    24   HIGHEST WIND DIRECTION     S (190)
  HIGHEST GUST SPEED    33   HIGHEST GUST DIRECTION     S (190)
  AVERAGE WIND SPEED    14.7


SKY COVER
  AVERAGE SKY COVER 0.9


WEATHER CONDITIONS
 THE FOLLOWING WEATHER WAS RECORDED YESTERDAY.
  RAIN
  LIGHT RAIN
  FOG


RELATIVE HUMIDITY (PERCENT)
 HIGHEST   100           600 PM
 LOWEST     66           400 AM
 AVERAGE    83

..........................................................


THE ISLIP NY CLIMATE NORMALS FOR TODAY
                         NORMAL    RECORD    YEAR
 MAXIMUM TEMPERATURE (F)   46        67      1998
 MINIMUM TEMPERATURE (F)   31        13      2002


SUNRISE AND SUNSET
DECEMBER  6 2017......SUNRISE   702 AM EST   SUNSET   425 PM EST
DECEMBER  7 2017......SUNRISE   703 AM EST   SUNSET   425 PM EST


-  INDICATES NEGATIVE NUMBERS.
R  INDICATES RECORD WAS SET OR TIED.
MM INDICATES DATA IS MISSING.
T  INDICATES TRACE AMOUNT.




$$
