000
CDUS41 KOKX 150616
CLIISP


CLIMATE REPORT
NATIONAL WEATHER SERVICE NEW YORK NY
216 AM EDT THU JUN 15 2017


...................................

...THE ISLIP NY CLIMATE SUMMARY FOR JUNE 14 2017...

CLIMATE NORMAL PERIOD 1981 TO 2010
CLIMATE RECORD PERIOD 1963 TO 2017


WEATHER ITEM   OBSERVED TIME   RECORD YEAR NORMAL DEPARTURE LAST
                VALUE   (LST)  VALUE       VALUE  FROM      YEAR
                                                  NORMAL
..................................................................
TEMPERATURE (F)
 YESTERDAY
  MAXIMUM         80   1123 AM  92    1988  76      4       79
  MINIMUM         60   1159 PM  49    1979  60      0       56
                                      1978
  AVERAGE         70                        68      2       68

PRECIPITATION (IN)
  YESTERDAY        0.29          0.76 2002   0.15   0.14     0.00
  MONTH TO DATE    0.55                      2.27  -1.72     1.00
  SINCE JUN 1      0.55                      2.27  -1.72     1.00
  SINCE JAN 1     19.49                     21.73  -2.24    18.19

SNOWFALL (IN)
  YESTERDAY        0.0          MM      MM   0.0    0.0      0.0
  MONTH TO DATE    0.0                       0.0    0.0      0.0
  SINCE OCT 1     39.3                      24.8   14.5     41.4
  SINCE JUL 1     39.3                      24.8   14.5     41.4
  SNOW DEPTH       0

DEGREE DAYS
 HEATING
  YESTERDAY        0                         1     -1        0
  MONTH TO DATE   40                        29     11        8
  SINCE JUN 1     40                        29     11        8
  SINCE JUL 1   4767                      5419   -652     4372

 COOLING
  YESTERDAY        5                         4      1        3
  MONTH TO DATE   57                        43     14       43
  SINCE JUN 1     57                        43     14       43
  SINCE JAN 1     96                        67     29       87
..................................................................


WIND (MPH)
  HIGHEST WIND SPEED    14   HIGHEST WIND DIRECTION    NE (50)
  HIGHEST GUST SPEED    18   HIGHEST GUST DIRECTION    SE (140)
  AVERAGE WIND SPEED     6.7


SKY COVER
  AVERAGE SKY COVER 0.7


WEATHER CONDITIONS
 THE FOLLOWING WEATHER WAS RECORDED YESTERDAY.
  THUNDERSTORM
  HEAVY RAIN
  RAIN
  LIGHT RAIN
  FOG


RELATIVE HUMIDITY (PERCENT)
 HIGHEST    90           400 AM
 LOWEST     43           200 PM
 AVERAGE    67

..........................................................


THE ISLIP NY CLIMATE NORMALS FOR TODAY
                         NORMAL    RECORD    YEAR
 MAXIMUM TEMPERATURE (F)   77        95      1988
 MINIMUM TEMPERATURE (F)   60        46      1978


SUNRISE AND SUNSET
JUNE 15 2017..........SUNRISE   520 AM EDT   SUNSET   826 PM EDT
JUNE 16 2017..........SUNRISE   520 AM EDT   SUNSET   826 PM EDT


-  INDICATES NEGATIVE NUMBERS.
R  INDICATES RECORD WAS SET OR TIED.
MM INDICATES DATA IS MISSING.
T  INDICATES TRACE AMOUNT.




$$
