000
CDUS41 KOKX 192031
CLIISP


CLIMATE REPORT
NATIONAL WEATHER SERVICE NEW YORK NY
431 PM EDT SAT JUL 19 2014


...................................

...THE ISLIP NY CLIMATE SUMMARY FOR JULY 19 2014...
VALID TODAY AS OF 0400 PM LOCAL TIME.

CLIMATE NORMAL PERIOD 1981 TO 2010
CLIMATE RECORD PERIOD 1986 TO 2014


WEATHER ITEM   OBSERVED TIME   RECORD YEAR NORMAL DEPARTURE LAST
                VALUE   (LST)  VALUE       VALUE  FROM      YEAR
                                                  NORMAL
..................................................................
TEMPERATURE (F)
 TODAY
  MAXIMUM         79   1035 AM  93    2013  82     -3       93
  MINIMUM         65    433 AM  57    2000  66     -1       79
  AVERAGE         72                        74     -2       86

PRECIPITATION (IN)
  TODAY            T             0.33 1996   0.11  -0.11     0.00
  MONTH TO DATE    2.56                      2.01   0.55     1.48
  SINCE JUN 1      4.35                      6.28  -1.93     9.63
  SINCE JAN 1     26.09                     25.74   0.35    24.98

SNOWFALL (IN)
  TODAY            0.0          MM      MM   0.0    0.0      0.0
  MONTH TO DATE    0.0                       0.0    0.0      0.0
  SINCE OCT 1     63.7                      24.8   38.9     46.9
  SINCE JUL 1      0.0                       0.0    0.0      0.0
  SNOW DEPTH       0

DEGREE DAYS
 HEATING
  TODAY            0                         0      0        0
  MONTH TO DATE    0                         0      0        0
  SINCE JUN 1      2                        38    -36       12
  SINCE JUL 1      0                         0      0        0

 COOLING
  TODAY            7                         9     -2       21
  MONTH TO DATE  206                       164     42      286
  SINCE JUN 1    377                       304     73      455
  SINCE JAN 1    406                       328     78      487
..................................................................


WIND (MPH)
  HIGHEST WIND SPEED    12   HIGHEST WIND DIRECTION    SE (120)
  HIGHEST GUST SPEED    14   HIGHEST GUST DIRECTION    SE (130)
  AVERAGE WIND SPEED     3.5


SKY COVER
  AVERAGE SKY COVER 0.6


WEATHER CONDITIONS
 THE FOLLOWING WEATHER WAS RECORDED TODAY.
  NO SIGNIFICANT WEATHER WAS OBSERVED.


RELATIVE HUMIDITY (PERCENT)
 HIGHEST    81           600 AM
 LOWEST     43          1100 AM
 AVERAGE    62

..........................................................


THE ISLIP NY CLIMATE NORMALS FOR TOMORROW
                         NORMAL    RECORD    YEAR
 MAXIMUM TEMPERATURE (F)   82        97      1991
 MINIMUM TEMPERATURE (F)   66        52      1996


SUNRISE AND SUNSET
JULY 19 2014..........SUNRISE   537 AM EDT   SUNSET   820 PM EDT
JULY 20 2014..........SUNRISE   538 AM EDT   SUNSET   819 PM EDT


-  INDICATES NEGATIVE NUMBERS.
R  INDICATES RECORD WAS SET OR TIED.
MM INDICATES DATA IS MISSING.
T  INDICATES TRACE AMOUNT.




$$
