000
CDUS41 KOKX 202036
CLIISP


CLIMATE REPORT
NATIONAL WEATHER SERVICE NEW YORK NY
436 PM EDT WED APR 20 2016


...................................

...THE ISLIP NY CLIMATE SUMMARY FOR APRIL 20 2016...
VALID TODAY AS OF 0400 PM LOCAL TIME.

CLIMATE NORMAL PERIOD 1981 TO 2010
CLIMATE RECORD PERIOD 1986 TO 2016


WEATHER ITEM   OBSERVED TIME   RECORD YEAR NORMAL DEPARTURE LAST
                VALUE   (LST)  VALUE       VALUE  FROM      YEAR
                                                  NORMAL
..................................................................
TEMPERATURE (F)
 TODAY
  MAXIMUM         65    257 PM  82    2005  59      6       56
  MINIMUM         48    504 AM  32    2001  42      6       45
  AVERAGE         57                        51      6       51

PRECIPITATION (IN)
  TODAY            0.00          1.01 2009   0.14  -0.14     0.61
  MONTH TO DATE    1.61                      2.96  -1.35     1.22
  SINCE MAR 1      4.33                      7.40  -3.07     6.29
  SINCE JAN 1     12.80                     14.30  -1.50    14.23

SNOWFALL (IN)
  TODAY            0.0          MM      MM   0.0    0.0      0.0
  MONTH TO DATE    0.2                       0.5   -0.3      0.0
  SINCE OCT 1     41.4                      24.7   16.7     63.7
  SINCE JUL 1     41.4                      24.7   16.7     63.7
  SNOW DEPTH       0

DEGREE DAYS
 HEATING
  TODAY            8                        14     -6       14
  MONTH TO DATE  351                       350      1      327
  SINCE MAR 1    950                      1147   -197     1243
  SINCE JUL 1   4032                      5042  -1010     5263

 COOLING
  TODAY            0                         0      0        0
  MONTH TO DATE    0                         0      0        0
  SINCE MAR 1      0                         0      0        0
  SINCE JAN 1      0                         0      0        0
..................................................................


WIND (MPH)
  HIGHEST WIND SPEED    21   HIGHEST WIND DIRECTION     N (20)
  HIGHEST GUST SPEED    27   HIGHEST GUST DIRECTION    NE (30)
  AVERAGE WIND SPEED    11.7


SKY COVER
  AVERAGE SKY COVER 0.0


WEATHER CONDITIONS
 THE FOLLOWING WEATHER WAS RECORDED TODAY.
  NO SIGNIFICANT WEATHER WAS OBSERVED.


RELATIVE HUMIDITY (PERCENT)
 HIGHEST    46           400 AM
 LOWEST     15           300 PM
 AVERAGE    31

..........................................................


THE ISLIP NY CLIMATE NORMALS FOR TOMORROW
                         NORMAL    RECORD    YEAR
 MAXIMUM TEMPERATURE (F)   60        76      2007
                                             1996
 MINIMUM TEMPERATURE (F)   42        33      2014


SUNRISE AND SUNSET
APRIL 20 2016.........SUNRISE   605 AM EDT   SUNSET   738 PM EDT
APRIL 21 2016.........SUNRISE   604 AM EDT   SUNSET   739 PM EDT


-  INDICATES NEGATIVE NUMBERS.
R  INDICATES RECORD WAS SET OR TIED.
MM INDICATES DATA IS MISSING.
T  INDICATES TRACE AMOUNT.




$$
