000
CDUS41 KOKX 230708
CLIISP


CLIMATE REPORT
NATIONAL WEATHER SERVICE NEW YORK NY
308 AM EDT MON MAR 23 2015


...................................

...THE ISLIP NY CLIMATE SUMMARY FOR MARCH 22 2015...

CLIMATE NORMAL PERIOD 1981 TO 2010
CLIMATE RECORD PERIOD 1986 TO 2015


WEATHER ITEM   OBSERVED TIME   RECORD YEAR NORMAL DEPARTURE LAST
                VALUE   (LST)  VALUE       VALUE  FROM      YEAR
                                                  NORMAL
..................................................................
TEMPERATURE (F)
 YESTERDAY
  MAXIMUM         42   1221 AM  73    2012  49     -7       63
  MINIMUM         26   1159 PM  19    1988  33     -7       30
  AVERAGE         34                        41     -7       47

PRECIPITATION (IN)
  YESTERDAY        0.00          0.95 1999   0.15  -0.15     0.00
  MONTH TO DATE    4.23                      3.14   1.09     1.30
  SINCE MAR 1      4.23                      3.14   1.09     1.30
  SINCE JAN 1     12.17                     10.04   2.13     9.64

SNOWFALL (IN)
  YESTERDAY        0.0           3.0  1992   0.1   -0.1      0.0
  MONTH TO DATE   18.2                       3.8   14.4      0.8
  SINCE OCT 1     62.2                      23.5   38.7     58.9
  SINCE JUL 1     62.2                      23.5   38.7     58.9
  SNOW DEPTH       0

DEGREE DAYS
 HEATING
  YESTERDAY       31                        24      7       18
  MONTH TO DATE  673                       595     78      644
  SINCE MAR 1    673                       595     78      644
  SINCE JUL 1   4693                      4490    203     4597

 COOLING
  YESTERDAY        0                         0      0        0
  MONTH TO DATE    0                         0      0        0
  SINCE MAR 1      0                         0      0        0
  SINCE JAN 1      0                         0      0        0
..................................................................


WIND (MPH)
  HIGHEST WIND SPEED    28   HIGHEST WIND DIRECTION    NW (330)
  HIGHEST GUST SPEED    35   HIGHEST GUST DIRECTION    NW (330)
  AVERAGE WIND SPEED    16.8


SKY COVER
  AVERAGE SKY COVER 0.2


WEATHER CONDITIONS
 THE FOLLOWING WEATHER WAS RECORDED YESTERDAY.
  NO SIGNIFICANT WEATHER WAS OBSERVED.


RELATIVE HUMIDITY (PERCENT)
 HIGHEST    62          1200 AM
 LOWEST     27           300 PM
 AVERAGE    45

..........................................................


THE ISLIP NY CLIMATE NORMALS FOR TODAY
                         NORMAL    RECORD    YEAR
 MAXIMUM TEMPERATURE (F)   49        75      2012
 MINIMUM TEMPERATURE (F)   33        15      2004


SUNRISE AND SUNSET
MARCH 23 2015.........SUNRISE   651 AM EDT   SUNSET   707 PM EDT
MARCH 24 2015.........SUNRISE   650 AM EDT   SUNSET   708 PM EDT


-  INDICATES NEGATIVE NUMBERS.
R  INDICATES RECORD WAS SET OR TIED.
MM INDICATES DATA IS MISSING.
T  INDICATES TRACE AMOUNT.




$$
