000
CDUS41 KOKX 130632
CLIISP


CLIMATE REPORT
NATIONAL WEATHER SERVICE NEW YORK NY
231 AM EDT SAT AUG 13 2016


...................................

...THE ISLIP NY CLIMATE SUMMARY FOR AUGUST 12 2016...

CLIMATE NORMAL PERIOD 1981 TO 2010
CLIMATE RECORD PERIOD 1984 TO 2016


WEATHER ITEM   OBSERVED TIME   RECORD YEAR NORMAL DEPARTURE LAST
                VALUE   (LST)  VALUE       VALUE  FROM      YEAR
                                                  NORMAL
..................................................................
TEMPERATURE (F)
 YESTERDAY
  MAXIMUM         90R   242 PM  89    2005  81      9       85
                                      1990
  MINIMUM         75    457 AM  56    2006  66      9       67
  AVERAGE         83                        74      9       76

PRECIPITATION (IN)
  YESTERDAY        T             0.48 2013   0.14  -0.14      T
  MONTH TO DATE    0.17                      1.54  -1.37     1.09
  SINCE JUN 1      4.52                      9.24  -4.72     6.88
  SINCE JAN 1     21.71                     28.70  -6.99    21.97

SNOWFALL (IN)
  YESTERDAY        0.0          MM      MM   0.0    0.0      0.0
  MONTH TO DATE    0.0                       0.0    0.0      0.0
  SINCE OCT 1     41.4                      24.8   16.6     63.7
  SINCE JUL 1      0.0                       0.0    0.0      0.0
  SNOW DEPTH       0

DEGREE DAYS
 HEATING
  YESTERDAY        0                         0      0        0
  MONTH TO DATE    0                         0      0        0
  SINCE JUN 1      8                        40    -32       46
  SINCE JUL 1      0                         2     -2        0

 COOLING
  YESTERDAY       18                         9      9       11
  MONTH TO DATE  127                       108     19      122
  SINCE JUN 1    639                       524    115      615
  SINCE JAN 1    683                       548    135      665
..................................................................


WIND (MPH)
  HIGHEST WIND SPEED    20   HIGHEST WIND DIRECTION    SW (220)
  HIGHEST GUST SPEED    26   HIGHEST GUST DIRECTION    SW (230)
  AVERAGE WIND SPEED    10.1


SKY COVER
  AVERAGE SKY COVER 0.6


WEATHER CONDITIONS
 THE FOLLOWING WEATHER WAS RECORDED YESTERDAY.
  THUNDERSTORM
  LIGHT RAIN


RELATIVE HUMIDITY (PERCENT)
 HIGHEST    91          1200 AM
 LOWEST     64           100 PM
 AVERAGE    78

..........................................................


THE ISLIP NY CLIMATE NORMALS FOR TODAY
                         NORMAL    RECORD    YEAR
 MAXIMUM TEMPERATURE (F)   81        92      2002
 MINIMUM TEMPERATURE (F)   66        54      2006


SUNRISE AND SUNSET
AUGUST 13 2016........SUNRISE   601 AM EDT   SUNSET   753 PM EDT
AUGUST 14 2016........SUNRISE   602 AM EDT   SUNSET   751 PM EDT


-  INDICATES NEGATIVE NUMBERS.
R  INDICATES RECORD WAS SET OR TIED.
MM INDICATES DATA IS MISSING.
T  INDICATES TRACE AMOUNT.




$$
