000
CDUS41 KOKX 220620
CLIISP


CLIMATE REPORT
NATIONAL WEATHER SERVICE NEW YORK NY
119 AM EST SUN FEB 22 2015


...................................

...THE ISLIP NY CLIMATE SUMMARY FOR FEBRUARY 21 2015...

CLIMATE NORMAL PERIOD 1981 TO 2010
CLIMATE RECORD PERIOD 1986 TO 2015


WEATHER ITEM   OBSERVED TIME   RECORD YEAR NORMAL DEPARTURE LAST
                VALUE   (LST)  VALUE       VALUE  FROM      YEAR
                                                  NORMAL
..................................................................
TEMPERATURE (F)
 YESTERDAY
  MAXIMUM         33   1159 PM  63    2002  41     -8       52
  MINIMUM          2R   539 AM  14    1990  26    -24       37
  AVERAGE         18                        34    -16       45

PRECIPITATION (IN)
  YESTERDAY        0.63          2.32 1989   0.12   0.51     0.14
  MONTH TO DATE    2.33                      2.33   0.00     4.29
  SINCE DEC 1     13.70                     10.03   3.67    14.07
  SINCE JAN 1      7.58                      5.97   1.61     8.27

SNOWFALL (IN)
  YESTERDAY        2.5           4.8  1993   0.2    2.3      0.0
  MONTH TO DATE   13.3                       5.3    8.0     23.9
  SINCE OCT 1     43.9                      17.9   26.0     57.5
  SINCE JUL 1     43.9                      17.9   26.0     57.5
  SNOW DEPTH      11

DEGREE DAYS
 HEATING
  YESTERDAY       47                        31     16       20
  MONTH TO DATE  923                       689    234      740
  SINCE DEC 1   2822                      2665    157     2748
  SINCE JUL 1   3735                      3681     54     3712

 COOLING
  YESTERDAY        0                         0      0        0
  MONTH TO DATE    0                         0      0        0
  SINCE DEC 1      0                         0      0        0
  SINCE JAN 1      0                         0      0        0
..................................................................


WIND (MPH)
  HIGHEST WIND SPEED    28   HIGHEST WIND DIRECTION    SW (210)
  HIGHEST GUST SPEED    37   HIGHEST GUST DIRECTION     S (190)
  AVERAGE WIND SPEED     6.7


SKY COVER
  AVERAGE SKY COVER 0.7


WEATHER CONDITIONS
 THE FOLLOWING WEATHER WAS RECORDED YESTERDAY.
  RAIN
  LIGHT RAIN
  LT FREEZING RAIN
  LIGHT SNOW
  FOG
  FOG W/VISIBILITY <= 1/4 MILE


RELATIVE HUMIDITY (PERCENT)
 HIGHEST    92           600 PM
 LOWEST     51           900 AM
 AVERAGE    72

..........................................................


THE ISLIP NY CLIMATE NORMALS FOR TODAY
                         NORMAL    RECORD    YEAR
 MAXIMUM TEMPERATURE (F)   42        66      1991
 MINIMUM TEMPERATURE (F)   26        12      2001


SUNRISE AND SUNSET
FEBRUARY 22 2015......SUNRISE   637 AM EST   SUNSET   535 PM EST
FEBRUARY 23 2015......SUNRISE   636 AM EST   SUNSET   536 PM EST


-  INDICATES NEGATIVE NUMBERS.
R  INDICATES RECORD WAS SET OR TIED.
MM INDICATES DATA IS MISSING.
T  INDICATES TRACE AMOUNT.




$$
