000
CDUS41 KOKX 130616
CLIISP


CLIMATE REPORT
NATIONAL WEATHER SERVICE NEW YORK NY
216 AM EDT SAT SEP 13 2014


...................................

...THE ISLIP NY CLIMATE SUMMARY FOR SEPTEMBER 12 2014...

CLIMATE NORMAL PERIOD 1981 TO 2010
CLIMATE RECORD PERIOD 1986 TO 2014


WEATHER ITEM   OBSERVED TIME   RECORD YEAR NORMAL DEPARTURE LAST
                VALUE   (LST)  VALUE       VALUE  FROM      YEAR
                                                  NORMAL
..................................................................
TEMPERATURE (F)
 YESTERDAY
  MAXIMUM         74    330 PM  90    2005  75     -1       82
  MINIMUM         60    612 AM  45    1993  59      1       70
  AVERAGE         67                        67      0       76

PRECIPITATION (IN)
  YESTERDAY        0.00          0.60 2009   0.12  -0.12     0.47
  MONTH TO DATE    0.32                      1.39  -1.07     1.18
  SINCE SEP 1      0.32                      1.39  -1.07     1.18
  SINCE JAN 1     40.88                     32.53   8.35    29.74

SNOWFALL (IN)
  YESTERDAY        0.0          MM      MM   0.0    0.0      0.0
  MONTH TO DATE    0.0                       0.0    0.0      0.0
  SINCE OCT 1     63.7                      24.8   38.9     46.9
  SINCE JUL 1      0.0                       0.0    0.0      0.0
  SNOW DEPTH       0

DEGREE DAYS
 HEATING
  YESTERDAY        0                         1     -1        0
  MONTH TO DATE    0                        10    -10       10
  SINCE SEP 1      0                        10    -10       10
  SINCE JUL 1      0                        15    -15       10

 COOLING
  YESTERDAY        2                         4     -2       11
  MONTH TO DATE  103                        57     46       79
  SINCE SEP 1    103                        57     46       79
  SINCE JAN 1    850                       743    107      926
..................................................................


WIND (MPH)
  HIGHEST WIND SPEED    18   HIGHEST WIND DIRECTION     N (350)
  HIGHEST GUST SPEED    24   HIGHEST GUST DIRECTION     N (350)
  AVERAGE WIND SPEED     9.9


SKY COVER
  AVERAGE SKY COVER 0.4


WEATHER CONDITIONS
 THE FOLLOWING WEATHER WAS RECORDED YESTERDAY.
  NO SIGNIFICANT WEATHER WAS OBSERVED.


RELATIVE HUMIDITY (PERCENT)
 HIGHEST    72           300 AM
 LOWEST     46           200 PM
 AVERAGE    59

..........................................................


THE ISLIP NY CLIMATE NORMALS FOR TODAY
                         NORMAL    RECORD    YEAR
 MAXIMUM TEMPERATURE (F)   75        89      2005
 MINIMUM TEMPERATURE (F)   59        49      2006
                                             1992
                                             1985


SUNRISE AND SUNSET
SEPTEMBER 13 2014.....SUNRISE   631 AM EDT   SUNSET   705 PM EDT
SEPTEMBER 14 2014.....SUNRISE   632 AM EDT   SUNSET   703 PM EDT


-  INDICATES NEGATIVE NUMBERS.
R  INDICATES RECORD WAS SET OR TIED.
MM INDICATES DATA IS MISSING.
T  INDICATES TRACE AMOUNT.




$$
