000
CDUS41 KOKX 170620
CLIISP


CLIMATE REPORT
NATIONAL WEATHER SERVICE NEW YORK NY
220 AM EDT SUN AUG 17 2014


...................................

...THE ISLIP NY CLIMATE SUMMARY FOR AUGUST 16 2014...

CLIMATE NORMAL PERIOD 1981 TO 2010
CLIMATE RECORD PERIOD 1986 TO 2014


WEATHER ITEM   OBSERVED TIME   RECORD YEAR NORMAL DEPARTURE LAST
                VALUE   (LST)  VALUE       VALUE  FROM      YEAR
                                                  NORMAL
..................................................................
TEMPERATURE (F)
 YESTERDAY
  MAXIMUM         78   1237 PM  90    2001  81     -3       78
                                      1997
                                      1995
  MINIMUM         58    535 AM  54    1994  66     -8       57
  AVERAGE         68                        73     -5       68

PRECIPITATION (IN)
  YESTERDAY        0.00          2.40 1992   0.14  -0.14     0.00
  MONTH TO DATE   14.03                      2.08  11.95     1.95
  SINCE JUN 1     18.78                      9.78   9.00    12.44
  SINCE JAN 1     40.52                     29.24  11.28    27.79

SNOWFALL (IN)
  YESTERDAY        0.0          MM      MM   0.0    0.0      0.0
  MONTH TO DATE    0.0                       0.0    0.0      0.0
  SINCE OCT 1     63.7                      24.8   38.9     46.9
  SINCE JUL 1      0.0                       0.0    0.0      0.0
  SNOW DEPTH       0

DEGREE DAYS
 HEATING
  YESTERDAY        0                         0      0        0
  MONTH TO DATE    0                         0      0        0
  SINCE JUN 1      2                        40    -38       12
  SINCE JUL 1      0                         2     -2        0

 COOLING
  YESTERDAY        3                         8     -5        3
  MONTH TO DATE  127                       140    -13      111
  SINCE JUN 1    622                       556     66      689
  SINCE JAN 1    651                       580     71      721
..................................................................


WIND (MPH)
  HIGHEST WIND SPEED    18   HIGHEST WIND DIRECTION    SW (210)
  HIGHEST GUST SPEED    23   HIGHEST GUST DIRECTION    SW (210)
  AVERAGE WIND SPEED     7.1


SKY COVER
  AVERAGE SKY COVER 0.7


WEATHER CONDITIONS
 THE FOLLOWING WEATHER WAS RECORDED YESTERDAY.
  NO SIGNIFICANT WEATHER WAS OBSERVED.


RELATIVE HUMIDITY (PERCENT)
 HIGHEST    84          1000 PM
 LOWEST     40          1200 PM
 AVERAGE    62

..........................................................


THE ISLIP NY CLIMATE NORMALS FOR TODAY
                         NORMAL    RECORD    YEAR
 MAXIMUM TEMPERATURE (F)   81        91      1997
 MINIMUM TEMPERATURE (F)   66        58      2000


SUNRISE AND SUNSET
AUGUST 17 2014........SUNRISE   604 AM EDT   SUNSET   748 PM EDT
AUGUST 18 2014........SUNRISE   605 AM EDT   SUNSET   746 PM EDT


-  INDICATES NEGATIVE NUMBERS.
R  INDICATES RECORD WAS SET OR TIED.
MM INDICATES DATA IS MISSING.
T  INDICATES TRACE AMOUNT.




$$
