000
CDUS41 KOKX 042032
CLIISP


CLIMATE REPORT
NATIONAL WEATHER SERVICE NEW YORK NY
432 PM EDT FRI APR 4 2014


...................................

...THE ISLIP NY CLIMATE SUMMARY FOR APRIL 4 2014...
VALID TODAY AS OF 0400 PM LOCAL TIME.

CLIMATE NORMAL PERIOD 1981 TO 2010
CLIMATE RECORD PERIOD 1986 TO 2014


WEATHER ITEM   OBSERVED TIME   RECORD YEAR NORMAL DEPARTURE LAST
                VALUE   (LST)  VALUE       VALUE  FROM      YEAR
                                                  NORMAL
..................................................................
TEMPERATURE (F)
 TODAY
  MAXIMUM         45   1039 AM  75    2010  54     -9       47
  MINIMUM         40    259 PM  28    2013  37      3       28
  AVERAGE         43                        45     -2       38

PRECIPITATION (IN)
  TODAY            0.03          1.36 2007   0.15  -0.12     0.00
  MONTH TO DATE    0.06                      0.60  -0.54     0.10
  SINCE MAR 1      5.96                      5.04   0.92     2.74
  SINCE JAN 1     14.30                     11.94   2.36    10.87

SNOWFALL (IN)
  TODAY            0.0          MM      MM   0.1   -0.1      0.0
  MONTH TO DATE    0.0                       0.2   -0.2      0.0
  SINCE OCT 1     63.5                      24.4   39.1     46.9
  SINCE JUL 1     63.5                      24.4   39.1     46.9
  SNOW DEPTH       0

DEGREE DAYS
 HEATING
  TODAY           22                        20      2       27
  MONTH TO DATE   78                        81     -3      100
  SINCE MAR 1    975                       878     97      920
  SINCE JUL 1   4928                      4773    155     4533

 COOLING
  TODAY            0                         0      0        0
  MONTH TO DATE    0                         0      0        0
  SINCE MAR 1      0                         0      0        0
  SINCE JAN 1      0                         0      0        0
..................................................................


WIND (MPH)
  HIGHEST WIND SPEED    24   HIGHEST WIND DIRECTION     E (100)
  HIGHEST GUST SPEED    31   HIGHEST GUST DIRECTION     E (110)
  AVERAGE WIND SPEED     9.9


SKY COVER
  AVERAGE SKY COVER 1.0


WEATHER CONDITIONS
 THE FOLLOWING WEATHER WAS RECORDED TODAY.
  LIGHT RAIN


RELATIVE HUMIDITY (PERCENT)
 HIGHEST    79           600 AM
 LOWEST     58          1000 AM
 AVERAGE    69

..........................................................


THE ISLIP NY CLIMATE NORMALS FOR TOMORROW
                         NORMAL    RECORD    YEAR
 MAXIMUM TEMPERATURE (F)   54        68      1988
 MINIMUM TEMPERATURE (F)   37        24      1995


SUNRISE AND SUNSET
APRIL  4 2014.........SUNRISE   631 AM EDT   SUNSET   720 PM EDT
APRIL  5 2014.........SUNRISE   629 AM EDT   SUNSET   721 PM EDT


-  INDICATES NEGATIVE NUMBERS.
R  INDICATES RECORD WAS SET OR TIED.
MM INDICATES DATA IS MISSING.
T  INDICATES TRACE AMOUNT.




$$
