000
CDUS41 KOKX 242245
CLIISP


CLIMATE REPORT
NATIONAL WEATHER SERVICE NEW YORK NY
645 PM EDT FRI JUL 24 2015


...................................

...THE ISLIP NY CLIMATE SUMMARY FOR JULY 24 2015...
VALID TODAY AS OF 0500 PM LOCAL TIME.

CLIMATE NORMAL PERIOD 1981 TO 2010
CLIMATE RECORD PERIOD 1986 TO 2015


WEATHER ITEM   OBSERVED TIME   RECORD YEAR NORMAL DEPARTURE LAST
                VALUE   (LST)  VALUE       VALUE  FROM      YEAR
                                                  NORMAL
..................................................................
TEMPERATURE (F)
 TODAY
  MAXIMUM         84    333 PM  96    2010  82      2       82
  MINIMUM         64    500 AM  58    1992  67     -3       71
                                      1985
  AVERAGE         74                        74      0       77

PRECIPITATION (IN)
  TODAY            0.00          0.67 2008   0.11  -0.11     0.01
  MONTH TO DATE    1.41                      2.58  -1.17     2.62
  SINCE JUN 1      5.46                      6.85  -1.39     4.41
  SINCE JAN 1     20.55                     26.31  -5.76    26.15

SNOWFALL (IN)
  TODAY            0.0          MM      MM   0.0    0.0      0.0
  MONTH TO DATE    0.0                       0.0    0.0      0.0
  SINCE OCT 1     63.7                      24.8   38.9     63.7
  SINCE JUL 1      0.0                       0.0    0.0      0.0
  SNOW DEPTH       0

DEGREE DAYS
 HEATING
  TODAY            0                         0      0        0
  MONTH TO DATE    0                         0      0        0
  SINCE JUN 1     46                        38      8        2
  SINCE JUL 1      0                         0      0        0

 COOLING
  TODAY            9                         9      0       12
  MONTH TO DATE  243                       209     34      259
  SINCE JUN 1    395                       349     46      430
  SINCE JAN 1    445                       373     72      459
..................................................................


WIND (MPH)
  HIGHEST WIND SPEED    15   HIGHEST WIND DIRECTION    NW (330)
  HIGHEST GUST SPEED    21   HIGHEST GUST DIRECTION     N (350)
  AVERAGE WIND SPEED     7.5


SKY COVER
  AVERAGE SKY COVER 0.3


WEATHER CONDITIONS
 THE FOLLOWING WEATHER WAS RECORDED TODAY.
  NO SIGNIFICANT WEATHER WAS OBSERVED.


RELATIVE HUMIDITY (PERCENT)
 HIGHEST    78          1200 AM
 LOWEST     31           200 PM
 AVERAGE    55

..........................................................


THE ISLIP NY CLIMATE NORMALS FOR TOMORROW
                         NORMAL    RECORD    YEAR
 MAXIMUM TEMPERATURE (F)   82        94      1987
 MINIMUM TEMPERATURE (F)   67        55      2002


SUNRISE AND SUNSET
JULY 24 2015..........SUNRISE   541 AM EDT   SUNSET   816 PM EDT
JULY 25 2015..........SUNRISE   542 AM EDT   SUNSET   815 PM EDT


-  INDICATES NEGATIVE NUMBERS.
R  INDICATES RECORD WAS SET OR TIED.
MM INDICATES DATA IS MISSING.
T  INDICATES TRACE AMOUNT.




$$
