000
CDUS41 KOKX 110616
CLIISP


CLIMATE REPORT
NATIONAL WEATHER SERVICE NEW YORK NY
216 AM EDT FRI APR 11 2014


...................................

...THE ISLIP NY CLIMATE SUMMARY FOR APRIL 10 2014...

CLIMATE NORMAL PERIOD 1981 TO 2010
CLIMATE RECORD PERIOD 1986 TO 2014


WEATHER ITEM   OBSERVED TIME   RECORD YEAR NORMAL DEPARTURE LAST
                VALUE   (LST)  VALUE       VALUE  FROM      YEAR
                                                  NORMAL
..................................................................
TEMPERATURE (F)
 YESTERDAY
  MAXIMUM         53   1141 PM  77    1991  56     -3       71
  MINIMUM         29    523 AM  27    1997  39    -10       50
                                      1985
  AVERAGE         41                        47     -6       61

PRECIPITATION (IN)
  YESTERDAY        0.00          0.77 1998   0.15  -0.15     0.29
  MONTH TO DATE    1.10                      1.51  -0.41     0.41
  SINCE MAR 1      7.00                      5.95   1.05     3.05
  SINCE JAN 1     15.34                     12.85   2.49    11.18

SNOWFALL (IN)
  YESTERDAY        0.0          MM      MM   0.0    0.0      0.0
  MONTH TO DATE    0.0                       0.3   -0.3      0.0
  SINCE OCT 1     63.5                      24.5   39.0     46.9
  SINCE JUL 1     63.5                      24.5   39.0     46.9
  SNOW DEPTH       0

DEGREE DAYS
 HEATING
  YESTERDAY       24                        18      6        4
  MONTH TO DATE  187                       192     -5      174
  SINCE MAR 1   1084                       989     95      994
  SINCE JUL 1   5037                      4884    153     4607

 COOLING
  YESTERDAY        0                         0      0        0
  MONTH TO DATE    0                         0      0        1
  SINCE MAR 1      0                         0      0        1
  SINCE JAN 1      0                         0      0        1
..................................................................


WIND (MPH)
  HIGHEST WIND SPEED    22   HIGHEST WIND DIRECTION    SW (210)
  HIGHEST GUST SPEED    32   HIGHEST GUST DIRECTION    SW (210)
  AVERAGE WIND SPEED    10.4


SKY COVER
  AVERAGE SKY COVER 0.2


WEATHER CONDITIONS
 THE FOLLOWING WEATHER WAS RECORDED YESTERDAY.
  NO SIGNIFICANT WEATHER WAS OBSERVED.


RELATIVE HUMIDITY (PERCENT)
 HIGHEST    69           500 AM
 LOWEST     30          1000 AM
 AVERAGE    50

..........................................................


THE ISLIP NY CLIMATE NORMALS FOR TODAY
                         NORMAL    RECORD    YEAR
 MAXIMUM TEMPERATURE (F)   56        69      2010
 MINIMUM TEMPERATURE (F)   39        26      2007


SUNRISE AND SUNSET
APRIL 11 2014.........SUNRISE   620 AM EDT   SUNSET   728 PM EDT
APRIL 12 2014.........SUNRISE   618 AM EDT   SUNSET   729 PM EDT


-  INDICATES NEGATIVE NUMBERS.
R  INDICATES RECORD WAS SET OR TIED.
MM INDICATES DATA IS MISSING.
T  INDICATES TRACE AMOUNT.




$$
