000
CDUS41 KOKX 282042
CLIISP


CLIMATE REPORT
NATIONAL WEATHER SERVICE NEW YORK NY
442 PM EDT TUE JUL 28 2015


...................................

...THE ISLIP NY CLIMATE SUMMARY FOR JULY 28 2015...
VALID TODAY AS OF 0400 PM LOCAL TIME.

CLIMATE NORMAL PERIOD 1981 TO 2010
CLIMATE RECORD PERIOD 1986 TO 2015


WEATHER ITEM   OBSERVED TIME   RECORD YEAR NORMAL DEPARTURE LAST
                VALUE   (LST)  VALUE       VALUE  FROM      YEAR
                                                  NORMAL
..................................................................
TEMPERATURE (F)
 TODAY
  MAXIMUM         88    217 PM  96    1999  82      6       84
  MINIMUM         73    554 AM  56    2001  67      6       69
  AVERAGE         81                        74      7       77

PRECIPITATION (IN)
  TODAY            0.00          2.98 2012   0.12  -0.12     0.34
  MONTH TO DATE    1.41                      3.06  -1.65     2.96
  SINCE JUN 1      5.46                      7.33  -1.87     4.75
  SINCE JAN 1     20.55                     26.79  -6.24    26.49

SNOWFALL (IN)
  TODAY            0.0          MM      MM   0.0    0.0      0.0
  MONTH TO DATE    0.0                       0.0    0.0      0.0
  SINCE OCT 1     63.7                      24.8   38.9     63.7
  SINCE JUL 1      0.0                       0.0    0.0      0.0
  SNOW DEPTH       0

DEGREE DAYS
 HEATING
  TODAY            0                         0      0        0
  MONTH TO DATE    0                         0      0        0
  SINCE JUN 1     46                        38      8        2
  SINCE JUL 1      0                         0      0        0

 COOLING
  TODAY           16                         9      7       12
  MONTH TO DATE  293                       245     48      303
  SINCE JUN 1    445                       385     60      474
  SINCE JAN 1    495                       409     86      503
..................................................................


WIND (MPH)
  HIGHEST WIND SPEED    15   HIGHEST WIND DIRECTION    SW (210)
  HIGHEST GUST SPEED    21   HIGHEST GUST DIRECTION    SW (210)
  AVERAGE WIND SPEED     7.7


SKY COVER
  AVERAGE SKY COVER 0.5


WEATHER CONDITIONS
 THE FOLLOWING WEATHER WAS RECORDED TODAY.
  NO SIGNIFICANT WEATHER WAS OBSERVED.


RELATIVE HUMIDITY (PERCENT)
 HIGHEST    93           100 AM
 LOWEST     55           200 PM
 AVERAGE    74

..........................................................


THE ISLIP NY CLIMATE NORMALS FOR TOMORROW
                         NORMAL    RECORD    YEAR
 MAXIMUM TEMPERATURE (F)   82        96      2002
 MINIMUM TEMPERATURE (F)   67        58      1984


SUNRISE AND SUNSET
JULY 28 2015..........SUNRISE   545 AM EDT   SUNSET   812 PM EDT
JULY 29 2015..........SUNRISE   546 AM EDT   SUNSET   811 PM EDT


-  INDICATES NEGATIVE NUMBERS.
R  INDICATES RECORD WAS SET OR TIED.
MM INDICATES DATA IS MISSING.
T  INDICATES TRACE AMOUNT.




$$
