000
CDUS41 KOKX 060623
CLIISP


CLIMATE REPORT
NATIONAL WEATHER SERVICE NEW YORK NY
222 AM EDT SUN JUL 6 2014


...................................

...THE ISLIP NY CLIMATE SUMMARY FOR JULY 5 2014...

CLIMATE NORMAL PERIOD 1981 TO 2010
CLIMATE RECORD PERIOD 1986 TO 2014


WEATHER ITEM   OBSERVED TIME   RECORD YEAR NORMAL DEPARTURE LAST
                VALUE   (LST)  VALUE       VALUE  FROM      YEAR
                                                  NORMAL
..................................................................
TEMPERATURE (F)
 YESTERDAY
  MAXIMUM         82    543 PM 102    1999  81      1       87
  MINIMUM         62    455 AM  58    2009  65     -3       72
  AVERAGE         72                        73     -1       80

PRECIPITATION (IN)
  YESTERDAY        0.00          1.87 1989   0.09  -0.09     0.00
  MONTH TO DATE    0.96                      0.48   0.48     0.21
  SINCE JUN 1      2.75                      4.75  -2.00     8.36
  SINCE JAN 1     24.49                     24.21   0.28    23.71

SNOWFALL (IN)
  YESTERDAY        0.0          MM      MM   0.0    0.0      0.0
  MONTH TO DATE    0.0                       0.0    0.0      0.0
  SINCE OCT 1     63.7                      24.8   38.9     46.9
  SINCE JUL 1      0.0                       0.0    0.0      0.0
  SNOW DEPTH       0

DEGREE DAYS
 HEATING
  YESTERDAY        0                         0      0        0
  MONTH TO DATE    0                         0      0        0
  SINCE JUN 1      2                        38    -36       12
  SINCE JUL 1      0                         0      0        0

 COOLING
  YESTERDAY        7                         8     -1       15
  MONTH TO DATE   54                        40     14       61
  SINCE JUN 1    225                       180     45      230
  SINCE JAN 1    254                       204     50      262
..................................................................


WIND (MPH)
  HIGHEST WIND SPEED    24   HIGHEST WIND DIRECTION    NW (330)
  HIGHEST GUST SPEED    31   HIGHEST GUST DIRECTION    NW (320)
  AVERAGE WIND SPEED    11.1


SKY COVER
  AVERAGE SKY COVER 0.2


WEATHER CONDITIONS
 THE FOLLOWING WEATHER WAS RECORDED YESTERDAY.
  NO SIGNIFICANT WEATHER WAS OBSERVED.


RELATIVE HUMIDITY (PERCENT)
 HIGHEST    67          1200 AM
 LOWEST     26           100 PM
 AVERAGE    47

..........................................................


THE ISLIP NY CLIMATE NORMALS FOR TODAY
                         NORMAL    RECORD    YEAR
 MAXIMUM TEMPERATURE (F)   81       101      2010
 MINIMUM TEMPERATURE (F)   65        57      2001


SUNRISE AND SUNSET
JULY  6 2014..........SUNRISE   527 AM EDT   SUNSET   827 PM EDT
JULY  7 2014..........SUNRISE   528 AM EDT   SUNSET   826 PM EDT


-  INDICATES NEGATIVE NUMBERS.
R  INDICATES RECORD WAS SET OR TIED.
MM INDICATES DATA IS MISSING.
T  INDICATES TRACE AMOUNT.




$$
