000
CDUS41 KOKX 142147
CLIISP


CLIMATE REPORT
NATIONAL WEATHER SERVICE NEW YORK NY
447 PM EST SAT JAN 14 2017


...................................

...THE ISLIP NY CLIMATE SUMMARY FOR JANUARY 14 2017...
VALID TODAY AS OF 0400 PM LOCAL TIME.

CLIMATE NORMAL PERIOD 1981 TO 2010
CLIMATE RECORD PERIOD 1984 TO 2017


WEATHER ITEM   OBSERVED TIME   RECORD YEAR NORMAL DEPARTURE LAST
                VALUE   (LST)  VALUE       VALUE  FROM      YEAR
                                                  NORMAL
..................................................................
TEMPERATURE (F)
 TODAY
  MAXIMUM         33    218 PM  67    1995  38     -5       36
  MINIMUM         26    806 AM  -4    1988  23      3       22
  AVERAGE         30                        30      0       29

PRECIPITATION (IN)
  TODAY            0.01          1.33 2006   0.13  -0.12      T
  MONTH TO DATE    2.23                      1.70   0.53     1.72
  SINCE DEC 1      5.76                      5.76   0.00     7.05
  SINCE JAN 1      2.23                      1.70   0.53     1.72

SNOWFALL (IN)
  TODAY            0.1           1.2  2004   0.2   -0.1       T
  MONTH TO DATE   11.4                       3.1    8.3       T
  SINCE OCT 1     14.6                       9.0    5.6       T
  SINCE JUL 1     14.6                       9.0    5.6       T
  SNOW DEPTH       0

DEGREE DAYS
 HEATING
  TODAY           35                        35      0       36
  MONTH TO DATE  436                       478    -42      434
  SINCE DEC 1   1309                      1389    -80      942
  SINCE JUL 1   2100                      2405   -305     1694

 COOLING
  TODAY            0                         0      0        0
  MONTH TO DATE    0                         0      0        0
  SINCE DEC 1      0                         0      0        0
  SINCE JAN 1      0                         0      0        0
..................................................................


WIND (MPH)
  HIGHEST WIND SPEED    15   HIGHEST WIND DIRECTION     N (360)
  HIGHEST GUST SPEED    22   HIGHEST GUST DIRECTION     N (360)
  AVERAGE WIND SPEED     7.3


SKY COVER
  AVERAGE SKY COVER 0.7


WEATHER CONDITIONS
 THE FOLLOWING WEATHER WAS RECORDED TODAY.
  LIGHT SNOW
  FOG


RELATIVE HUMIDITY (PERCENT)
 HIGHEST    85           400 PM
 LOWEST     35          1200 PM
 AVERAGE    60

..........................................................


THE ISLIP NY CLIMATE NORMALS FOR TOMORROW
                         NORMAL    RECORD    YEAR
 MAXIMUM TEMPERATURE (F)   38        66      1995
 MINIMUM TEMPERATURE (F)   23        -7      1988


SUNRISE AND SUNSET
JANUARY 14 2017.......SUNRISE   715 AM EST   SUNSET   449 PM EST
JANUARY 15 2017.......SUNRISE   714 AM EST   SUNSET   450 PM EST


-  INDICATES NEGATIVE NUMBERS.
R  INDICATES RECORD WAS SET OR TIED.
MM INDICATES DATA IS MISSING.
T  INDICATES TRACE AMOUNT.




$$
