000
CDUS41 KOKX 140618
CLIISP


CLIMATE REPORT
NATIONAL WEATHER SERVICE NEW YORK NY
218 AM EDT THU AUG 14 2014


...................................

...THE ISLIP NY CLIMATE SUMMARY FOR AUGUST 13 2014...

CLIMATE NORMAL PERIOD 1981 TO 2010
CLIMATE RECORD PERIOD 1986 TO 2014


WEATHER ITEM   OBSERVED TIME   RECORD YEAR NORMAL DEPARTURE LAST
                VALUE   (LST)  VALUE       VALUE  FROM      YEAR
                                                  NORMAL
..................................................................
TEMPERATURE (F)
 YESTERDAY
  MAXIMUM         81    446 PM  92    2002  81      0       76
  MINIMUM         66    218 AM  54    2006  66      0       67
  AVERAGE         74                        73      1       72

PRECIPITATION (IN)
  YESTERDAY       13.51R         0.91 2013   0.13  13.38     0.91
  MONTH TO DATE   14.03                      1.67  12.36     1.95
  SINCE JUN 1     18.78                      9.37   9.41    12.44
  SINCE JAN 1     40.52                     28.83  11.69    27.79

SNOWFALL (IN)
  YESTERDAY        0.0          MM      MM   0.0    0.0      0.0
  MONTH TO DATE    0.0                       0.0    0.0      0.0
  SINCE OCT 1     63.7                      24.8   38.9     46.9
  SINCE JUL 1      0.0                       0.0    0.0      0.0
  SNOW DEPTH       0

DEGREE DAYS
 HEATING
  YESTERDAY        0                         0      0        0
  MONTH TO DATE    0                         0      0        0
  SINCE JUN 1      2                        40    -38       12
  SINCE JUL 1      0                         2     -2        0

 COOLING
  YESTERDAY        9                         8      1        7
  MONTH TO DATE  119                       116      3      103
  SINCE JUN 1    614                       532     82      681
  SINCE JAN 1    643                       556     87      713
..................................................................


WIND (MPH)
  HIGHEST WIND SPEED    33   HIGHEST WIND DIRECTION    SE (140)
  HIGHEST GUST SPEED    44   HIGHEST GUST DIRECTION     N (20)
  AVERAGE WIND SPEED    12.2


SKY COVER
  AVERAGE SKY COVER 0.8


WEATHER CONDITIONS
 THE FOLLOWING WEATHER WAS RECORDED YESTERDAY.
  THUNDERSTORM
  HEAVY RAIN
  RAIN
  LIGHT RAIN
  FOG


RELATIVE HUMIDITY (PERCENT)
 HIGHEST    97           600 AM
 LOWEST     58           400 PM
 AVERAGE    78

..........................................................


THE ISLIP NY CLIMATE NORMALS FOR TODAY
                         NORMAL    RECORD    YEAR
 MAXIMUM TEMPERATURE (F)   81        89      2005
 MINIMUM TEMPERATURE (F)   66        54      1987


SUNRISE AND SUNSET
AUGUST 14 2014........SUNRISE   602 AM EDT   SUNSET   752 PM EDT
AUGUST 15 2014........SUNRISE   602 AM EDT   SUNSET   751 PM EDT


-  INDICATES NEGATIVE NUMBERS.
R  INDICATES RECORD WAS SET OR TIED.
MM INDICATES DATA IS MISSING.
T  INDICATES TRACE AMOUNT.




$$
