000
CDUS41 KOKX 250624
CLIISP


CLIMATE REPORT
NATIONAL WEATHER SERVICE NEW YORK NY
223 AM EDT TUE AUG 25 2015


...................................

...THE ISLIP NY CLIMATE SUMMARY FOR AUGUST 24 2015...

CLIMATE NORMAL PERIOD 1981 TO 2010
CLIMATE RECORD PERIOD 1986 TO 2015


WEATHER ITEM   OBSERVED TIME   RECORD YEAR NORMAL DEPARTURE LAST
                VALUE   (LST)  VALUE       VALUE  FROM      YEAR
                                                  NORMAL
..................................................................
TEMPERATURE (F)
 YESTERDAY
  MAXIMUM         84   1211 PM  91    1995  80      4       79
  MINIMUM         70    527 AM  54    1994  65      5       58
                                      1987
  AVERAGE         77                        72      5       69

PRECIPITATION (IN)
  YESTERDAY        T             6.74 1990   0.13  -0.13     0.00
  MONTH TO DATE    1.48                      3.14  -1.66    14.05
  SINCE JUN 1      7.27                     10.84  -3.57    18.80
  SINCE JAN 1     22.36                     30.30  -7.94    40.54

SNOWFALL (IN)
  YESTERDAY        0.0          MM      MM   0.0    0.0      0.0
  MONTH TO DATE    0.0                       0.0    0.0      0.0
  SINCE OCT 1     63.7                      24.8   38.9     63.7
  SINCE JUL 1      0.0                       0.0    0.0      0.0
  SNOW DEPTH       0

DEGREE DAYS
 HEATING
  YESTERDAY        0                         0      0        0
  MONTH TO DATE    0                         0      0        0
  SINCE JUN 1     46                        40      6        2
  SINCE JUL 1      0                         2     -2        0

 COOLING
  YESTERDAY       12                         7      5        4
  MONTH TO DATE  270                       201     69      167
  SINCE JUN 1    763                       617    146      662
  SINCE JAN 1    813                       641    172      691
..................................................................


WIND (MPH)
  HIGHEST WIND SPEED    13   HIGHEST WIND DIRECTION     S (170)
  HIGHEST GUST SPEED    19   HIGHEST GUST DIRECTION     S (180)
  AVERAGE WIND SPEED     5.1


SKY COVER
  AVERAGE SKY COVER 0.6


WEATHER CONDITIONS
 THE FOLLOWING WEATHER WAS RECORDED YESTERDAY.
  NO SIGNIFICANT WEATHER WAS OBSERVED.


RELATIVE HUMIDITY (PERCENT)
 HIGHEST    93           100 AM
 LOWEST     55          1000 AM
 AVERAGE    74

..........................................................


THE ISLIP NY CLIMATE NORMALS FOR TODAY
                         NORMAL    RECORD    YEAR
 MAXIMUM TEMPERATURE (F)   79        92      1998
 MINIMUM TEMPERATURE (F)   64        51      1987


SUNRISE AND SUNSET
AUGUST 25 2015........SUNRISE   612 AM EDT   SUNSET   736 PM EDT
AUGUST 26 2015........SUNRISE   613 AM EDT   SUNSET   735 PM EDT


-  INDICATES NEGATIVE NUMBERS.
R  INDICATES RECORD WAS SET OR TIED.
MM INDICATES DATA IS MISSING.
T  INDICATES TRACE AMOUNT.




$$
