000
CDUS41 KOKX 200619
CLIISP


CLIMATE REPORT
NATIONAL WEATHER SERVICE NEW YORK NY
118 AM EST THU NOV 20 2014


...................................

...THE ISLIP NY CLIMATE SUMMARY FOR NOVEMBER 19 2014...

CLIMATE NORMAL PERIOD 1981 TO 2010
CLIMATE RECORD PERIOD 1986 TO 2014


WEATHER ITEM   OBSERVED TIME   RECORD YEAR NORMAL DEPARTURE LAST
                VALUE   (LST)  VALUE       VALUE  FROM      YEAR
                                                  NORMAL
..................................................................
TEMPERATURE (F)
 YESTERDAY
  MAXIMUM         35   1159 PM  63    1999  52    -17       51
                                      1985
  MINIMUM         22R   703 AM  23    1997  36    -14       35
  AVERAGE         29                        44    -15       43

PRECIPITATION (IN)
  YESTERDAY        0.00          1.46 1986   0.13  -0.13     0.00
  MONTH TO DATE    3.00                      2.24   0.76     0.61
  SINCE SEP 1      8.69                      9.61  -0.92     2.66
  SINCE JAN 1     49.25                     40.75   8.50    31.22

SNOWFALL (IN)
  YESTERDAY        0.0          MM      MM   0.0    0.0      0.0
  MONTH TO DATE    T                         0.1   -0.1      0.2
  SINCE OCT 1      T                         0.1   -0.1      0.2
  SINCE JUL 1      T                         0.1   -0.1      0.2
  SNOW DEPTH       0

DEGREE DAYS
 HEATING
  YESTERDAY       36                        21     15       22
  MONTH TO DATE  372                       345     27      340
  SINCE SEP 1    660                       760   -100      662
  SINCE JUL 1    660                       765   -105      662

 COOLING
  YESTERDAY        0                         0      0        0
  MONTH TO DATE    0                         0      0        0
  SINCE SEP 1    140                       101     39      110
  SINCE JAN 1    887                       787    100      957
..................................................................


WIND (MPH)
  HIGHEST WIND SPEED    21   HIGHEST WIND DIRECTION     W (270)
  HIGHEST GUST SPEED    26   HIGHEST GUST DIRECTION     W (270)
  AVERAGE WIND SPEED    10.9


SKY COVER
  AVERAGE SKY COVER 0.2


WEATHER CONDITIONS
 THE FOLLOWING WEATHER WAS RECORDED YESTERDAY.
  NO SIGNIFICANT WEATHER WAS OBSERVED.


RELATIVE HUMIDITY (PERCENT)
 HIGHEST    58           800 PM
 LOWEST     32           200 PM
 AVERAGE    45

..........................................................


THE ISLIP NY CLIMATE NORMALS FOR TODAY
                         NORMAL    RECORD    YEAR
 MAXIMUM TEMPERATURE (F)   52        66      1985
 MINIMUM TEMPERATURE (F)   36        21      1986


SUNRISE AND SUNSET
NOVEMBER 20 2014......SUNRISE   645 AM EST   SUNSET   431 PM EST
NOVEMBER 21 2014......SUNRISE   646 AM EST   SUNSET   430 PM EST


-  INDICATES NEGATIVE NUMBERS.
R  INDICATES RECORD WAS SET OR TIED.
MM INDICATES DATA IS MISSING.
T  INDICATES TRACE AMOUNT.




$$
