000
CDUS41 KOKX 032031
CLIISP


CLIMATE REPORT
NATIONAL WEATHER SERVICE NEW YORK NY
430 PM EDT THU APR 3 2014


...................................

...THE ISLIP NY CLIMATE SUMMARY FOR APRIL 3 2014...
VALID TODAY AS OF 0400 PM LOCAL TIME.

CLIMATE NORMAL PERIOD 1981 TO 2010
CLIMATE RECORD PERIOD 1986 TO 2014


WEATHER ITEM   OBSERVED TIME   RECORD YEAR NORMAL DEPARTURE LAST
                VALUE   (LST)  VALUE       VALUE  FROM      YEAR
                                                  NORMAL
..................................................................
TEMPERATURE (F)
 TODAY
  MAXIMUM         63R   229 PM  63    2012  53     10       46
  MINIMUM         38    141 AM  23    2008  37      1       30
  AVERAGE         51                        45      6       38

PRECIPITATION (IN)
  TODAY            0.00          1.80 1990   0.15  -0.15     0.00
  MONTH TO DATE    T                         0.45  -0.45     0.10
  SINCE MAR 1      5.90                      4.89   1.01     2.74
  SINCE JAN 1     14.24                     11.79   2.45    10.87

SNOWFALL (IN)
  TODAY            0.0          MM      MM   0.0    0.0      0.0
  MONTH TO DATE    0.0                       0.1   -0.1      0.0
  SINCE OCT 1     63.5                      24.3   39.2     46.9
  SINCE JUL 1     63.5                      24.3   39.2     46.9
  SNOW DEPTH       0

DEGREE DAYS
 HEATING
  TODAY           14                        20     -6       27
  MONTH TO DATE   56                        61     -5       73
  SINCE MAR 1    953                       858     95      893
  SINCE JUL 1   4906                      4753    153     4506

 COOLING
  TODAY            0                         0      0        0
  MONTH TO DATE    0                         0      0        0
  SINCE MAR 1      0                         0      0        0
  SINCE JAN 1      0                         0      0        0
..................................................................


WIND (MPH)
  HIGHEST WIND SPEED    14   HIGHEST WIND DIRECTION     N (350)
  HIGHEST GUST SPEED    18   HIGHEST GUST DIRECTION     N (350)
  AVERAGE WIND SPEED     6.7


SKY COVER
  AVERAGE SKY COVER 0.4


WEATHER CONDITIONS
 THE FOLLOWING WEATHER WAS RECORDED TODAY.
  FOG


RELATIVE HUMIDITY (PERCENT)
 HIGHEST    92          1200 AM
 LOWEST     19           200 PM
 AVERAGE    56

..........................................................


THE ISLIP NY CLIMATE NORMALS FOR TOMORROW
                         NORMAL    RECORD    YEAR
 MAXIMUM TEMPERATURE (F)   54        75      2010
 MINIMUM TEMPERATURE (F)   37        28      2013


SUNRISE AND SUNSET
APRIL  3 2014.........SUNRISE   633 AM EDT   SUNSET   719 PM EDT
APRIL  4 2014.........SUNRISE   631 AM EDT   SUNSET   720 PM EDT


-  INDICATES NEGATIVE NUMBERS.
R  INDICATES RECORD WAS SET OR TIED.
MM INDICATES DATA IS MISSING.
T  INDICATES TRACE AMOUNT.




$$
