000
CDUS41 KOKX 230616
CLIISP


CLIMATE REPORT
NATIONAL WEATHER SERVICE NEW YORK NY
216 AM EDT TUE JUN 23 2015


...................................

...THE ISLIP NY CLIMATE SUMMARY FOR JUNE 22 2015...

CLIMATE NORMAL PERIOD 1981 TO 2010
CLIMATE RECORD PERIOD 1986 TO 2015


WEATHER ITEM   OBSERVED TIME   RECORD YEAR NORMAL DEPARTURE LAST
                VALUE   (LST)  VALUE       VALUE  FROM      YEAR
                                                  NORMAL
..................................................................
TEMPERATURE (F)
 YESTERDAY
  MAXIMUM         87    436 PM  94    2012  79      8       76
  MINIMUM         69    507 AM  51    1992  62      7       59
  AVERAGE         78                        70      8       68

PRECIPITATION (IN)
  YESTERDAY        0.00          1.00 1997   0.11  -0.11     0.00
  MONTH TO DATE    2.96                      3.35  -0.39     1.67
  SINCE JUN 1      2.96                      3.35  -0.39     1.67
  SINCE JAN 1     18.05                     22.81  -4.76    23.41

SNOWFALL (IN)
  YESTERDAY        0.0          MM      MM   0.0    0.0      0.0
  MONTH TO DATE    0.0                       0.0    0.0      0.0
  SINCE OCT 1     63.7                      24.8   38.9     63.7
  SINCE JUL 1     63.7                      24.8   38.9     63.7
  SNOW DEPTH       0

DEGREE DAYS
 HEATING
  YESTERDAY        0                         0      0        0
  MONTH TO DATE   46                        36     10        2
  SINCE JUN 1     46                        36     10        2
  SINCE JUL 1   5557                      5426    131     5459

 COOLING
  YESTERDAY       13                         6      7        3
  MONTH TO DATE  106                        85     21      105
  SINCE JUN 1    106                        85     21      105
  SINCE JAN 1    156                       109     47      134
..................................................................


WIND (MPH)
  HIGHEST WIND SPEED    17   HIGHEST WIND DIRECTION    NW (300)
  HIGHEST GUST SPEED    22   HIGHEST GUST DIRECTION    NW (320)
  AVERAGE WIND SPEED     8.2


SKY COVER
  AVERAGE SKY COVER 0.3


WEATHER CONDITIONS
 THE FOLLOWING WEATHER WAS RECORDED YESTERDAY.
  NO SIGNIFICANT WEATHER WAS OBSERVED.


RELATIVE HUMIDITY (PERCENT)
 HIGHEST    90           100 AM
 LOWEST     40           300 PM
 AVERAGE    65

..........................................................


THE ISLIP NY CLIMATE NORMALS FOR TODAY
                         NORMAL    RECORD    YEAR
 MAXIMUM TEMPERATURE (F)   79        91      1999
 MINIMUM TEMPERATURE (F)   63        48      1992


SUNRISE AND SUNSET
JUNE 23 2015..........SUNRISE   522 AM EDT   SUNSET   828 PM EDT
JUNE 24 2015..........SUNRISE   522 AM EDT   SUNSET   828 PM EDT


-  INDICATES NEGATIVE NUMBERS.
R  INDICATES RECORD WAS SET OR TIED.
MM INDICATES DATA IS MISSING.
T  INDICATES TRACE AMOUNT.




$$
