000
CDUS41 KOKX 230624
CLIISP


CLIMATE REPORT
NATIONAL WEATHER SERVICE NEW YORK NY
124 AM EST MON FEB 23 2015


...................................

...THE ISLIP NY CLIMATE SUMMARY FOR FEBRUARY 22 2015...

CLIMATE NORMAL PERIOD 1981 TO 2010
CLIMATE RECORD PERIOD 1986 TO 2015


WEATHER ITEM   OBSERVED TIME   RECORD YEAR NORMAL DEPARTURE LAST
                VALUE   (LST)  VALUE       VALUE  FROM      YEAR
                                                  NORMAL
..................................................................
TEMPERATURE (F)
 YESTERDAY
  MAXIMUM         42    417 PM  66    1991  42      0       49
  MINIMUM         30    944 PM  12    2001  26      4       30
  AVERAGE         36                        34      2       40

PRECIPITATION (IN)
  YESTERDAY        0.36          1.93 2003   0.12   0.24     0.00
  MONTH TO DATE    2.69                      2.45   0.24     4.29
  SINCE DEC 1     14.06                     10.15   3.91    14.07
  SINCE JAN 1      7.94                      6.09   1.85     8.27

SNOWFALL (IN)
  YESTERDAY        0.1           5.5  2008   0.3   -0.2      0.0
  MONTH TO DATE   13.4                       5.6    7.8     23.9
  SINCE OCT 1     44.0                      18.2   25.8     57.5
  SINCE JUL 1     44.0                      18.2   25.8     57.5
  SNOW DEPTH      12

DEGREE DAYS
 HEATING
  YESTERDAY       29                        31     -2       25
  MONTH TO DATE  952                       720    232      765
  SINCE DEC 1   2851                      2696    155     2773
  SINCE JUL 1   3764                      3712     52     3737

 COOLING
  YESTERDAY        0                         0      0        0
  MONTH TO DATE    0                         0      0        0
  SINCE DEC 1      0                         0      0        0
  SINCE JAN 1      0                         0      0        0
..................................................................


WIND (MPH)
  HIGHEST WIND SPEED    10   HIGHEST WIND DIRECTION    NW (320)
  HIGHEST GUST SPEED    13   HIGHEST GUST DIRECTION     N (340)
  AVERAGE WIND SPEED     3.4


SKY COVER
  AVERAGE SKY COVER 0.8


WEATHER CONDITIONS
 THE FOLLOWING WEATHER WAS RECORDED YESTERDAY.
  RAIN
  LIGHT RAIN
  SNOW
  LIGHT SNOW
  SLEET
  FOG
  HAZE


RELATIVE HUMIDITY (PERCENT)
 HIGHEST    92           800 PM
 LOWEST     60           300 PM
 AVERAGE    76

..........................................................


THE ISLIP NY CLIMATE NORMALS FOR TODAY
                         NORMAL    RECORD    YEAR
 MAXIMUM TEMPERATURE (F)   42        61      2012
 MINIMUM TEMPERATURE (F)   26        15      1999


SUNRISE AND SUNSET
FEBRUARY 23 2015......SUNRISE   636 AM EST   SUNSET   536 PM EST
FEBRUARY 24 2015......SUNRISE   634 AM EST   SUNSET   537 PM EST


-  INDICATES NEGATIVE NUMBERS.
R  INDICATES RECORD WAS SET OR TIED.
MM INDICATES DATA IS MISSING.
T  INDICATES TRACE AMOUNT.




$$
