000
CDUS41 KOKX 020618
CLIISP


CLIMATE REPORT
NATIONAL WEATHER SERVICE NEW YORK NY
218 AM EDT WED APR 2 2014


...................................

...THE ISLIP NY CLIMATE SUMMARY FOR APRIL 1 2014...

CLIMATE NORMAL PERIOD 1981 TO 2010
CLIMATE RECORD PERIOD 1986 TO 2014


WEATHER ITEM   OBSERVED TIME   RECORD YEAR NORMAL DEPARTURE LAST
                VALUE   (LST)  VALUE       VALUE  FROM      YEAR
                                                  NORMAL
..................................................................
TEMPERATURE (F)
 YESTERDAY
  MAXIMUM         56    107 PM  67    1999  52      4       58
  MINIMUM         33    449 AM  26    1992  36     -3       36
  AVERAGE         45                        44      1       47

PRECIPITATION (IN)
  YESTERDAY        0.00          1.78 1998   0.15  -0.15     0.10
  MONTH TO DATE    0.00                      0.15  -0.15     0.10
  SINCE MAR 1      5.90                      4.59   1.31     2.74
  SINCE JAN 1     14.24                     11.49   2.75    10.87

SNOWFALL (IN)
  YESTERDAY        0.0           2.0  1997   0.1   -0.1      0.0
  MONTH TO DATE    0.0                       0.1   -0.1      0.0
  SINCE OCT 1     63.5                      24.3   39.2     46.9
  SINCE JUL 1     63.5                      24.3   39.2     46.9
  SNOW DEPTH       1

DEGREE DAYS
 HEATING
  YESTERDAY       20                        21     -1       18
  MONTH TO DATE   20                        21     -1       18
  SINCE MAR 1    917                       818     99      838
  SINCE JUL 1   4870                      4713    157     4451

 COOLING
  YESTERDAY        0                         0      0        0
  MONTH TO DATE    0                         0      0        0
  SINCE MAR 1      0                         0      0        0
  SINCE JAN 1      0                         0      0        0
..................................................................


WIND (MPH)
  HIGHEST WIND SPEED    15   HIGHEST WIND DIRECTION     N (340)
  HIGHEST GUST SPEED    22   HIGHEST GUST DIRECTION     N (350)
  AVERAGE WIND SPEED     7.8


SKY COVER
  AVERAGE SKY COVER 0.4


WEATHER CONDITIONS
 THE FOLLOWING WEATHER WAS RECORDED YESTERDAY.
  NO SIGNIFICANT WEATHER WAS OBSERVED.


RELATIVE HUMIDITY (PERCENT)
 HIGHEST    85          1000 PM
 LOWEST     38           100 PM
 AVERAGE    62

..........................................................


THE ISLIP NY CLIMATE NORMALS FOR TODAY
                         NORMAL    RECORD    YEAR
 MAXIMUM TEMPERATURE (F)   53        68      1986
 MINIMUM TEMPERATURE (F)   36        27      1987


SUNRISE AND SUNSET
APRIL  2 2014.........SUNRISE   634 AM EDT   SUNSET   718 PM EDT
APRIL  3 2014.........SUNRISE   633 AM EDT   SUNSET   719 PM EDT


-  INDICATES NEGATIVE NUMBERS.
R  INDICATES RECORD WAS SET OR TIED.
MM INDICATES DATA IS MISSING.
T  INDICATES TRACE AMOUNT.




$$
