000
CDUS41 KOKX 052036
CLIISP


CLIMATE REPORT
NATIONAL WEATHER SERVICE NEW YORK NY
436 PM EDT SUN JUL 5 2015


...................................

...THE ISLIP NY CLIMATE SUMMARY FOR JULY 5 2015...
VALID TODAY AS OF 0400 PM LOCAL TIME.

CLIMATE NORMAL PERIOD 1981 TO 2010
CLIMATE RECORD PERIOD 1986 TO 2015


WEATHER ITEM   OBSERVED TIME   RECORD YEAR NORMAL DEPARTURE LAST
                VALUE   (LST)  VALUE       VALUE  FROM      YEAR
                                                  NORMAL
..................................................................
TEMPERATURE (F)
 TODAY
  MAXIMUM         80    259 PM 102    1999  81     -1       82
  MINIMUM         61    439 AM  58    2009  65     -4       62
  AVERAGE         71                        73     -2       72

PRECIPITATION (IN)
  TODAY            0.00          1.87 1989   0.09  -0.09     0.00
  MONTH TO DATE    0.10                      0.48  -0.38     0.96
  SINCE JUN 1      4.15                      4.75  -0.60     2.75
  SINCE JAN 1     19.24                     24.21  -4.97    24.49

SNOWFALL (IN)
  TODAY            0.0          MM      MM   0.0    0.0      0.0
  MONTH TO DATE    0.0                       0.0    0.0      0.0
  SINCE OCT 1     63.7                      24.8   38.9     63.7
  SINCE JUL 1      0.0                       0.0    0.0      0.0
  SNOW DEPTH       0

DEGREE DAYS
 HEATING
  TODAY            0                         0      0        0
  MONTH TO DATE    0                         0      0        0
  SINCE JUN 1     46                        38      8        2
  SINCE JUL 1      0                         0      0        0

 COOLING
  TODAY            6                         8     -2        7
  MONTH TO DATE   33                        40     -7       54
  SINCE JUN 1    185                       180      5      225
  SINCE JAN 1    235                       204     31      254
..................................................................


WIND (MPH)
  HIGHEST WIND SPEED    14   HIGHEST WIND DIRECTION    SW (220)
  HIGHEST GUST SPEED    18   HIGHEST GUST DIRECTION    SW (210)
  AVERAGE WIND SPEED     5.5


SKY COVER
  AVERAGE SKY COVER 0.6


WEATHER CONDITIONS
 THE FOLLOWING WEATHER WAS RECORDED TODAY.
  HAZE


RELATIVE HUMIDITY (PERCENT)
 HIGHEST    81           600 AM
 LOWEST     54          1000 AM
 AVERAGE    68

..........................................................


THE ISLIP NY CLIMATE NORMALS FOR TOMORROW
                         NORMAL    RECORD    YEAR
 MAXIMUM TEMPERATURE (F)   81       101      2010
 MINIMUM TEMPERATURE (F)   65        57      2001


SUNRISE AND SUNSET
JULY  5 2015..........SUNRISE   527 AM EDT   SUNSET   827 PM EDT
JULY  6 2015..........SUNRISE   527 AM EDT   SUNSET   827 PM EDT


-  INDICATES NEGATIVE NUMBERS.
R  INDICATES RECORD WAS SET OR TIED.
MM INDICATES DATA IS MISSING.
T  INDICATES TRACE AMOUNT.




$$
