000
CDUS41 KOKX 270624
CLIISP


CLIMATE REPORT
NATIONAL WEATHER SERVICE NEW YORK NY
123 AM EST THU NOV 27 2014


...................................

...THE ISLIP NY CLIMATE SUMMARY FOR NOVEMBER 26 2014...

CLIMATE NORMAL PERIOD 1981 TO 2010
CLIMATE RECORD PERIOD 1986 TO 2014


WEATHER ITEM   OBSERVED TIME   RECORD YEAR NORMAL DEPARTURE LAST
                VALUE   (LST)  VALUE       VALUE  FROM      YEAR
                                                  NORMAL
..................................................................
TEMPERATURE (F)
 YESTERDAY
  MAXIMUM         49    449 AM  66    2011  50     -1       53
  MINIMUM         36   1159 PM  19    1993  34      2       35
  AVERAGE         43                        42      1       44

PRECIPITATION (IN)
  YESTERDAY        1.20          1.33 1996   0.13   1.07     0.34
  MONTH TO DATE    4.77                      3.13   1.64     1.06
  SINCE SEP 1     10.46                     10.50  -0.04     3.11
  SINCE JAN 1     51.02                     41.64   9.38    31.67

SNOWFALL (IN)
  YESTERDAY        T            MM      MM   0.0    0.0       T
  MONTH TO DATE    T                         0.3   -0.3      0.3
  SINCE OCT 1      T                         0.3   -0.3      0.3
  SINCE JUL 1      T                         0.3   -0.3      0.3
  SNOW DEPTH       0

DEGREE DAYS
 HEATING
  YESTERDAY       22                        23     -1       21
  MONTH TO DATE  520                       499     21      528
  SINCE SEP 1    808                       914   -106      850
  SINCE JUL 1    808                       919   -111      850

 COOLING
  YESTERDAY        0                         0      0        0
  MONTH TO DATE    0                         0      0        0
  SINCE SEP 1    140                       101     39      110
  SINCE JAN 1    887                       787    100      957
..................................................................


WIND (MPH)
  HIGHEST WIND SPEED    29   HIGHEST WIND DIRECTION    NE (30)
  HIGHEST GUST SPEED    36   HIGHEST GUST DIRECTION     N (20)
  AVERAGE WIND SPEED    14.1


SKY COVER
  AVERAGE SKY COVER 1.0


WEATHER CONDITIONS
 THE FOLLOWING WEATHER WAS RECORDED YESTERDAY.
  RAIN
  LIGHT RAIN
  SNOW
  SLEET
  FOG


RELATIVE HUMIDITY (PERCENT)
 HIGHEST    92           300 PM
 LOWEST     50           300 AM
 AVERAGE    71

..........................................................


THE ISLIP NY CLIMATE NORMALS FOR TODAY
                         NORMAL    RECORD    YEAR
 MAXIMUM TEMPERATURE (F)   49        63      1999
 MINIMUM TEMPERATURE (F)   34        19      1991


SUNRISE AND SUNSET
NOVEMBER 27 2014......SUNRISE   653 AM EST   SUNSET   427 PM EST
NOVEMBER 28 2014......SUNRISE   654 AM EST   SUNSET   426 PM EST


-  INDICATES NEGATIVE NUMBERS.
R  INDICATES RECORD WAS SET OR TIED.
MM INDICATES DATA IS MISSING.
T  INDICATES TRACE AMOUNT.




$$
