000
CDUS41 KOKX 240630
CLIISP


CLIMATE REPORT
NATIONAL WEATHER SERVICE NEW YORK NY
120 AM EST SAT FEB 24 2018


...................................

...THE ISLIP NY CLIMATE SUMMARY FOR FEBRUARY 23 2018...

CLIMATE NORMAL PERIOD 1981 TO 2010
CLIMATE RECORD PERIOD 1963 TO 2018


WEATHER ITEM   OBSERVED TIME   RECORD YEAR NORMAL DEPARTURE LAST
                VALUE   (LST)  VALUE       VALUE  FROM      YEAR
                                                  NORMAL
..................................................................
TEMPERATURE (F)
 YESTERDAY
  MAXIMUM         41   1159 PM  61    2012  42     -1       53
  MINIMUM         35    721 AM  10    2015  26      9       36
  AVERAGE         38                        34      4       45

PRECIPITATION (IN)
  YESTERDAY        0.06          0.88 2010   0.13  -0.07      T
  MONTH TO DATE    5.22                      2.58   2.64     1.45
  SINCE DEC 1     11.08                     10.28   0.80     9.04
  SINCE JAN 1      8.96                      6.22   2.74     5.51

SNOWFALL (IN)
  YESTERDAY        0.0           6.7  1987   0.3   -0.3      0.0
  MONTH TO DATE    1.4                       5.9   -4.5     14.7
  SINCE OCT 1     29.4                      18.5   10.9     31.9
  SINCE JUL 1     29.4                      18.5   10.9     31.9
  SNOW DEPTH       0

DEGREE DAYS
 HEATING
  YESTERDAY       27                        31     -4       20
  MONTH TO DATE  612                       751   -139      663
  SINCE DEC 1   2643                      2727    -84     2421
  SINCE JUL 1   3394                      3743   -349     3212

 COOLING
  YESTERDAY        0                         0      0        0
  MONTH TO DATE    0                         0      0        0
  SINCE DEC 1      0                         0      0        0
  SINCE JAN 1      0                         0      0        0
..................................................................


WIND (MPH)
  HIGHEST WIND SPEED    15   HIGHEST WIND DIRECTION     E (110)
  HIGHEST GUST SPEED    20   HIGHEST GUST DIRECTION     E (110)
  AVERAGE WIND SPEED     7.9


SKY COVER
  AVERAGE SKY COVER 1.0


WEATHER CONDITIONS
 THE FOLLOWING WEATHER WAS RECORDED YESTERDAY.
  LIGHT RAIN
  FOG


RELATIVE HUMIDITY (PERCENT)
 HIGHEST   100           900 PM
 LOWEST     82           500 AM
 AVERAGE    91

..........................................................


THE ISLIP NY CLIMATE NORMALS FOR TODAY
                         NORMAL    RECORD    YEAR
 MAXIMUM TEMPERATURE (F)   42        64      2017
 MINIMUM TEMPERATURE (F)   27         3      2015


SUNRISE AND SUNSET
FEBRUARY 24 2018......SUNRISE   634 AM EST   SUNSET   538 PM EST
FEBRUARY 25 2018......SUNRISE   632 AM EST   SUNSET   539 PM EST


-  INDICATES NEGATIVE NUMBERS.
R  INDICATES RECORD WAS SET OR TIED.
MM INDICATES DATA IS MISSING.
T  INDICATES TRACE AMOUNT.




$$
