000
CDUS41 KOKX 190630
CLIISP


CLIMATE REPORT
NATIONAL WEATHER SERVICE NEW YORK NY
230 AM EDT THU MAR 19 2015


...................................

...THE ISLIP NY CLIMATE SUMMARY FOR MARCH 18 2015...

CLIMATE NORMAL PERIOD 1981 TO 2010
CLIMATE RECORD PERIOD 1986 TO 2015


WEATHER ITEM   OBSERVED TIME   RECORD YEAR NORMAL DEPARTURE LAST
                VALUE   (LST)  VALUE       VALUE  FROM      YEAR
                                                  NORMAL
..................................................................
TEMPERATURE (F)
 YESTERDAY
  MAXIMUM         39    219 PM  77    2011  48     -9       44
  MINIMUM         27   1159 PM  14    1993  32     -5       21
  AVERAGE         33                        40     -7       33

PRECIPITATION (IN)
  YESTERDAY        T             0.44 1998   0.15  -0.15     0.00
  MONTH TO DATE    3.79                      2.53   1.26     0.44
  SINCE MAR 1      3.79                      2.53   1.26     0.44
  SINCE JAN 1     11.73                      9.43   2.30     8.78

SNOWFALL (IN)
  YESTERDAY        T             3.0  1994   0.1   -0.1      0.0
  MONTH TO DATE   12.6                       3.3    9.3      0.8
  SINCE OCT 1     56.6                      23.0   33.6     58.9
  SINCE JUL 1     56.6                      23.0   33.6     58.9
  SNOW DEPTH       0

DEGREE DAYS
 HEATING
  YESTERDAY       32                        25      7       32
  MONTH TO DATE  544                       497     47      557
  SINCE MAR 1    544                       497     47      557
  SINCE JUL 1   4564                      4392    172     4510

 COOLING
  YESTERDAY        0                         0      0        0
  MONTH TO DATE    0                         0      0        0
  SINCE MAR 1      0                         0      0        0
  SINCE JAN 1      0                         0      0        0
..................................................................


WIND (MPH)
  HIGHEST WIND SPEED    32   HIGHEST WIND DIRECTION    NW (320)
  HIGHEST GUST SPEED    45   HIGHEST GUST DIRECTION    NW (320)
  AVERAGE WIND SPEED    18.3


SKY COVER
  AVERAGE SKY COVER 0.3


WEATHER CONDITIONS
 THE FOLLOWING WEATHER WAS RECORDED YESTERDAY.
  LIGHT SNOW


RELATIVE HUMIDITY (PERCENT)
 HIGHEST    69           500 AM
 LOWEST     27          1200 PM
 AVERAGE    48

..........................................................


THE ISLIP NY CLIMATE NORMALS FOR TODAY
                         NORMAL    RECORD    YEAR
 MAXIMUM TEMPERATURE (F)   48        69      2010
 MINIMUM TEMPERATURE (F)   32        15      1993


SUNRISE AND SUNSET
MARCH 19 2015.........SUNRISE   658 AM EDT   SUNSET   703 PM EDT
MARCH 20 2015.........SUNRISE   656 AM EDT   SUNSET   704 PM EDT


-  INDICATES NEGATIVE NUMBERS.
R  INDICATES RECORD WAS SET OR TIED.
MM INDICATES DATA IS MISSING.
T  INDICATES TRACE AMOUNT.




$$
