000
CDUS41 KOKX 142049
CLIISP


CLIMATE REPORT
NATIONAL WEATHER SERVICE NEW YORK NY
449 PM EDT SUN AUG 14 2016


...................................

...THE ISLIP NY CLIMATE SUMMARY FOR AUGUST 14 2016...
VALID TODAY AS OF 0400 PM LOCAL TIME.

CLIMATE NORMAL PERIOD 1981 TO 2010
CLIMATE RECORD PERIOD 1984 TO 2016


WEATHER ITEM   OBSERVED TIME   RECORD YEAR NORMAL DEPARTURE LAST
                VALUE   (LST)  VALUE       VALUE  FROM      YEAR
                                                  NORMAL
..................................................................
TEMPERATURE (F)
 TODAY
  MAXIMUM         97R   200 PM  89    2005  81     16       84
  MINIMUM         78    537 AM  54    1987  66     12       61
  AVERAGE         88                        73     15       73

PRECIPITATION (IN)
  TODAY            T             5.32 2011   0.14  -0.14     0.00
  MONTH TO DATE    0.17                      1.81  -1.64     1.09
  SINCE JUN 1      4.52                      9.51  -4.99     6.88
  SINCE JAN 1     21.71                     28.97  -7.26    21.97

SNOWFALL (IN)
  TODAY            0.0          MM      MM   0.0    0.0      0.0
  MONTH TO DATE    0.0                       0.0    0.0      0.0
  SINCE OCT 1     41.4                      24.8   16.6     63.7
  SINCE JUL 1      0.0                       0.0    0.0      0.0
  SNOW DEPTH       0

DEGREE DAYS
 HEATING
  TODAY            0                         0      0        0
  MONTH TO DATE    0                         0      0        0
  SINCE JUN 1      8                        40    -32       46
  SINCE JUL 1      0                         2     -2        0

 COOLING
  TODAY           23                         8     15        8
  MONTH TO DATE  171                       124     47      140
  SINCE JUN 1    683                       540    143      633
  SINCE JAN 1    727                       564    163      683
..................................................................


WIND (MPH)
  HIGHEST WIND SPEED    18   HIGHEST WIND DIRECTION    SW (220)
  HIGHEST GUST SPEED    24   HIGHEST GUST DIRECTION    SW (220)
  AVERAGE WIND SPEED     9.0


SKY COVER
  AVERAGE SKY COVER 0.4


WEATHER CONDITIONS
 THE FOLLOWING WEATHER WAS RECORDED TODAY.
  FOG


RELATIVE HUMIDITY (PERCENT)
 HIGHEST   100           400 AM
 LOWEST     46          1100 AM
 AVERAGE    73

..........................................................


THE ISLIP NY CLIMATE NORMALS FOR TOMORROW
                         NORMAL    RECORD    YEAR
 MAXIMUM TEMPERATURE (F)   81        88      1988
                                             1985
                                             1984
 MINIMUM TEMPERATURE (F)   66        56      2013


SUNRISE AND SUNSET
AUGUST 14 2016........SUNRISE   602 AM EDT   SUNSET   751 PM EDT
AUGUST 15 2016........SUNRISE   603 AM EDT   SUNSET   750 PM EDT


-  INDICATES NEGATIVE NUMBERS.
R  INDICATES RECORD WAS SET OR TIED.
MM INDICATES DATA IS MISSING.
T  INDICATES TRACE AMOUNT.




$$
