000
CDUS41 KOKX 050619
CLIISP


CLIMATE REPORT
NATIONAL WEATHER SERVICE NEW YORK NY
119 AM EST MON FEB 5 2018


...................................

...THE ISLIP NY CLIMATE SUMMARY FOR FEBRUARY 4 2018...

CLIMATE NORMAL PERIOD 1981 TO 2010
CLIMATE RECORD PERIOD 1963 TO 2018


WEATHER ITEM   OBSERVED TIME   RECORD YEAR NORMAL DEPARTURE LAST
                VALUE   (LST)  VALUE       VALUE  FROM      YEAR
                                                  NORMAL
..................................................................
TEMPERATURE (F)
 YESTERDAY
  MAXIMUM         48   1120 PM  66    1991  39      9       34
  MINIMUM         31   1232 AM  -1    1965  24      7       21
  AVERAGE         40                        31      9       28

PRECIPITATION (IN)
  YESTERDAY        1.18R         0.81 1984   0.11   1.07     0.00
  MONTH TO DATE    1.47                      0.44   1.03      T
  SINCE DEC 1      7.33                      8.14  -0.81     7.59
  SINCE JAN 1      5.21                      4.08   1.13     4.06

SNOWFALL (IN)
  YESTERDAY        0.0           5.0  1995   0.3   -0.3      0.0
  MONTH TO DATE    0.1                       1.0   -0.9      0.0
  SINCE OCT 1     28.1                      13.6   14.5     17.2
  SINCE JUL 1     28.1                      13.6   14.5     17.2
  SNOW DEPTH       0

DEGREE DAYS
 HEATING
  YESTERDAY       25                        34     -9       37
  MONTH TO DATE  138                       136      2      132
  SINCE DEC 1   2169                      2112     57     1890
  SINCE JUL 1   2920                      3128   -208     2681

 COOLING
  YESTERDAY        0                         0      0        0
  MONTH TO DATE    0                         0      0        0
  SINCE DEC 1      0                         0      0        0
  SINCE JAN 1      0                         0      0        0
..................................................................


WIND (MPH)
  HIGHEST WIND SPEED    18   HIGHEST WIND DIRECTION    SW (210)
  HIGHEST GUST SPEED    24   HIGHEST GUST DIRECTION     S (200)
  AVERAGE WIND SPEED     9.7


SKY COVER
  AVERAGE SKY COVER 1.0


WEATHER CONDITIONS
 THE FOLLOWING WEATHER WAS RECORDED YESTERDAY.
  HEAVY RAIN
  RAIN
  LIGHT RAIN
  FOG


RELATIVE HUMIDITY (PERCENT)
 HIGHEST   100           500 PM
 LOWEST     59           100 AM
 AVERAGE    80

..........................................................


THE ISLIP NY CLIMATE NORMALS FOR TODAY
                         NORMAL    RECORD    YEAR
 MAXIMUM TEMPERATURE (F)   39        67      1991
 MINIMUM TEMPERATURE (F)   24         1      1996
                                             1978


SUNRISE AND SUNSET
FEBRUARY  5 2018......SUNRISE   658 AM EST   SUNSET   515 PM EST
FEBRUARY  6 2018......SUNRISE   657 AM EST   SUNSET   516 PM EST


-  INDICATES NEGATIVE NUMBERS.
R  INDICATES RECORD WAS SET OR TIED.
MM INDICATES DATA IS MISSING.
T  INDICATES TRACE AMOUNT.




$$
