000
CDUS41 KOKX 090616
CLIISP


CLIMATE REPORT
NATIONAL WEATHER SERVICE NEW YORK NY
216 AM EDT WED APR 9 2014


...................................

...THE ISLIP NY CLIMATE SUMMARY FOR APRIL 8 2014...

CLIMATE NORMAL PERIOD 1981 TO 2010
CLIMATE RECORD PERIOD 1986 TO 2014


WEATHER ITEM   OBSERVED TIME   RECORD YEAR NORMAL DEPARTURE LAST
                VALUE   (LST)  VALUE       VALUE  FROM      YEAR
                                                  NORMAL
..................................................................
TEMPERATURE (F)
 YESTERDAY
  MAXIMUM         65    416 PM  84    1991  55     10       67
  MINIMUM         47   1159 PM  26    2007  38      9       43
  AVERAGE         56                        47      9       55

PRECIPITATION (IN)
  YESTERDAY        0.56          0.75 2006   0.15   0.41     0.00
  MONTH TO DATE    1.10                      1.19  -0.09     0.10
  SINCE MAR 1      7.00                      5.63   1.37     2.74
  SINCE JAN 1     15.34                     12.53   2.81    10.87

SNOWFALL (IN)
  YESTERDAY        0.0           1.1  1996   0.0    0.0      0.0
  MONTH TO DATE    0.0                       0.3   -0.3      0.0
  SINCE OCT 1     63.5                      24.5   39.0     46.9
  SINCE JUL 1     63.5                      24.5   39.0     46.9
  SNOW DEPTH       0

DEGREE DAYS
 HEATING
  YESTERDAY        9                        18     -9       10
  MONTH TO DATE  148                       156     -8      170
  SINCE MAR 1   1045                       953     92      990
  SINCE JUL 1   4998                      4848    150     4603

 COOLING
  YESTERDAY        0                         0      0        0
  MONTH TO DATE    0                         0      0        0
  SINCE MAR 1      0                         0      0        0
  SINCE JAN 1      0                         0      0        0
..................................................................


WIND (MPH)
  HIGHEST WIND SPEED    25   HIGHEST WIND DIRECTION     W (280)
  HIGHEST GUST SPEED    32   HIGHEST GUST DIRECTION     W (290)
  AVERAGE WIND SPEED    11.4


SKY COVER
  AVERAGE SKY COVER 0.8


WEATHER CONDITIONS
 THE FOLLOWING WEATHER WAS RECORDED YESTERDAY.
  THUNDERSTORM
  HEAVY RAIN
  RAIN
  LIGHT RAIN
  FOG
  FOG W/VISIBILITY <= 1/4 MILE


RELATIVE HUMIDITY (PERCENT)
 HIGHEST    93           200 AM
 LOWEST     40           600 PM
 AVERAGE    67

..........................................................


THE ISLIP NY CLIMATE NORMALS FOR TODAY
                         NORMAL    RECORD    YEAR
 MAXIMUM TEMPERATURE (F)   55        82      2013
 MINIMUM TEMPERATURE (F)   39        28      2007
                                             1997
                                             1990


SUNRISE AND SUNSET
APRIL  9 2014.........SUNRISE   623 AM EDT   SUNSET   726 PM EDT
APRIL 10 2014.........SUNRISE   621 AM EDT   SUNSET   727 PM EDT


-  INDICATES NEGATIVE NUMBERS.
R  INDICATES RECORD WAS SET OR TIED.
MM INDICATES DATA IS MISSING.
T  INDICATES TRACE AMOUNT.




$$
