000
CDUS41 KOKX 050630
CLIISP


CLIMATE REPORT
NATIONAL WEATHER SERVICE NEW YORK NY
130 AM EST FRI FEB 5 2016


...................................

...THE ISLIP NY CLIMATE SUMMARY FOR FEBRUARY 4 2016...

CLIMATE NORMAL PERIOD 1981 TO 2010
CLIMATE RECORD PERIOD 1986 TO 2016


WEATHER ITEM   OBSERVED TIME   RECORD YEAR NORMAL DEPARTURE LAST
                VALUE   (LST)  VALUE       VALUE  FROM      YEAR
                                                  NORMAL
..................................................................
TEMPERATURE (F)
 YESTERDAY
  MAXIMUM         55    331 AM  66    1991  39     16       40
  MINIMUM         41   1159 PM  10    1996  24     17       11
  AVERAGE         48                        31     17       26

PRECIPITATION (IN)
  YESTERDAY        0.29          0.81 1984   0.11   0.18     0.00
  MONTH TO DATE    0.82                      0.44   0.38     1.43
  SINCE DEC 1     10.62                      8.14   2.48    12.80
  SINCE JAN 1      5.29                      4.08   1.21     6.68

SNOWFALL (IN)
  YESTERDAY        0.0           5.0  1995   0.3   -0.3      0.0
  MONTH TO DATE    0.0                       1.0   -1.0      5.1
  SINCE OCT 1     24.8                      13.6   11.2     35.7
  SINCE JUL 1     24.8                      13.6   11.2     35.7
  SNOW DEPTH       0

DEGREE DAYS
 HEATING
  YESTERDAY       17                        34    -17       39
  MONTH TO DATE   74                       136    -62      169
  SINCE DEC 1   1559                      2112   -553     2068
  SINCE JUL 1   2311                      3128   -817     2981

 COOLING
  YESTERDAY        0                         0      0        0
  MONTH TO DATE    0                         0      0        0
  SINCE DEC 1      0                         0      0        0
  SINCE JAN 1      0                         0      0        0
..................................................................


WIND (MPH)
  HIGHEST WIND SPEED    18   HIGHEST WIND DIRECTION    NW (320)
  HIGHEST GUST SPEED    27   HIGHEST GUST DIRECTION    NW (320)
  AVERAGE WIND SPEED     9.2


SKY COVER
  AVERAGE SKY COVER 1.0


WEATHER CONDITIONS
 THE FOLLOWING WEATHER WAS RECORDED YESTERDAY.
  RAIN
  LIGHT RAIN
  FOG


RELATIVE HUMIDITY (PERCENT)
 HIGHEST   100           500 AM
 LOWEST     54           300 PM
 AVERAGE    77

..........................................................


THE ISLIP NY CLIMATE NORMALS FOR TODAY
                         NORMAL    RECORD    YEAR
 MAXIMUM TEMPERATURE (F)   39        67      1991
 MINIMUM TEMPERATURE (F)   24         1      1996


SUNRISE AND SUNSET
FEBRUARY  5 2016......SUNRISE   659 AM EST   SUNSET   514 PM EST
FEBRUARY  6 2016......SUNRISE   658 AM EST   SUNSET   515 PM EST


-  INDICATES NEGATIVE NUMBERS.
R  INDICATES RECORD WAS SET OR TIED.
MM INDICATES DATA IS MISSING.
T  INDICATES TRACE AMOUNT.




$$
