000
CDUS41 KOKX 102132
CLIISP


CLIMATE REPORT
NATIONAL WEATHER SERVICE NEW YORK NY
432 PM EST FRI NOV 10 2017


...................................

...THE ISLIP NY CLIMATE SUMMARY FOR NOVEMBER 10 2017...
VALID TODAY AS OF 0400 PM LOCAL TIME.

CLIMATE NORMAL PERIOD 1981 TO 2010
CLIMATE RECORD PERIOD 1963 TO 2017


WEATHER ITEM   OBSERVED TIME   RECORD YEAR NORMAL DEPARTURE LAST
                VALUE   (LST)  VALUE       VALUE  FROM      YEAR
                                                  NORMAL
..................................................................
TEMPERATURE (F)
 TODAY
  MAXIMUM         55   1227 AM  72    1999  55      0       56
  MINIMUM         34    359 PM  21    1965  39     -5       41
  AVERAGE         45                        47     -2       49

PRECIPITATION (IN)
  TODAY            0.01          2.03 1968   0.11  -0.10     0.00
  MONTH TO DATE    0.77                      1.15  -0.38      T
  SINCE SEP 1     11.43                      8.52   2.91     5.96
  SINCE JAN 1     39.78                     39.66   0.12    28.40

SNOWFALL (IN)
  TODAY            0.0          MM      MM   0.0    0.0      0.0
  MONTH TO DATE    0.0                       0.0    0.0      0.0
  SINCE OCT 1      0.0                       0.0    0.0       T
  SINCE JUL 1      0.0                       0.0    0.0       T
  SNOW DEPTH       0

DEGREE DAYS
 HEATING
  TODAY           20                        18      2       16
  MONTH TO DATE  130                       169    -39      143
  SINCE SEP 1    299                       584   -285      420
  SINCE JUL 1    299                       589   -290      420

 COOLING
  TODAY            0                         0      0        0
  MONTH TO DATE    2                         0      2        0
  SINCE SEP 1    204                       101    103      177
  SINCE JAN 1    972                       787    185     1124
..................................................................


WIND (MPH)
  HIGHEST WIND SPEED    31   HIGHEST WIND DIRECTION    NW (330)
  HIGHEST GUST SPEED    38   HIGHEST GUST DIRECTION    NW (330)
  AVERAGE WIND SPEED    17.9


SKY COVER
  AVERAGE SKY COVER 0.6


WEATHER CONDITIONS
 THE FOLLOWING WEATHER WAS RECORDED TODAY.
  LIGHT RAIN
  FOG


RELATIVE HUMIDITY (PERCENT)
 HIGHEST    93           400 AM
 LOWEST     32           200 PM
 AVERAGE    63

..........................................................


THE ISLIP NY CLIMATE NORMALS FOR TOMORROW
                         NORMAL    RECORD    YEAR
 MAXIMUM TEMPERATURE (F)   55        66      1970
 MINIMUM TEMPERATURE (F)   38        24      1973


SUNRISE AND SUNSET
NOVEMBER 10 2017......SUNRISE   634 AM EST   SUNSET   438 PM EST
NOVEMBER 11 2017......SUNRISE   635 AM EST   SUNSET   438 PM EST


-  INDICATES NEGATIVE NUMBERS.
R  INDICATES RECORD WAS SET OR TIED.
MM INDICATES DATA IS MISSING.
T  INDICATES TRACE AMOUNT.




$$
