000
CDUS41 KOKX 150615
CLIISP


CLIMATE REPORT
NATIONAL WEATHER SERVICE NEW YORK NY
215 AM EDT WED OCT 15 2014


...................................

...THE ISLIP NY CLIMATE SUMMARY FOR OCTOBER 14 2014...

CLIMATE NORMAL PERIOD 1981 TO 2010
CLIMATE RECORD PERIOD 1986 TO 2014


WEATHER ITEM   OBSERVED TIME   RECORD YEAR NORMAL DEPARTURE LAST
                VALUE   (LST)  VALUE       VALUE  FROM      YEAR
                                                  NORMAL
..................................................................
TEMPERATURE (F)
 YESTERDAY
  MAXIMUM         75    111 PM  81    1990  64     11       66
  MINIMUM         63   1221 AM  31    1993  46     17       46
  AVERAGE         69                        55     14       56

PRECIPITATION (IN)
  YESTERDAY        0.00          5.38 2005   0.12  -0.12     0.00
  MONTH TO DATE    1.42                      1.73  -0.31     0.15
  SINCE SEP 1      3.04                      5.31  -2.27     1.98
  SINCE JAN 1     43.60                     36.45   7.15    30.54

SNOWFALL (IN)
  YESTERDAY        0.0          MM      MM   0.0    0.0      0.0
  MONTH TO DATE    0.0                       0.0    0.0      0.0
  SINCE OCT 1      0.0                       0.0    0.0      0.0
  SINCE JUL 1      0.0                       0.0    0.0      0.0
  SNOW DEPTH       0

DEGREE DAYS
 HEATING
  YESTERDAY        0                        11    -11        9
  MONTH TO DATE   95                       119    -24       33
  SINCE SEP 1    139                       191    -52      116
  SINCE JUL 1    139                       196    -57      116

 COOLING
  YESTERDAY        4                         0      4        0
  MONTH TO DATE    8                         9     -1       23
  SINCE SEP 1    132                       100     32      107
  SINCE JAN 1    879                       786     93      954
..................................................................


WIND (MPH)
  HIGHEST WIND SPEED    21   HIGHEST WIND DIRECTION     S (170)
  HIGHEST GUST SPEED    27   HIGHEST GUST DIRECTION     S (170)
  AVERAGE WIND SPEED    11.5


SKY COVER
  AVERAGE SKY COVER 0.6


WEATHER CONDITIONS
 THE FOLLOWING WEATHER WAS RECORDED YESTERDAY.
  NO SIGNIFICANT WEATHER WAS OBSERVED.


RELATIVE HUMIDITY (PERCENT)
 HIGHEST    93          1200 AM
 LOWEST     64          1200 PM
 AVERAGE    79

..........................................................


THE ISLIP NY CLIMATE NORMALS FOR TODAY
                         NORMAL    RECORD    YEAR
 MAXIMUM TEMPERATURE (F)   63        81      1990
 MINIMUM TEMPERATURE (F)   46        34      2006
                                             1987


SUNRISE AND SUNSET
OCTOBER 15 2014.......SUNRISE   704 AM EDT   SUNSET   612 PM EDT
OCTOBER 16 2014.......SUNRISE   705 AM EDT   SUNSET   611 PM EDT


-  INDICATES NEGATIVE NUMBERS.
R  INDICATES RECORD WAS SET OR TIED.
MM INDICATES DATA IS MISSING.
T  INDICATES TRACE AMOUNT.




$$
