000
CDUS41 KOKX 172046
CLIISP


CLIMATE REPORT
NATIONAL WEATHER SERVICE NEW YORK NY
446 PM EDT SUN APR 17 2016


...................................

...THE ISLIP NY CLIMATE SUMMARY FOR APRIL 17 2016...
VALID TODAY AS OF 0400 PM LOCAL TIME.

CLIMATE NORMAL PERIOD 1981 TO 2010
CLIMATE RECORD PERIOD 1986 TO 2016


WEATHER ITEM   OBSERVED TIME   RECORD YEAR NORMAL DEPARTURE LAST
                VALUE   (LST)  VALUE       VALUE  FROM      YEAR
                                                  NORMAL
..................................................................
TEMPERATURE (F)
 TODAY
  MAXIMUM         66   1256 PM  94    2002  58      8       64
  MINIMUM         37    403 AM  30    2005  41     -4       43
  AVERAGE         52                        50      2       54

PRECIPITATION (IN)
  TODAY            0.00          1.00 1986   0.14  -0.14     0.15
  MONTH TO DATE    1.61                      2.55  -0.94     0.61
  SINCE MAR 1      4.33                      6.99  -2.66     5.68
  SINCE JAN 1     12.80                     13.89  -1.09    13.62

SNOWFALL (IN)
  TODAY            0.0          MM      MM   0.0    0.0     MM
  MONTH TO DATE    0.2                       0.5   -0.3      0.0
  SINCE OCT 1     41.4                      24.7   16.7     63.7
  SINCE JUL 1     41.4                      24.7   16.7     63.7
  SNOW DEPTH       0

DEGREE DAYS
 HEATING
  TODAY           13                        15     -2       11
  MONTH TO DATE  329                       306     23      295
  SINCE MAR 1    928                      1103   -175     1211
  SINCE JUL 1   4010                      4998   -988     5231

 COOLING
  TODAY            0                         0      0        0
  MONTH TO DATE    0                         0      0        0
  SINCE MAR 1      0                         0      0        0
  SINCE JAN 1      0                         0      0        0
..................................................................


WIND (MPH)
  HIGHEST WIND SPEED    15   HIGHEST WIND DIRECTION     N (10)
  HIGHEST GUST SPEED    18   HIGHEST GUST DIRECTION    NE (30)
  AVERAGE WIND SPEED     8.1


SKY COVER
  AVERAGE SKY COVER 0.1


WEATHER CONDITIONS
 THE FOLLOWING WEATHER WAS RECORDED TODAY.
  NO SIGNIFICANT WEATHER WAS OBSERVED.


RELATIVE HUMIDITY (PERCENT)
 HIGHEST    82           400 AM
 LOWEST     20          1200 PM
 AVERAGE    51

..........................................................


THE ISLIP NY CLIMATE NORMALS FOR TOMORROW
                         NORMAL    RECORD    YEAR
 MAXIMUM TEMPERATURE (F)   59        89      2002
 MINIMUM TEMPERATURE (F)   41        33      1990


SUNRISE AND SUNSET
APRIL 17 2016.........SUNRISE   610 AM EDT   SUNSET   735 PM EDT
APRIL 18 2016.........SUNRISE   608 AM EDT   SUNSET   736 PM EDT


-  INDICATES NEGATIVE NUMBERS.
R  INDICATES RECORD WAS SET OR TIED.
MM INDICATES DATA IS MISSING.
T  INDICATES TRACE AMOUNT.




$$
