000
CDUS41 KOKX 270617
CLIISP


CLIMATE REPORT
NATIONAL WEATHER SERVICE NEW YORK NY
117 AM EST FRI FEB 27 2015


...................................

...THE ISLIP NY CLIMATE SUMMARY FOR FEBRUARY 26 2015...

CLIMATE NORMAL PERIOD 1981 TO 2010
CLIMATE RECORD PERIOD 1986 TO 2015


WEATHER ITEM   OBSERVED TIME   RECORD YEAR NORMAL DEPARTURE LAST
                VALUE   (LST)  VALUE       VALUE  FROM      YEAR
                                                  NORMAL
..................................................................
TEMPERATURE (F)
 YESTERDAY
  MAXIMUM         29   1201 AM  57    1996  42    -13       32
  MINIMUM         21   1159 PM   8    1990  27     -6       16
  AVERAGE         25                        35    -10       24

PRECIPITATION (IN)
  YESTERDAY        T             0.56 1991   0.13  -0.13     0.04
  MONTH TO DATE    2.69                      2.98  -0.29     4.36
  SINCE DEC 1     14.06                     10.68   3.38    14.14
  SINCE JAN 1      7.94                      6.62   1.32     8.34

SNOWFALL (IN)
  YESTERDAY        T             8.9  2010   0.2   -0.2      0.6
  MONTH TO DATE   13.4                       6.6    6.8     24.5
  SINCE OCT 1     44.0                      19.2   24.8     58.1
  SINCE JUL 1     44.0                      19.2   24.8     58.1
  SNOW DEPTH       8

DEGREE DAYS
 HEATING
  YESTERDAY       40                        30     10       41
  MONTH TO DATE 1122                       843    279      891
  SINCE DEC 1   3021                      2819    202     2899
  SINCE JUL 1   3934                      3835     99     3863

 COOLING
  YESTERDAY        0                         0      0        0
  MONTH TO DATE    0                         0      0        0
  SINCE DEC 1      0                         0      0        0
  SINCE JAN 1      0                         0      0        0
..................................................................


WIND (MPH)
  HIGHEST WIND SPEED    23   HIGHEST WIND DIRECTION    NE (30)
  HIGHEST GUST SPEED    27   HIGHEST GUST DIRECTION    NE (30)
  AVERAGE WIND SPEED    12.0


SKY COVER
  AVERAGE SKY COVER 0.8


WEATHER CONDITIONS
 THE FOLLOWING WEATHER WAS RECORDED YESTERDAY.
  NO SIGNIFICANT WEATHER WAS OBSERVED.


RELATIVE HUMIDITY (PERCENT)
 HIGHEST    68           300 PM
 LOWEST     50           200 AM
 AVERAGE    59

..........................................................


THE ISLIP NY CLIMATE NORMALS FOR TODAY
                         NORMAL    RECORD    YEAR
 MAXIMUM TEMPERATURE (F)   43        63      1997
 MINIMUM TEMPERATURE (F)   27         9      1990


SUNRISE AND SUNSET
FEBRUARY 27 2015......SUNRISE   630 AM EST   SUNSET   541 PM EST
FEBRUARY 28 2015......SUNRISE   628 AM EST   SUNSET   542 PM EST


-  INDICATES NEGATIVE NUMBERS.
R  INDICATES RECORD WAS SET OR TIED.
MM INDICATES DATA IS MISSING.
T  INDICATES TRACE AMOUNT.




$$
