000
CDUS41 KOKX 090616
CLIISP


CLIMATE REPORT
NATIONAL WEATHER SERVICE NEW YORK NY
216 AM EDT TUE SEP 9 2014


...................................

...THE ISLIP NY CLIMATE SUMMARY FOR SEPTEMBER 8 2014...

CLIMATE NORMAL PERIOD 1981 TO 2010
CLIMATE RECORD PERIOD 1986 TO 2014


WEATHER ITEM   OBSERVED TIME   RECORD YEAR NORMAL DEPARTURE LAST
                VALUE   (LST)  VALUE       VALUE  FROM      YEAR
                                                  NORMAL
..................................................................
TEMPERATURE (F)
 YESTERDAY
  MAXIMUM         76   1218 PM  89    2010  76      0       83
  MINIMUM         62    448 AM  47    1984  61      1       58
  AVERAGE         69                        68      1       71

PRECIPITATION (IN)
  YESTERDAY        0.00          2.40 2004   0.11  -0.11     0.00
  MONTH TO DATE    0.31                      0.95  -0.64     0.71
  SINCE SEP 1      0.31                      0.95  -0.64     0.71
  SINCE JAN 1     40.87                     32.09   8.78    29.27

SNOWFALL (IN)
  YESTERDAY        0.0          MM      MM   0.0    0.0      0.0
  MONTH TO DATE    0.0                       0.0    0.0      0.0
  SINCE OCT 1     63.7                      24.8   38.9     46.9
  SINCE JUL 1      0.0                       0.0    0.0      0.0
  SNOW DEPTH       0

DEGREE DAYS
 HEATING
  YESTERDAY        0                         1     -1        0
  MONTH TO DATE    0                         6     -6        5
  SINCE SEP 1      0                         6     -6        5
  SINCE JUL 1      0                        11    -11        5

 COOLING
  YESTERDAY        4                         4      0        6
  MONTH TO DATE   86                        41     45       45
  SINCE SEP 1     86                        41     45       45
  SINCE JAN 1    833                       727    106      892
..................................................................


WIND (MPH)
  HIGHEST WIND SPEED    17   HIGHEST WIND DIRECTION     E (100)
  HIGHEST GUST SPEED    23   HIGHEST GUST DIRECTION     E (90)
  AVERAGE WIND SPEED     9.3


SKY COVER
  AVERAGE SKY COVER 0.6


WEATHER CONDITIONS
 THE FOLLOWING WEATHER WAS RECORDED YESTERDAY.
  NO SIGNIFICANT WEATHER WAS OBSERVED.


RELATIVE HUMIDITY (PERCENT)
 HIGHEST    93           700 AM
 LOWEST     43          1200 PM
 AVERAGE    68

..........................................................


THE ISLIP NY CLIMATE NORMALS FOR TODAY
                         NORMAL    RECORD    YEAR
 MAXIMUM TEMPERATURE (F)   76        89      1996
 MINIMUM TEMPERATURE (F)   60        45      1986


SUNRISE AND SUNSET
SEPTEMBER  9 2014.....SUNRISE   627 AM EDT   SUNSET   712 PM EDT
SEPTEMBER 10 2014.....SUNRISE   628 AM EDT   SUNSET   710 PM EDT


-  INDICATES NEGATIVE NUMBERS.
R  INDICATES RECORD WAS SET OR TIED.
MM INDICATES DATA IS MISSING.
T  INDICATES TRACE AMOUNT.




$$
