000
CDUS41 KOKX 192134
CLIISP


CLIMATE REPORT
NATIONAL WEATHER SERVICE NEW YORK NY
434 PM EST MON JAN 19 2015


...................................

...THE ISLIP NY CLIMATE SUMMARY FOR JANUARY 19 2015...
VALID TODAY AS OF 0400 PM LOCAL TIME.

CLIMATE NORMAL PERIOD 1981 TO 2010
CLIMATE RECORD PERIOD 1986 TO 2015


WEATHER ITEM   OBSERVED TIME   RECORD YEAR NORMAL DEPARTURE LAST
                VALUE   (LST)  VALUE       VALUE  FROM      YEAR
                                                  NORMAL
..................................................................
TEMPERATURE (F)
 TODAY
  MAXIMUM         42    224 PM  56    1996  38      4       37
  MINIMUM         35    425 AM   1    1994  23     12       26
  AVERAGE         39                        30      9       32

PRECIPITATION (IN)
  TODAY            0.00          0.92 2001   0.12  -0.12      T
  MONTH TO DATE    2.76                      2.30   0.46     3.22
  SINCE DEC 1      8.88                      6.36   2.52     9.02
  SINCE JAN 1      2.76                      2.30   0.46     3.22

SNOWFALL (IN)
  TODAY            0.0           3.7  2005   0.2   -0.2       T
  MONTH TO DATE    1.8                       4.2   -2.4     11.2
  SINCE OCT 1      2.2                      10.1   -7.9     19.6
  SINCE JUL 1      2.2                      10.1   -7.9     19.6
  SNOW DEPTH       0

DEGREE DAYS
 HEATING
  TODAY           26                        35     -9       33
  MONTH TO DATE  675                       653     22      647
  SINCE DEC 1   1457                      1564   -107     1505
  SINCE JUL 1   2370                      2580   -210     2469

 COOLING
  TODAY            0                         0      0        0
  MONTH TO DATE    0                         0      0        0
  SINCE DEC 1      0                         0      0        0
  SINCE JAN 1      0                         0      0        0
..................................................................


WIND (MPH)
  HIGHEST WIND SPEED    24   HIGHEST WIND DIRECTION     W (280)
  HIGHEST GUST SPEED    33   HIGHEST GUST DIRECTION     W (270)
  AVERAGE WIND SPEED    12.6


SKY COVER
  AVERAGE SKY COVER 0.7


WEATHER CONDITIONS
 THE FOLLOWING WEATHER WAS RECORDED TODAY.
  FOG


RELATIVE HUMIDITY (PERCENT)
 HIGHEST   100          1200 AM
 LOWEST     51           200 PM
 AVERAGE    76

..........................................................


THE ISLIP NY CLIMATE NORMALS FOR TOMORROW
                         NORMAL    RECORD    YEAR
 MAXIMUM TEMPERATURE (F)   38        56      2013
 MINIMUM TEMPERATURE (F)   23         2      1994


SUNRISE AND SUNSET
JANUARY 19 2015.......SUNRISE   713 AM EST   SUNSET   454 PM EST
JANUARY 20 2015.......SUNRISE   712 AM EST   SUNSET   455 PM EST


-  INDICATES NEGATIVE NUMBERS.
R  INDICATES RECORD WAS SET OR TIED.
MM INDICATES DATA IS MISSING.
T  INDICATES TRACE AMOUNT.




$$
