000
CDUS41 KOKX 032131
CLIISP


CLIMATE REPORT
NATIONAL WEATHER SERVICE NEW YORK NY
431 PM EST FRI FEB 3 2017


...................................

...THE ISLIP NY CLIMATE SUMMARY FOR FEBRUARY 3 2017...
VALID TODAY AS OF 0400 PM LOCAL TIME.

CLIMATE NORMAL PERIOD 1981 TO 2010
CLIMATE RECORD PERIOD 1984 TO 2017


WEATHER ITEM   OBSERVED TIME   RECORD YEAR NORMAL DEPARTURE LAST
                VALUE   (LST)  VALUE       VALUE  FROM      YEAR
                                                  NORMAL
..................................................................
TEMPERATURE (F)
 TODAY
  MAXIMUM         33    216 PM  64    1991  39     -6       56
  MINIMUM         24    716 AM   9    2015  24      0       32
                                      1994
  AVERAGE         29                        31     -2       44

PRECIPITATION (IN)
  TODAY            0.00          0.95 2014   0.11  -0.11     0.52
  MONTH TO DATE    T                         0.33  -0.33     0.53
  SINCE DEC 1      7.59                      8.03  -0.44    10.33
  SINCE JAN 1      4.06                      3.97   0.09     5.00

SNOWFALL (IN)
  TODAY            0.0           7.0  2014   0.2   -0.2      0.0
  MONTH TO DATE    0.0                       0.7   -0.7      0.0
  SINCE OCT 1     17.2                      13.3    3.9     24.8
  SINCE JUL 1     17.2                      13.3    3.9     24.8
  SNOW DEPTH       0

DEGREE DAYS
 HEATING
  TODAY           36                        34      2       21
  MONTH TO DATE   95                       102     -7       57
  SINCE DEC 1   1853                      2078   -225     1542
  SINCE JUL 1   2644                      3094   -450     2294

 COOLING
  TODAY            0                         0      0        0
  MONTH TO DATE    0                         0      0        0
  SINCE DEC 1      0                         0      0        0
  SINCE JAN 1      0                         0      0        0
..................................................................


WIND (MPH)
  HIGHEST WIND SPEED    15   HIGHEST WIND DIRECTION    NW (320)
  HIGHEST GUST SPEED    19   HIGHEST GUST DIRECTION    NW (320)
  AVERAGE WIND SPEED     7.4


SKY COVER
  AVERAGE SKY COVER 0.5


WEATHER CONDITIONS
 THE FOLLOWING WEATHER WAS RECORDED TODAY.
  NO SIGNIFICANT WEATHER WAS OBSERVED.


RELATIVE HUMIDITY (PERCENT)
 HIGHEST    58          1200 AM
 LOWEST     39           100 PM
 AVERAGE    49

..........................................................


THE ISLIP NY CLIMATE NORMALS FOR TOMORROW
                         NORMAL    RECORD    YEAR
 MAXIMUM TEMPERATURE (F)   39        66      1991
 MINIMUM TEMPERATURE (F)   24        10      1996


SUNRISE AND SUNSET
FEBRUARY  3 2017......SUNRISE   700 AM EST   SUNSET   513 PM EST
FEBRUARY  4 2017......SUNRISE   659 AM EST   SUNSET   514 PM EST


-  INDICATES NEGATIVE NUMBERS.
R  INDICATES RECORD WAS SET OR TIED.
MM INDICATES DATA IS MISSING.
T  INDICATES TRACE AMOUNT.




$$
