000
CDUS41 KOKX 180622
CLIISP


CLIMATE REPORT
NATIONAL WEATHER SERVICE NEW YORK NY
122 AM EST SUN JAN 18 2015


...................................

...THE ISLIP NY CLIMATE SUMMARY FOR JANUARY 17 2015...

CLIMATE NORMAL PERIOD 1981 TO 2010
CLIMATE RECORD PERIOD 1986 TO 2015


WEATHER ITEM   OBSERVED TIME   RECORD YEAR NORMAL DEPARTURE LAST
                VALUE   (LST)  VALUE       VALUE  FROM      YEAR
                                                  NORMAL
..................................................................
TEMPERATURE (F)
 YESTERDAY
  MAXIMUM         34   1116 PM  55    1999  38     -4       44
  MINIMUM         14    704 AM   2    2009  23     -9       26
  AVERAGE         24                        30     -6       35

PRECIPITATION (IN)
  YESTERDAY        0.00          0.70 1994   0.13  -0.13     0.00
  MONTH TO DATE    1.93                      2.07  -0.14     3.22
  SINCE DEC 1      8.05                      6.13   1.92     9.02
  SINCE JAN 1      1.93                      2.07  -0.14     3.22

SNOWFALL (IN)
  YESTERDAY        0.0           4.7  1985   0.3   -0.3      0.0
  MONTH TO DATE    1.8                       3.8   -2.0     11.2
  SINCE OCT 1      2.2                       9.7   -7.5     19.6
  SINCE JUL 1      2.2                       9.7   -7.5     19.6
  SNOW DEPTH       0

DEGREE DAYS
 HEATING
  YESTERDAY       41                        35      6       30
  MONTH TO DATE  621                       583     38      587
  SINCE DEC 1   1403                      1494    -91     1445
  SINCE JUL 1   2316                      2510   -194     2409

 COOLING
  YESTERDAY        0                         0      0        0
  MONTH TO DATE    0                         0      0        0
  SINCE DEC 1      0                         0      0        0
  SINCE JAN 1      0                         0      0        0
..................................................................


WIND (MPH)
  HIGHEST WIND SPEED    20   HIGHEST WIND DIRECTION    NW (330)
  HIGHEST GUST SPEED    23   HIGHEST GUST DIRECTION     N (340)
  AVERAGE WIND SPEED     7.8


SKY COVER
  AVERAGE SKY COVER 0.2


WEATHER CONDITIONS
 THE FOLLOWING WEATHER WAS RECORDED YESTERDAY.
  NO SIGNIFICANT WEATHER WAS OBSERVED.


RELATIVE HUMIDITY (PERCENT)
 HIGHEST    69           900 PM
 LOWEST     29           200 PM
 AVERAGE    49

..........................................................


THE ISLIP NY CLIMATE NORMALS FOR TODAY
                         NORMAL    RECORD    YEAR
 MAXIMUM TEMPERATURE (F)   38        59      1986
 MINIMUM TEMPERATURE (F)   23         5      1994


SUNRISE AND SUNSET
JANUARY 18 2015.......SUNRISE   713 AM EST   SUNSET   453 PM EST
JANUARY 19 2015.......SUNRISE   713 AM EST   SUNSET   454 PM EST


-  INDICATES NEGATIVE NUMBERS.
R  INDICATES RECORD WAS SET OR TIED.
MM INDICATES DATA IS MISSING.
T  INDICATES TRACE AMOUNT.




$$
