000
CDUS41 KOKX 100616
CLIISP


CLIMATE REPORT
NATIONAL WEATHER SERVICE NEW YORK NY
116 AM EST MON NOV 10 2014


...................................

...THE ISLIP NY CLIMATE SUMMARY FOR NOVEMBER 9 2014...

CLIMATE NORMAL PERIOD 1981 TO 2010
CLIMATE RECORD PERIOD 1986 TO 2014


WEATHER ITEM   OBSERVED TIME   RECORD YEAR NORMAL DEPARTURE LAST
                VALUE   (LST)  VALUE       VALUE  FROM      YEAR
                                                  NORMAL
..................................................................
TEMPERATURE (F)
 YESTERDAY
  MAXIMUM         58    157 PM  71    1994  55      3       50
  MINIMUM         40   1159 PM  23    1992  39      1       32
  AVERAGE         49                        47      2       41

PRECIPITATION (IN)
  YESTERDAY        0.00          0.66 2007   0.12  -0.12     0.00
                                      1989
  MONTH TO DATE    1.15                      1.04   0.11     0.19
  SINCE SEP 1      6.84                      8.41  -1.57     2.24
  SINCE JAN 1     47.40                     39.55   7.85    30.80

SNOWFALL (IN)
  YESTERDAY        0.0          MM      MM   0.0    0.0      0.0
  MONTH TO DATE    0.0                       0.0    0.0      0.0
  SINCE OCT 1      0.0                       0.0    0.0      0.0
  SINCE JUL 1      0.0                       0.0    0.0      0.0
  SNOW DEPTH       0

DEGREE DAYS
 HEATING
  YESTERDAY       16                        18     -2       24
  MONTH TO DATE  146                       151     -5      149
  SINCE SEP 1    434                       566   -132      471
  SINCE JUL 1    434                       571   -137      471

 COOLING
  YESTERDAY        0                         0      0        0
  MONTH TO DATE    0                         0      0        0
  SINCE SEP 1    140                       101     39      110
  SINCE JAN 1    887                       787    100      957
..................................................................


WIND (MPH)
  HIGHEST WIND SPEED    12   HIGHEST WIND DIRECTION     S (200)
  HIGHEST GUST SPEED    17   HIGHEST GUST DIRECTION     W (250)
  AVERAGE WIND SPEED     4.7


SKY COVER
  AVERAGE SKY COVER 0.8


WEATHER CONDITIONS
 THE FOLLOWING WEATHER WAS RECORDED YESTERDAY.
  NO SIGNIFICANT WEATHER WAS OBSERVED.


RELATIVE HUMIDITY (PERCENT)
 HIGHEST    79          1100 PM
 LOWEST     40           100 PM
 AVERAGE    60

..........................................................


THE ISLIP NY CLIMATE NORMALS FOR TODAY
                         NORMAL    RECORD    YEAR
 MAXIMUM TEMPERATURE (F)   55        72      1999
 MINIMUM TEMPERATURE (F)   39        22      2004


SUNRISE AND SUNSET
NOVEMBER 10 2014......SUNRISE   633 AM EST   SUNSET   439 PM EST
NOVEMBER 11 2014......SUNRISE   635 AM EST   SUNSET   438 PM EST


-  INDICATES NEGATIVE NUMBERS.
R  INDICATES RECORD WAS SET OR TIED.
MM INDICATES DATA IS MISSING.
T  INDICATES TRACE AMOUNT.




$$
