000
CDUS41 KOKX 130616
CLIISP


CLIMATE REPORT
NATIONAL WEATHER SERVICE NEW YORK NY
215 AM EDT WED AUG 13 2014


...................................

...THE ISLIP NY CLIMATE SUMMARY FOR AUGUST 12 2014...

CLIMATE NORMAL PERIOD 1981 TO 2010
CLIMATE RECORD PERIOD 1986 TO 2014


WEATHER ITEM   OBSERVED TIME   RECORD YEAR NORMAL DEPARTURE LAST
                VALUE   (LST)  VALUE       VALUE  FROM      YEAR
                                                  NORMAL
..................................................................
TEMPERATURE (F)
 YESTERDAY
  MAXIMUM         80    219 PM  89    2005  81     -1       78
                                      1990
  MINIMUM         67    334 AM  56    2006  66      1       67
  AVERAGE         74                        74      0       73

PRECIPITATION (IN)
  YESTERDAY        0.06          0.48 2013   0.14  -0.08     0.48
  MONTH TO DATE    0.52                      1.54  -1.02     1.04
  SINCE JUN 1      5.27                      9.24  -3.97    11.53
  SINCE JAN 1     27.01                     28.70  -1.69    26.88

SNOWFALL (IN)
  YESTERDAY        0.0          MM      MM   0.0    0.0      0.0
  MONTH TO DATE    0.0                       0.0    0.0      0.0
  SINCE OCT 1     63.7                      24.8   38.9     46.9
  SINCE JUL 1      0.0                       0.0    0.0      0.0
  SNOW DEPTH       0

DEGREE DAYS
 HEATING
  YESTERDAY        0                         0      0        0
  MONTH TO DATE    0                         0      0        0
  SINCE JUN 1      2                        40    -38       12
  SINCE JUL 1      0                         2     -2        0

 COOLING
  YESTERDAY        9                         9      0        8
  MONTH TO DATE  110                       108      2       96
  SINCE JUN 1    605                       524     81      674
  SINCE JAN 1    634                       548     86      706
..................................................................


WIND (MPH)
  HIGHEST WIND SPEED    23   HIGHEST WIND DIRECTION    SE (140)
  HIGHEST GUST SPEED    31   HIGHEST GUST DIRECTION    SE (150)
  AVERAGE WIND SPEED    13.4


SKY COVER
  AVERAGE SKY COVER 0.7


WEATHER CONDITIONS
 THE FOLLOWING WEATHER WAS RECORDED YESTERDAY.
  LIGHT RAIN


RELATIVE HUMIDITY (PERCENT)
 HIGHEST    87           300 AM
 LOWEST     62          1100 AM
 AVERAGE    75

..........................................................


THE ISLIP NY CLIMATE NORMALS FOR TODAY
                         NORMAL    RECORD    YEAR
 MAXIMUM TEMPERATURE (F)   81        92      2002
 MINIMUM TEMPERATURE (F)   66        54      2006


SUNRISE AND SUNSET
AUGUST 13 2014........SUNRISE   601 AM EDT   SUNSET   753 PM EDT
AUGUST 14 2014........SUNRISE   602 AM EDT   SUNSET   752 PM EDT


-  INDICATES NEGATIVE NUMBERS.
R  INDICATES RECORD WAS SET OR TIED.
MM INDICATES DATA IS MISSING.
T  INDICATES TRACE AMOUNT.




$$
