000
CDUS41 KOKX 092031
CLIISP


CLIMATE REPORT
NATIONAL WEATHER SERVICE NEW YORK NY
431 PM EDT WED APR 9 2014


...................................

...THE ISLIP NY CLIMATE SUMMARY FOR APRIL 9 2014...
VALID TODAY AS OF 0400 PM LOCAL TIME.

CLIMATE NORMAL PERIOD 1981 TO 2010
CLIMATE RECORD PERIOD 1986 TO 2014


WEATHER ITEM   OBSERVED TIME   RECORD YEAR NORMAL DEPARTURE LAST
                VALUE   (LST)  VALUE       VALUE  FROM      YEAR
                                                  NORMAL
..................................................................
TEMPERATURE (F)
 TODAY
  MAXIMUM         62    259 PM  82    2013  55      7       82
  MINIMUM         38    604 AM  28    2007  39     -1       49
                                      1997
                                      1990
  AVERAGE         50                        47      3       66

PRECIPITATION (IN)
  TODAY            0.00          1.46 1998   0.17  -0.17     0.02
  MONTH TO DATE    1.10                      1.36  -0.26     0.12
  SINCE MAR 1      7.00                      5.80   1.20     2.76
  SINCE JAN 1     15.34                     12.70   2.64    10.89

SNOWFALL (IN)
  TODAY            0.0           4.5  1996   0.0    0.0      0.0
  MONTH TO DATE    0.0                       0.3   -0.3      0.0
  SINCE OCT 1     63.5                      24.5   39.0     46.9
  SINCE JUL 1     63.5                      24.5   39.0     46.9
  SNOW DEPTH       0

DEGREE DAYS
 HEATING
  TODAY           15                        18     -3        0
  MONTH TO DATE  163                       174    -11      170
  SINCE MAR 1   1060                       971     89      990
  SINCE JUL 1   5013                      4866    147     4603

 COOLING
  TODAY            0                         0      0        1
  MONTH TO DATE    0                         0      0        1
  SINCE MAR 1      0                         0      0        1
  SINCE JAN 1      0                         0      0        1
..................................................................


WIND (MPH)
  HIGHEST WIND SPEED    22   HIGHEST WIND DIRECTION    NW (320)
  HIGHEST GUST SPEED    29   HIGHEST GUST DIRECTION    NW (320)
  AVERAGE WIND SPEED     8.7


SKY COVER
  AVERAGE SKY COVER 0.3


WEATHER CONDITIONS
 THE FOLLOWING WEATHER WAS RECORDED TODAY.
  NO SIGNIFICANT WEATHER WAS OBSERVED.


RELATIVE HUMIDITY (PERCENT)
 HIGHEST    82           600 AM
 LOWEST     30           200 PM
 AVERAGE    56

..........................................................


THE ISLIP NY CLIMATE NORMALS FOR TOMORROW
                         NORMAL    RECORD    YEAR
 MAXIMUM TEMPERATURE (F)   56        77      1991
 MINIMUM TEMPERATURE (F)   39        27      1997
                                             1985


SUNRISE AND SUNSET
APRIL  9 2014.........SUNRISE   623 AM EDT   SUNSET   726 PM EDT
APRIL 10 2014.........SUNRISE   621 AM EDT   SUNSET   727 PM EDT


-  INDICATES NEGATIVE NUMBERS.
R  INDICATES RECORD WAS SET OR TIED.
MM INDICATES DATA IS MISSING.
T  INDICATES TRACE AMOUNT.




$$
