000
CDUS41 KOKX 200638
CLIISP


CLIMATE REPORT
NATIONAL WEATHER SERVICE NEW YORK NY
238 AM EDT FRI MAR 20 2015


...................................

...THE ISLIP NY CLIMATE SUMMARY FOR MARCH 19 2015...

CLIMATE NORMAL PERIOD 1981 TO 2010
CLIMATE RECORD PERIOD 1986 TO 2015


WEATHER ITEM   OBSERVED TIME   RECORD YEAR NORMAL DEPARTURE LAST
                VALUE   (LST)  VALUE       VALUE  FROM      YEAR
                                                  NORMAL
..................................................................
TEMPERATURE (F)
 YESTERDAY
  MAXIMUM         40    401 PM  69    2010  48     -8       48
  MINIMUM         20    601 AM  15    1993  32    -12       27
  AVERAGE         30                        40    -10       38

PRECIPITATION (IN)
  YESTERDAY        0.00          1.92 1998   0.15  -0.15     0.72
  MONTH TO DATE    3.79                      2.68   1.11     1.16
  SINCE MAR 1      3.79                      2.68   1.11     1.16
  SINCE JAN 1     11.73                      9.58   2.15     9.50

SNOWFALL (IN)
  YESTERDAY        0.0           4.0  1992   0.1   -0.1      0.0
  MONTH TO DATE   12.6                       3.4    9.2      0.8
  SINCE OCT 1     56.6                      23.1   33.5     58.9
  SINCE JUL 1     56.6                      23.1   33.5     58.9
  SNOW DEPTH       0

DEGREE DAYS
 HEATING
  YESTERDAY       35                        25     10       27
  MONTH TO DATE  579                       522     57      584
  SINCE MAR 1    579                       522     57      584
  SINCE JUL 1   4599                      4417    182     4537

 COOLING
  YESTERDAY        0                         0      0        0
  MONTH TO DATE    0                         0      0        0
  SINCE MAR 1      0                         0      0        0
  SINCE JAN 1      0                         0      0        0
..................................................................


WIND (MPH)
  HIGHEST WIND SPEED    21   HIGHEST WIND DIRECTION    NW (310)
  HIGHEST GUST SPEED    30   HIGHEST GUST DIRECTION    NW (300)
  AVERAGE WIND SPEED     7.6


SKY COVER
  AVERAGE SKY COVER 0.4


WEATHER CONDITIONS
 THE FOLLOWING WEATHER WAS RECORDED YESTERDAY.
  NO SIGNIFICANT WEATHER WAS OBSERVED.


RELATIVE HUMIDITY (PERCENT)
 HIGHEST    67           500 AM
 LOWEST     20           400 PM
 AVERAGE    44

..........................................................


THE ISLIP NY CLIMATE NORMALS FOR TODAY
                         NORMAL    RECORD    YEAR
 MAXIMUM TEMPERATURE (F)   48        71      2012
                                             2010
 MINIMUM TEMPERATURE (F)   32        19      2004
                                             1992


SUNRISE AND SUNSET
MARCH 20 2015.........SUNRISE   656 AM EDT   SUNSET   704 PM EDT
MARCH 21 2015.........SUNRISE   655 AM EDT   SUNSET   705 PM EDT


-  INDICATES NEGATIVE NUMBERS.
R  INDICATES RECORD WAS SET OR TIED.
MM INDICATES DATA IS MISSING.
T  INDICATES TRACE AMOUNT.




$$
