000
CDUS41 KOKX 090623
CLIISP


CLIMATE REPORT
NATIONAL WEATHER SERVICE NEW YORK NY
123 AM EST THU NOV 9 2017


...................................

...THE ISLIP NY CLIMATE SUMMARY FOR NOVEMBER 8 2017...

CLIMATE NORMAL PERIOD 1981 TO 2010
CLIMATE RECORD PERIOD 1963 TO 2017


WEATHER ITEM   OBSERVED TIME   RECORD YEAR NORMAL DEPARTURE LAST
                VALUE   (LST)  VALUE       VALUE  FROM      YEAR
                                                  NORMAL
..................................................................
TEMPERATURE (F)
 YESTERDAY
  MAXIMUM         49    253 PM  70    2011  56     -7       67
  MINIMUM         38   1147 PM  24    1993  39     -1       33
  AVERAGE         44                        47     -3       50

PRECIPITATION (IN)
  YESTERDAY        T             1.93 1977   0.11  -0.11     0.00
  MONTH TO DATE    0.76                      0.92  -0.16      T
  SINCE SEP 1     11.42                      8.29   3.13     5.96
  SINCE JAN 1     39.77                     39.43   0.34    28.40

SNOWFALL (IN)
  YESTERDAY        0.0           2.5  2012   0.0    0.0      0.0
  MONTH TO DATE    0.0                       0.0    0.0      0.0
  SINCE OCT 1      0.0                       0.0    0.0       T
  SINCE JUL 1      0.0                       0.0    0.0       T
  SNOW DEPTH       0

DEGREE DAYS
 HEATING
  YESTERDAY       21                        18      3       15
  MONTH TO DATE   90                       133    -43      113
  SINCE SEP 1    259                       548   -289      390
  SINCE JUL 1    259                       553   -294      390

 COOLING
  YESTERDAY        0                         0      0        0
  MONTH TO DATE    2                         0      2        0
  SINCE SEP 1    204                       101    103      177
  SINCE JAN 1    972                       787    185     1124
..................................................................


WIND (MPH)
  HIGHEST WIND SPEED    21   HIGHEST WIND DIRECTION     N (20)
  HIGHEST GUST SPEED    27   HIGHEST GUST DIRECTION     N (20)
  AVERAGE WIND SPEED    10.1


SKY COVER
  AVERAGE SKY COVER 0.9


WEATHER CONDITIONS
 THE FOLLOWING WEATHER WAS RECORDED YESTERDAY.
  LIGHT RAIN
  FOG


RELATIVE HUMIDITY (PERCENT)
 HIGHEST    96          1200 AM
 LOWEST     66           100 PM
 AVERAGE    81

..........................................................


THE ISLIP NY CLIMATE NORMALS FOR TODAY
                         NORMAL    RECORD    YEAR
 MAXIMUM TEMPERATURE (F)   55        73      1975
 MINIMUM TEMPERATURE (F)   39        23      1992


SUNRISE AND SUNSET
NOVEMBER  9 2017......SUNRISE   633 AM EST   SUNSET   439 PM EST
NOVEMBER 10 2017......SUNRISE   634 AM EST   SUNSET   438 PM EST


-  INDICATES NEGATIVE NUMBERS.
R  INDICATES RECORD WAS SET OR TIED.
MM INDICATES DATA IS MISSING.
T  INDICATES TRACE AMOUNT.




$$
