000
CDUS41 KOKX 152109
CLIISP


CLIMATE REPORT
NATIONAL WEATHER SERVICE NEW YORK NY
509 PM EDT FRI JUL 15 2016


...................................

...THE ISLIP NY CLIMATE SUMMARY FOR JULY 15 2016...
VALID TODAY AS OF 0500 PM LOCAL TIME.

CLIMATE NORMAL PERIOD 1981 TO 2010
CLIMATE RECORD PERIOD 1984 TO 2016


WEATHER ITEM   OBSERVED TIME   RECORD YEAR NORMAL DEPARTURE LAST
                VALUE   (LST)  VALUE       VALUE  FROM      YEAR
                                                  NORMAL
..................................................................
TEMPERATURE (F)
 TODAY
  MAXIMUM         93        MM  97    1995  82     11       82
  MINIMUM         73        MM  56    2009  66      7       71
                                      1999
  AVERAGE         83                        74      9       77

PRECIPITATION (IN)
  TODAY            T             1.65 1992   0.11  -0.11      T
  MONTH TO DATE    1.72                      1.55   0.17     0.81
  SINCE JUN 1      2.85                      5.82  -2.97     4.86
  SINCE JAN 1     20.04                     25.28  -5.24    19.95

SNOWFALL (IN)
  TODAY            0.0          MM      MM   0.0    0.0      0.0
  MONTH TO DATE    0.0                       0.0    0.0      0.0
  SINCE OCT 1     41.4                      24.8   16.6     63.7
  SINCE JUL 1      0.0                       0.0    0.0      0.0
  SNOW DEPTH       0

DEGREE DAYS
 HEATING
  TODAY            0                         0      0        0
  MONTH TO DATE    0                         0      0        0
  SINCE JUN 1      8                        38    -30       46
  SINCE JUL 1      0                         0      0        0

 COOLING
  TODAY           18                         9      9       12
  MONTH TO DATE  146                       128     18      145
  SINCE JUN 1    285                       268     17      297
  SINCE JAN 1    329                       292     37      347
..................................................................


WIND (MPH)
  HIGHEST WIND SPEED    10   HIGHEST WIND DIRECTION    SW (210)
  HIGHEST GUST SPEED    MM   HIGHEST GUST DIRECTION    MM
  AVERAGE WIND SPEED     6.1


SKY COVER
  AVERAGE SKY COVER 0.4


WEATHER CONDITIONS
 THE FOLLOWING WEATHER WAS RECORDED TODAY.
  THUNDERSTORM
  FOG


RELATIVE HUMIDITY (PERCENT)
 HIGHEST   100           500 AM
 LOWEST     44          1000 AM
 AVERAGE    72

..........................................................


THE ISLIP NY CLIMATE NORMALS FOR TOMORROW
                         NORMAL    RECORD    YEAR
 MAXIMUM TEMPERATURE (F)   82        94      2013
 MINIMUM TEMPERATURE (F)   66        57      1993


SUNRISE AND SUNSET
JULY 15 2016..........SUNRISE   534 AM EDT   SUNSET   822 PM EDT
JULY 16 2016..........SUNRISE   535 AM EDT   SUNSET   822 PM EDT


-  INDICATES NEGATIVE NUMBERS.
R  INDICATES RECORD WAS SET OR TIED.
MM INDICATES DATA IS MISSING.
T  INDICATES TRACE AMOUNT.




$$
