000
CDUS41 KOKX 102046
CLIISP


CLIMATE REPORT
NATIONAL WEATHER SERVICE NEW YORK NY
445 PM EDT MON JUL 10 2017


...................................

...THE ISLIP NY CLIMATE SUMMARY FOR JULY 10 2017...
VALID TODAY AS OF 0400 PM LOCAL TIME.

CLIMATE NORMAL PERIOD 1981 TO 2010
CLIMATE RECORD PERIOD 1963 TO 2017


WEATHER ITEM   OBSERVED TIME   RECORD YEAR NORMAL DEPARTURE LAST
                VALUE   (LST)  VALUE       VALUE  FROM      YEAR
                                                  NORMAL
..................................................................
TEMPERATURE (F)
 TODAY
  MAXIMUM         83    147 PM  98    1993  82      1       84
  MINIMUM         63    356 AM  53    2009  66     -3       64
  AVERAGE         73                        74     -1       74

PRECIPITATION (IN)
  TODAY            0.00          1.19 2010   0.11  -0.11     0.00
  MONTH TO DATE    0.80                      0.99  -0.19     1.70
  SINCE JUN 1      4.37                      5.26  -0.89     2.83
  SINCE JAN 1     23.31                     24.72  -1.41    20.02

SNOWFALL (IN)
  TODAY            0.0          MM      MM   0.0    0.0      0.0
  MONTH TO DATE    0.0                       0.0    0.0      0.0
  SINCE OCT 1     39.3                      24.8   14.5     41.4
  SINCE JUL 1      0.0                       0.0    0.0      0.0
  SNOW DEPTH       0

DEGREE DAYS
 HEATING
  TODAY            0                         0      0        0
  MONTH TO DATE    0                         0      0        0
  SINCE JUN 1     42                        38      4        8
  SINCE JUL 1      0                         0      0        0

 COOLING
  TODAY            8                         9     -1        9
  MONTH TO DATE  100                        83     17       89
  SINCE JUN 1    263                       223     40      228
  SINCE JAN 1    302                       247     55      272
..................................................................


WIND (MPH)
  HIGHEST WIND SPEED    17   HIGHEST WIND DIRECTION     S (200)
  HIGHEST GUST SPEED    23   HIGHEST GUST DIRECTION    SW (210)
  AVERAGE WIND SPEED     7.3


SKY COVER
  AVERAGE SKY COVER 0.3


WEATHER CONDITIONS
 THE FOLLOWING WEATHER WAS RECORDED TODAY.
  NO SIGNIFICANT WEATHER WAS OBSERVED.


RELATIVE HUMIDITY (PERCENT)
 HIGHEST   100           400 AM
 LOWEST     37          1200 PM
 AVERAGE    69

..........................................................


THE ISLIP NY CLIMATE NORMALS FOR TOMORROW
                         NORMAL    RECORD    YEAR
 MAXIMUM TEMPERATURE (F)   82        94      1966
 MINIMUM TEMPERATURE (F)   66        53      2009


SUNRISE AND SUNSET
JULY 10 2017..........SUNRISE   530 AM EDT   SUNSET   825 PM EDT
JULY 11 2017..........SUNRISE   531 AM EDT   SUNSET   825 PM EDT


-  INDICATES NEGATIVE NUMBERS.
R  INDICATES RECORD WAS SET OR TIED.
MM INDICATES DATA IS MISSING.
T  INDICATES TRACE AMOUNT.




$$
