000
CDUS41 KOKX 080621
CLIISP


CLIMATE REPORT
NATIONAL WEATHER SERVICE NEW YORK NY
121 AM EST SAT NOV 8 2014


...................................

...THE ISLIP NY CLIMATE SUMMARY FOR NOVEMBER 7 2014...

CLIMATE NORMAL PERIOD 1981 TO 2010
CLIMATE RECORD PERIOD 1986 TO 2014


WEATHER ITEM   OBSERVED TIME   RECORD YEAR NORMAL DEPARTURE LAST
                VALUE   (LST)  VALUE       VALUE  FROM      YEAR
                                                  NORMAL
..................................................................
TEMPERATURE (F)
 YESTERDAY
  MAXIMUM         53   1221 PM  66    1996  56     -3       63
  MINIMUM         39   1152 PM  27    2002  39      0       42
                                      1998
  AVERAGE         46                        48     -2       53

PRECIPITATION (IN)
  YESTERDAY        T             0.98 1995   0.12  -0.12     0.15
  MONTH TO DATE    1.15                      0.81   0.34     0.19
  SINCE SEP 1      6.84                      8.18  -1.34     2.24
  SINCE JAN 1     47.40                     39.32   8.08    30.80

SNOWFALL (IN)
  YESTERDAY        0.0          MM      MM   0.0    0.0      0.0
  MONTH TO DATE    0.0                       0.0    0.0      0.0
  SINCE OCT 1      0.0                       0.0    0.0      0.0
  SINCE JUL 1      0.0                       0.0    0.0      0.0
  SNOW DEPTH       0

DEGREE DAYS
 HEATING
  YESTERDAY       19                        17      2       12
  MONTH TO DATE  104                       115    -11      103
  SINCE SEP 1    392                       530   -138      425
  SINCE JUL 1    392                       535   -143      425

 COOLING
  YESTERDAY        0                         0      0        0
  MONTH TO DATE    0                         0      0        0
  SINCE SEP 1    140                       101     39      110
  SINCE JAN 1    887                       787    100      957
..................................................................


WIND (MPH)
  HIGHEST WIND SPEED    24   HIGHEST WIND DIRECTION     W (290)
  HIGHEST GUST SPEED    31   HIGHEST GUST DIRECTION    NW (300)
  AVERAGE WIND SPEED    12.7


SKY COVER
  AVERAGE SKY COVER 0.8


WEATHER CONDITIONS
 THE FOLLOWING WEATHER WAS RECORDED YESTERDAY.
  LIGHT RAIN
  FOG


RELATIVE HUMIDITY (PERCENT)
 HIGHEST    93           200 AM
 LOWEST     48           300 PM
 AVERAGE    71

..........................................................


THE ISLIP NY CLIMATE NORMALS FOR TODAY
                         NORMAL    RECORD    YEAR
 MAXIMUM TEMPERATURE (F)   56        70      2011
 MINIMUM TEMPERATURE (F)   39        24      1993


SUNRISE AND SUNSET
NOVEMBER  8 2014......SUNRISE   631 AM EST   SUNSET   441 PM EST
NOVEMBER  9 2014......SUNRISE   632 AM EST   SUNSET   440 PM EST


-  INDICATES NEGATIVE NUMBERS.
R  INDICATES RECORD WAS SET OR TIED.
MM INDICATES DATA IS MISSING.
T  INDICATES TRACE AMOUNT.




$$
