000
CDUS41 KOKX 120624
CLIISP


CLIMATE REPORT
NATIONAL WEATHER SERVICE NEW YORK NY
224 AM EDT TUE APR 12 2016


...................................

...THE ISLIP NY CLIMATE SUMMARY FOR APRIL 11 2016...

CLIMATE NORMAL PERIOD 1981 TO 2010
CLIMATE RECORD PERIOD 1986 TO 2016


WEATHER ITEM   OBSERVED TIME   RECORD YEAR NORMAL DEPARTURE LAST
                VALUE   (LST)  VALUE       VALUE  FROM      YEAR
                                                  NORMAL
..................................................................
TEMPERATURE (F)
 YESTERDAY
  MAXIMUM         57   1221 PM  69    2010  56      1       58
  MINIMUM         44    259 AM  26    2007  39      5       41
  AVERAGE         51                        48      3       50

PRECIPITATION (IN)
  YESTERDAY        0.00          0.92 2009   0.16  -0.16     0.00
  MONTH TO DATE    1.33                      1.67  -0.34     0.42
  SINCE MAR 1      4.05                      6.11  -2.06     5.49
  SINCE JAN 1     12.52                     13.01  -0.49    13.43

SNOWFALL (IN)
  YESTERDAY        0.0          MM      MM   0.1   -0.1      0.0
  MONTH TO DATE    0.2                       0.4   -0.2      0.0
  SINCE OCT 1     41.4                      24.6   16.8     63.7
  SINCE JUL 1     41.4                      24.6   16.8     63.7
  SNOW DEPTH       0

DEGREE DAYS
 HEATING
  YESTERDAY       14                        17     -3       15
  MONTH TO DATE  230                       209     21      222
  SINCE MAR 1    829                      1006   -177     1138
  SINCE JUL 1   3911                      4901   -990     5158

 COOLING
  YESTERDAY        0                         0      0        0
  MONTH TO DATE    0                         0      0        0
  SINCE MAR 1      0                         0      0        0
  SINCE JAN 1      0                         0      0        0
..................................................................


WIND (MPH)
  HIGHEST WIND SPEED    28   HIGHEST WIND DIRECTION     S (200)
  HIGHEST GUST SPEED    39   HIGHEST GUST DIRECTION     S (200)
  AVERAGE WIND SPEED    16.6


SKY COVER
  AVERAGE SKY COVER 0.8


WEATHER CONDITIONS
 THE FOLLOWING WEATHER WAS RECORDED YESTERDAY.
  NO SIGNIFICANT WEATHER WAS OBSERVED.


RELATIVE HUMIDITY (PERCENT)
 HIGHEST    83          1100 PM
 LOWEST     43          1200 PM
 AVERAGE    63

..........................................................


THE ISLIP NY CLIMATE NORMALS FOR TODAY
                         NORMAL    RECORD    YEAR
 MAXIMUM TEMPERATURE (F)   56        73      1996
 MINIMUM TEMPERATURE (F)   40        28      1989


SUNRISE AND SUNSET
APRIL 12 2016.........SUNRISE   618 AM EDT   SUNSET   729 PM EDT
APRIL 13 2016.........SUNRISE   616 AM EDT   SUNSET   730 PM EDT


-  INDICATES NEGATIVE NUMBERS.
R  INDICATES RECORD WAS SET OR TIED.
MM INDICATES DATA IS MISSING.
T  INDICATES TRACE AMOUNT.




$$
