000
CDUS41 KOKX 140646
CLIISP


CLIMATE REPORT
NATIONAL WEATHER SERVICE NEW YORK NY
246 AM EDT THU MAY 14 2015


...................................

...THE ISLIP NY CLIMATE SUMMARY FOR MAY 13 2015...

CLIMATE NORMAL PERIOD 1981 TO 2010
CLIMATE RECORD PERIOD 1986 TO 2015


WEATHER ITEM   OBSERVED TIME   RECORD YEAR NORMAL DEPARTURE LAST
                VALUE   (LST)  VALUE       VALUE  FROM      YEAR
                                                  NORMAL
..................................................................
TEMPERATURE (F)
 YESTERDAY
  MAXIMUM         70    239 PM  80    2004  67      3       70
  MINIMUM         53   1159 PM  37    2005  49      4       50
  AVERAGE         62                        58      4       60

PRECIPITATION (IN)
  YESTERDAY        0.00          0.51 2002   0.11  -0.11     0.00
  MONTH TO DATE    0.02                      1.50  -1.48     1.17
  SINCE MAR 1      6.75                     10.28  -3.53    11.91
  SINCE JAN 1     14.69                     17.18  -2.49    20.25

SNOWFALL (IN)
  YESTERDAY        0.0          MM      MM   0.0    0.0      0.0
  MONTH TO DATE    0.0                       0.0    0.0      0.0
  SINCE OCT 1     63.7                      24.8   38.9     63.7
  SINCE JUL 1     63.7                      24.8   38.9     63.7
  SNOW DEPTH       0

DEGREE DAYS
 HEATING
  YESTERDAY        3                         8     -5        5
  MONTH TO DATE   60                       123    -63       71
  SINCE MAR 1   1439                      1399     40     1448
  SINCE JUL 1   5459                      5294    165     5401

 COOLING
  YESTERDAY        0                         0      0        0
  MONTH TO DATE   17                         0     17        6
  SINCE MAR 1     17                         2     15        6
  SINCE JAN 1     17                         2     15        6
..................................................................


WIND (MPH)
  HIGHEST WIND SPEED    23   HIGHEST WIND DIRECTION    NW (320)
  HIGHEST GUST SPEED    31   HIGHEST GUST DIRECTION    NW (310)
  AVERAGE WIND SPEED    14.8


SKY COVER
  AVERAGE SKY COVER 0.5


WEATHER CONDITIONS
 THE FOLLOWING WEATHER WAS RECORDED YESTERDAY.
  NO SIGNIFICANT WEATHER WAS OBSERVED.


RELATIVE HUMIDITY (PERCENT)
 HIGHEST    60          1200 AM
 LOWEST     35           300 PM
 AVERAGE    48

..........................................................


THE ISLIP NY CLIMATE NORMALS FOR TODAY
                         NORMAL    RECORD    YEAR
 MAXIMUM TEMPERATURE (F)   67        86      1991
 MINIMUM TEMPERATURE (F)   49        34      1998
                                             1996
                                             1987


SUNRISE AND SUNSET
MAY 14 2015...........SUNRISE   536 AM EDT   SUNSET   802 PM EDT
MAY 15 2015...........SUNRISE   535 AM EDT   SUNSET   803 PM EDT


-  INDICATES NEGATIVE NUMBERS.
R  INDICATES RECORD WAS SET OR TIED.
MM INDICATES DATA IS MISSING.
T  INDICATES TRACE AMOUNT.




$$
