000
CDUS41 KOKX 072047
CLIISP


CLIMATE REPORT
NATIONAL WEATHER SERVICE NEW YORK NY
446 PM EDT FRI JUL 7 2017


...................................

...THE ISLIP NY CLIMATE SUMMARY FOR JULY 7 2017...
VALID TODAY AS OF 0400 PM LOCAL TIME.

CLIMATE NORMAL PERIOD 1981 TO 2010
CLIMATE RECORD PERIOD 1963 TO 2017


WEATHER ITEM   OBSERVED TIME   RECORD YEAR NORMAL DEPARTURE LAST
                VALUE   (LST)  VALUE       VALUE  FROM      YEAR
                                                  NORMAL
..................................................................
TEMPERATURE (F)
 TODAY
  MAXIMUM         74    256 PM  96    2010  81     -7       87
  MINIMUM         69    104 PM  53    1979  66      3       74
                                      1965
  AVERAGE         72                        73     -1       81

PRECIPITATION (IN)
  TODAY            0.78          1.51 1984   0.09   0.69     0.01
  MONTH TO DATE    0.78                      0.67   0.11     1.70
  SINCE JUN 1      4.35                      4.94  -0.59     2.83
  SINCE JAN 1     23.29                     24.40  -1.11    20.02

SNOWFALL (IN)
  TODAY            0.0          MM      MM   0.0    0.0      0.0
  MONTH TO DATE    0.0                       0.0    0.0      0.0
  SINCE OCT 1     39.3                      24.8   14.5     41.4
  SINCE JUL 1      0.0                       0.0    0.0      0.0
  SNOW DEPTH       0

DEGREE DAYS
 HEATING
  TODAY            0                         0      0        0
  MONTH TO DATE    0                         0      0        0
  SINCE JUN 1     42                        38      4        8
  SINCE JUL 1      0                         0      0        0

 COOLING
  TODAY            7                         8     -1       16
  MONTH TO DATE   69                        56     13       70
  SINCE JUN 1    232                       196     36      209
  SINCE JAN 1    271                       220     51      253
..................................................................


WIND (MPH)
  HIGHEST WIND SPEED    22   HIGHEST WIND DIRECTION     N (20)
  HIGHEST GUST SPEED    33   HIGHEST GUST DIRECTION     N (10)
  AVERAGE WIND SPEED     9.2


SKY COVER
  AVERAGE SKY COVER 1.0


WEATHER CONDITIONS
 THE FOLLOWING WEATHER WAS RECORDED TODAY.
  RAIN
  LIGHT RAIN
  FOG


RELATIVE HUMIDITY (PERCENT)
 HIGHEST   100           300 AM
 LOWEST     84           300 PM
 AVERAGE    92

..........................................................


THE ISLIP NY CLIMATE NORMALS FOR TOMORROW
                         NORMAL    RECORD    YEAR
 MAXIMUM TEMPERATURE (F)   82        94      1993
 MINIMUM TEMPERATURE (F)   66        54      1979


SUNRISE AND SUNSET
JULY  7 2017..........SUNRISE   528 AM EDT   SUNSET   826 PM EDT
JULY  8 2017..........SUNRISE   529 AM EDT   SUNSET   826 PM EDT


-  INDICATES NEGATIVE NUMBERS.
R  INDICATES RECORD WAS SET OR TIED.
MM INDICATES DATA IS MISSING.
T  INDICATES TRACE AMOUNT.




$$
