000
CDUS41 KOKX 130624
CLIISP


CLIMATE REPORT
NATIONAL WEATHER SERVICE NEW YORK NY
224 AM EDT WED APR 13 2016


...................................

...THE ISLIP NY CLIMATE SUMMARY FOR APRIL 12 2016...

CLIMATE NORMAL PERIOD 1981 TO 2010
CLIMATE RECORD PERIOD 1986 TO 2016


WEATHER ITEM   OBSERVED TIME   RECORD YEAR NORMAL DEPARTURE LAST
                VALUE   (LST)  VALUE       VALUE  FROM      YEAR
                                                  NORMAL
..................................................................
TEMPERATURE (F)
 YESTERDAY
  MAXIMUM         57    439 PM  73    1996  56      1       61
  MINIMUM         41   1159 PM  28    1989  40      1       32
  AVERAGE         49                        48      1       47

PRECIPITATION (IN)
  YESTERDAY        0.28          1.82 2007   0.16   0.12     0.00
  MONTH TO DATE    1.61                      1.83  -0.22     0.42
  SINCE MAR 1      4.33                      6.27  -1.94     5.49
  SINCE JAN 1     12.80                     13.17  -0.37    13.43

SNOWFALL (IN)
  YESTERDAY        0.0          MM      MM   0.0    0.0      0.0
  MONTH TO DATE    0.2                       0.4   -0.2      0.0
  SINCE OCT 1     41.4                      24.6   16.8     63.7
  SINCE JUL 1     41.4                      24.6   16.8     63.7
  SNOW DEPTH       0

DEGREE DAYS
 HEATING
  YESTERDAY       16                        17     -1       18
  MONTH TO DATE  246                       226     20      240
  SINCE MAR 1    845                      1023   -178     1156
  SINCE JUL 1   3927                      4918   -991     5176

 COOLING
  YESTERDAY        0                         0      0        0
  MONTH TO DATE    0                         0      0        0
  SINCE MAR 1      0                         0      0        0
  SINCE JAN 1      0                         0      0        0
..................................................................


WIND (MPH)
  HIGHEST WIND SPEED    24   HIGHEST WIND DIRECTION    SW (210)
  HIGHEST GUST SPEED    35   HIGHEST GUST DIRECTION    SW (210)
  AVERAGE WIND SPEED    13.8


SKY COVER
  AVERAGE SKY COVER 0.6


WEATHER CONDITIONS
 THE FOLLOWING WEATHER WAS RECORDED YESTERDAY.
  LIGHT RAIN
  FOG


RELATIVE HUMIDITY (PERCENT)
 HIGHEST    89           800 AM
 LOWEST     41           600 PM
 AVERAGE    65

..........................................................


THE ISLIP NY CLIMATE NORMALS FOR TODAY
                         NORMAL    RECORD    YEAR
 MAXIMUM TEMPERATURE (F)   57        71      2001
 MINIMUM TEMPERATURE (F)   40        27      1990


SUNRISE AND SUNSET
APRIL 13 2016.........SUNRISE   616 AM EDT   SUNSET   730 PM EDT
APRIL 14 2016.........SUNRISE   614 AM EDT   SUNSET   731 PM EDT


-  INDICATES NEGATIVE NUMBERS.
R  INDICATES RECORD WAS SET OR TIED.
MM INDICATES DATA IS MISSING.
T  INDICATES TRACE AMOUNT.




$$
