000
CDUS41 KOKX 072037
CLIISP


CLIMATE REPORT
NATIONAL WEATHER SERVICE NEW YORK NY
436 PM EDT FRI APR 7 2017


...................................

...THE ISLIP NY CLIMATE SUMMARY FOR APRIL 7 2017...
VALID TODAY AS OF 0400 PM LOCAL TIME.

CLIMATE NORMAL PERIOD 1981 TO 2010
CLIMATE RECORD PERIOD 1984 TO 2017


WEATHER ITEM   OBSERVED TIME   RECORD YEAR NORMAL DEPARTURE LAST
                VALUE   (LST)  VALUE       VALUE  FROM      YEAR
                                                  NORMAL
..................................................................
TEMPERATURE (F)
 TODAY
  MAXIMUM         49    211 PM  85    2010  55     -6       56
  MINIMUM         43    102 PM  24    2007  38      5       47
  AVERAGE         46                        46      0       52

PRECIPITATION (IN)
  TODAY            T             0.55 1989   0.15  -0.15     0.05
  MONTH TO DATE    1.97                      1.04   0.93     1.17
  SINCE MAR 1      7.42                      5.48   1.94     3.89
  SINCE JAN 1     13.08                     12.38   0.70    12.36

SNOWFALL (IN)
  TODAY            0.0           3.0  1990   0.1   -0.1      0.0
  MONTH TO DATE    0.0                       0.3   -0.3      0.2
  SINCE OCT 1     39.3                      24.5   14.8     41.4
  SINCE JUL 1     39.3                      24.5   14.8     41.4
  SNOW DEPTH       0

DEGREE DAYS
 HEATING
  TODAY           19                        19      0       13
  MONTH TO DATE  124                       138    -14      142
  SINCE MAR 1    980                       935     45      741
  SINCE JUL 1   4282                      4830   -548     3823

 COOLING
  TODAY            0                         0      0        0
  MONTH TO DATE    0                         0      0        0
  SINCE MAR 1      0                         0      0        0
  SINCE JAN 1      0                         0      0        0
..................................................................


WIND (MPH)
  HIGHEST WIND SPEED    23   HIGHEST WIND DIRECTION    SW (240)
  HIGHEST GUST SPEED    29   HIGHEST GUST DIRECTION    SW (230)
  AVERAGE WIND SPEED    15.0


SKY COVER
  AVERAGE SKY COVER 0.9


WEATHER CONDITIONS
 THE FOLLOWING WEATHER WAS RECORDED TODAY.
  LIGHT RAIN


RELATIVE HUMIDITY (PERCENT)
 HIGHEST    93          1200 AM
 LOWEST     56          1000 AM
 AVERAGE    75

..........................................................


THE ISLIP NY CLIMATE NORMALS FOR TOMORROW
                         NORMAL    RECORD    YEAR
 MAXIMUM TEMPERATURE (F)   55        84      1991
 MINIMUM TEMPERATURE (F)   38        26      2007


SUNRISE AND SUNSET
APRIL  7 2017.........SUNRISE   626 AM EDT   SUNSET   724 PM EDT
APRIL  8 2017.........SUNRISE   624 AM EDT   SUNSET   725 PM EDT


-  INDICATES NEGATIVE NUMBERS.
R  INDICATES RECORD WAS SET OR TIED.
MM INDICATES DATA IS MISSING.
T  INDICATES TRACE AMOUNT.




$$
