000
CDUS41 KOKX 032031
CLIISP


CLIMATE REPORT
NATIONAL WEATHER SERVICE NEW YORK NY
431 PM EDT THU AUG 3 2017


...................................

...THE ISLIP NY CLIMATE SUMMARY FOR AUGUST 3 2017...
VALID TODAY AS OF 0400 PM LOCAL TIME.

CLIMATE NORMAL PERIOD 1981 TO 2010
CLIMATE RECORD PERIOD 1963 TO 2017


WEATHER ITEM   OBSERVED TIME   RECORD YEAR NORMAL DEPARTURE LAST
                VALUE   (LST)  VALUE       VALUE  FROM      YEAR
                                                  NORMAL
..................................................................
TEMPERATURE (F)
 TODAY
  MAXIMUM         84   1127 AM  98    2006  82      2       80
  MINIMUM         70    521 AM  53    1964  66      4       60
  AVERAGE         77                        74      3       70

PRECIPITATION (IN)
  TODAY            0.00          1.36 1987   0.12  -0.12     0.00
  MONTH TO DATE    0.00                      0.36  -0.36      T
  SINCE JUN 1      5.68                      8.06  -2.38     4.35
  SINCE JAN 1     24.62                     27.52  -2.90    21.54

SNOWFALL (IN)
  TODAY            0.0          MM      MM   0.0    0.0      0.0
  MONTH TO DATE    0.0                       0.0    0.0      0.0
  SINCE OCT 1     39.3                      24.8   14.5     41.4
  SINCE JUL 1      0.0                       0.0    0.0      0.0
  SNOW DEPTH       0

DEGREE DAYS
 HEATING
  TODAY            0                         0      0        0
  MONTH TO DATE    0                         0      0        0
  SINCE JUN 1     42                        40      2        8
  SINCE JUL 1      0                         2     -2        0

 COOLING
  TODAY           12                         9      3        5
  MONTH TO DATE   38                        27     11       17
  SINCE JUN 1    516                       443     73      529
  SINCE JAN 1    555                       467     88      573
..................................................................


WIND (MPH)
  HIGHEST WIND SPEED    14   HIGHEST WIND DIRECTION     S (190)
  HIGHEST GUST SPEED    19   HIGHEST GUST DIRECTION     S (170)
  AVERAGE WIND SPEED     5.3


SKY COVER
  AVERAGE SKY COVER 0.4


WEATHER CONDITIONS
 THE FOLLOWING WEATHER WAS RECORDED TODAY.
  NO SIGNIFICANT WEATHER WAS OBSERVED.


RELATIVE HUMIDITY (PERCENT)
 HIGHEST   100           300 AM
 LOWEST     55          1100 AM
 AVERAGE    78

..........................................................


THE ISLIP NY CLIMATE NORMALS FOR TOMORROW
                         NORMAL    RECORD    YEAR
 MAXIMUM TEMPERATURE (F)   82        91      2006
                                             2005
                                             1989
 MINIMUM TEMPERATURE (F)   66        51      1964


SUNRISE AND SUNSET
AUGUST  3 2017........SUNRISE   551 AM EDT   SUNSET   805 PM EDT
AUGUST  4 2017........SUNRISE   552 AM EDT   SUNSET   804 PM EDT


-  INDICATES NEGATIVE NUMBERS.
R  INDICATES RECORD WAS SET OR TIED.
MM INDICATES DATA IS MISSING.
T  INDICATES TRACE AMOUNT.




$$
