000
CDUS41 KOKX 120618
CLIISP


CLIMATE REPORT
NATIONAL WEATHER SERVICE NEW YORK NY
218 AM EDT SUN OCT 12 2014


...................................

...THE ISLIP NY CLIMATE SUMMARY FOR OCTOBER 11 2014...

CLIMATE NORMAL PERIOD 1981 TO 2010
CLIMATE RECORD PERIOD 1986 TO 2014


WEATHER ITEM   OBSERVED TIME   RECORD YEAR NORMAL DEPARTURE LAST
                VALUE   (LST)  VALUE       VALUE  FROM      YEAR
                                                  NORMAL
..................................................................
TEMPERATURE (F)
 YESTERDAY
  MAXIMUM         57    134 AM  78    1990  65     -8       69
  MINIMUM         52    634 AM  31    1993  47      5       60
  AVERAGE         55                        56     -1       65

PRECIPITATION (IN)
  YESTERDAY        0.50          2.47 2006   0.12   0.38     0.00
  MONTH TO DATE    1.40                      1.37   0.03     0.10
  SINCE SEP 1      3.02                      4.95  -1.93     1.93
  SINCE JAN 1     43.58                     36.09   7.49    30.49

SNOWFALL (IN)
  YESTERDAY        0.0          MM      MM   0.0    0.0      0.0
  MONTH TO DATE    0.0                       0.0    0.0      0.0
  SINCE OCT 1      0.0                       0.0    0.0      0.0
  SINCE JUL 1      0.0                       0.0    0.0      0.0
  SNOW DEPTH       0

DEGREE DAYS
 HEATING
  YESTERDAY       10                        10      0        0
  MONTH TO DATE   69                        88    -19       16
  SINCE SEP 1    113                       160    -47       99
  SINCE JUL 1    113                       165    -52       99

 COOLING
  YESTERDAY        0                         0      0        0
  MONTH TO DATE    4                         9     -5       23
  SINCE SEP 1    128                       100     28      107
  SINCE JAN 1    875                       786     89      954
..................................................................


WIND (MPH)
  HIGHEST WIND SPEED    14   HIGHEST WIND DIRECTION    NE (30)
  HIGHEST GUST SPEED    MM   HIGHEST GUST DIRECTION    MM
  AVERAGE WIND SPEED     6.6


SKY COVER
  AVERAGE SKY COVER 0.7


WEATHER CONDITIONS
 THE FOLLOWING WEATHER WAS RECORDED YESTERDAY.
  RAIN
  LIGHT RAIN
  FOG


RELATIVE HUMIDITY (PERCENT)
 HIGHEST    93           700 AM
 LOWEST     83           200 PM
 AVERAGE    88

..........................................................


THE ISLIP NY CLIMATE NORMALS FOR TODAY
                         NORMAL    RECORD    YEAR
 MAXIMUM TEMPERATURE (F)   64        80      1995
 MINIMUM TEMPERATURE (F)   47        32      1996


SUNRISE AND SUNSET
OCTOBER 12 2014.......SUNRISE   700 AM EDT   SUNSET   617 PM EDT
OCTOBER 13 2014.......SUNRISE   701 AM EDT   SUNSET   615 PM EDT


-  INDICATES NEGATIVE NUMBERS.
R  INDICATES RECORD WAS SET OR TIED.
MM INDICATES DATA IS MISSING.
T  INDICATES TRACE AMOUNT.




$$
