000
CDUS41 KOKX 200619
CLIISP


CLIMATE REPORT
NATIONAL WEATHER SERVICE NEW YORK NY
218 AM EDT WED APR 20 2016


...................................

...THE ISLIP NY CLIMATE SUMMARY FOR APRIL 19 2016...

CLIMATE NORMAL PERIOD 1981 TO 2010
CLIMATE RECORD PERIOD 1986 TO 2016


WEATHER ITEM   OBSERVED TIME   RECORD YEAR NORMAL DEPARTURE LAST
                VALUE   (LST)  VALUE       VALUE  FROM      YEAR
                                                  NORMAL
..................................................................
TEMPERATURE (F)
 YESTERDAY
  MAXIMUM         67    425 PM  82    1985  59      8       59
  MINIMUM         47    251 AM  29    1990  42      5       42
  AVERAGE         57                        50      7       51

PRECIPITATION (IN)
  YESTERDAY        0.00          0.61 1998   0.13  -0.13     0.00
  MONTH TO DATE    1.61                      2.82  -1.21     0.61
  SINCE MAR 1      4.33                      7.26  -2.93     5.68
  SINCE JAN 1     12.80                     14.16  -1.36    13.62

SNOWFALL (IN)
  YESTERDAY        0.0          MM      MM   0.0    0.0      0.0
  MONTH TO DATE    0.2                       0.5   -0.3      0.0
  SINCE OCT 1     41.4                      24.7   16.7     63.7
  SINCE JUL 1     41.4                      24.7   16.7     63.7
  SNOW DEPTH       0

DEGREE DAYS
 HEATING
  YESTERDAY        8                        15     -7       14
  MONTH TO DATE  343                       336      7      313
  SINCE MAR 1    942                      1133   -191     1229
  SINCE JUL 1   4024                      5028  -1004     5249

 COOLING
  YESTERDAY        0                         0      0        0
  MONTH TO DATE    0                         0      0        0
  SINCE MAR 1      0                         0      0        0
  SINCE JAN 1      0                         0      0        0
..................................................................


WIND (MPH)
  HIGHEST WIND SPEED    31   HIGHEST WIND DIRECTION     N (360)
  HIGHEST GUST SPEED    40   HIGHEST GUST DIRECTION     N (340)
  AVERAGE WIND SPEED    13.6


SKY COVER
  AVERAGE SKY COVER 0.5


WEATHER CONDITIONS
 THE FOLLOWING WEATHER WAS RECORDED YESTERDAY.
  NO SIGNIFICANT WEATHER WAS OBSERVED.


RELATIVE HUMIDITY (PERCENT)
 HIGHEST    80           400 AM
 LOWEST     23           900 PM
 AVERAGE    52

..........................................................


THE ISLIP NY CLIMATE NORMALS FOR TODAY
                         NORMAL    RECORD    YEAR
 MAXIMUM TEMPERATURE (F)   59        82      2005
 MINIMUM TEMPERATURE (F)   42        32      2001


SUNRISE AND SUNSET
APRIL 20 2016.........SUNRISE   605 AM EDT   SUNSET   738 PM EDT
APRIL 21 2016.........SUNRISE   604 AM EDT   SUNSET   739 PM EDT


-  INDICATES NEGATIVE NUMBERS.
R  INDICATES RECORD WAS SET OR TIED.
MM INDICATES DATA IS MISSING.
T  INDICATES TRACE AMOUNT.




$$
