000
CDUS41 KOKX 160616
CLIISP


CLIMATE REPORT
NATIONAL WEATHER SERVICE NEW YORK NY
216 AM EDT WED JUL 16 2014


...................................

...THE ISLIP NY CLIMATE SUMMARY FOR JULY 15 2014...

CLIMATE NORMAL PERIOD 1981 TO 2010
CLIMATE RECORD PERIOD 1986 TO 2014


WEATHER ITEM   OBSERVED TIME   RECORD YEAR NORMAL DEPARTURE LAST
                VALUE   (LST)  VALUE       VALUE  FROM      YEAR
                                                  NORMAL
..................................................................
TEMPERATURE (F)
 YESTERDAY
  MAXIMUM         80   1234 PM  97    1995  82     -2       94
  MINIMUM         71    937 PM  56    2009  66      5       76
                                      1999
  AVERAGE         76                        74      2       85

PRECIPITATION (IN)
  YESTERDAY        0.72          1.65 1992   0.11   0.61     0.00
  MONTH TO DATE    2.46                      1.55   0.91     1.48
  SINCE JUN 1      4.25                      5.82  -1.57     9.63
  SINCE JAN 1     25.99                     25.28   0.71    24.98

SNOWFALL (IN)
  YESTERDAY        0.0          MM      MM   0.0    0.0      0.0
  MONTH TO DATE    0.0                       0.0    0.0      0.0
  SINCE OCT 1     63.7                      24.8   38.9     46.9
  SINCE JUL 1      0.0                       0.0    0.0      0.0
  SNOW DEPTH       0

DEGREE DAYS
 HEATING
  YESTERDAY        0                         0      0        0
  MONTH TO DATE    0                         0      0        0
  SINCE JUN 1      2                        38    -36       12
  SINCE JUL 1      0                         0      0        0

 COOLING
  YESTERDAY       11                         9      2       20
  MONTH TO DATE  170                       128     42      206
  SINCE JUN 1    341                       268     73      375
  SINCE JAN 1    370                       292     78      407
..................................................................


WIND (MPH)
  HIGHEST WIND SPEED    18   HIGHEST WIND DIRECTION    SW (240)
  HIGHEST GUST SPEED    28   HIGHEST GUST DIRECTION    SW (230)
  AVERAGE WIND SPEED     9.1


SKY COVER
  AVERAGE SKY COVER 0.9


WEATHER CONDITIONS
 THE FOLLOWING WEATHER WAS RECORDED YESTERDAY.
  THUNDERSTORM
  HEAVY RAIN
  LIGHT RAIN
  FOG
  FOG W/VISIBILITY <= 1/4 MILE
  HAZE


RELATIVE HUMIDITY (PERCENT)
 HIGHEST    94           900 AM
 LOWEST     79           100 PM
 AVERAGE    87

..........................................................


THE ISLIP NY CLIMATE NORMALS FOR TODAY
                         NORMAL    RECORD    YEAR
 MAXIMUM TEMPERATURE (F)   82        94      2013
 MINIMUM TEMPERATURE (F)   66        57      1993


SUNRISE AND SUNSET
JULY 16 2014..........SUNRISE   535 AM EDT   SUNSET   822 PM EDT
JULY 17 2014..........SUNRISE   535 AM EDT   SUNSET   821 PM EDT


-  INDICATES NEGATIVE NUMBERS.
R  INDICATES RECORD WAS SET OR TIED.
MM INDICATES DATA IS MISSING.
T  INDICATES TRACE AMOUNT.




$$
