000
CDUS41 KOKX 210628
CLIISP


CLIMATE REPORT
NATIONAL WEATHER SERVICE NEW YORK NY
228 AM EDT SUN SEP 21 2014


...................................

...THE ISLIP NY CLIMATE SUMMARY FOR SEPTEMBER 20 2014...

CLIMATE NORMAL PERIOD 1981 TO 2010
CLIMATE RECORD PERIOD 1986 TO 2014


WEATHER ITEM   OBSERVED TIME   RECORD YEAR NORMAL DEPARTURE LAST
                VALUE   (LST)  VALUE       VALUE  FROM      YEAR
                                                  NORMAL
..................................................................
TEMPERATURE (F)
 YESTERDAY
  MAXIMUM         73    311 PM  82    2000  73      0       76
                                      1997
  MINIMUM         51    548 AM  44    1993  56     -5       51
  AVERAGE         62                        64     -2       64

PRECIPITATION (IN)
  YESTERDAY        0.03          0.96 1988   0.12  -0.09     0.00
  MONTH TO DATE    0.77                      2.33  -1.56     1.23
  SINCE SEP 1      0.77                      2.33  -1.56     1.23
  SINCE JAN 1     41.33                     33.47   7.86    29.79

SNOWFALL (IN)
  YESTERDAY        0.0          MM      MM   0.0    0.0      0.0
  MONTH TO DATE    0.0                       0.0    0.0      0.0
  SINCE OCT 1     63.7                      24.8   38.9     46.9
  SINCE JUL 1      0.0                       0.0    0.0      0.0
  SNOW DEPTH       0

DEGREE DAYS
 HEATING
  YESTERDAY        3                         3      0        1
  MONTH TO DATE   28                        28      0       43
  SINCE SEP 1     28                        28      0       43
  SINCE JUL 1     28                        33     -5       43

 COOLING
  YESTERDAY        0                         2     -2        0
  MONTH TO DATE  103                        78     25       83
  SINCE SEP 1    103                        78     25       83
  SINCE JAN 1    850                       764     86      930
..................................................................


WIND (MPH)
  HIGHEST WIND SPEED    18   HIGHEST WIND DIRECTION     S (170)
  HIGHEST GUST SPEED    24   HIGHEST GUST DIRECTION     S (160)
  AVERAGE WIND SPEED     6.9


SKY COVER
  AVERAGE SKY COVER 0.5


WEATHER CONDITIONS
 THE FOLLOWING WEATHER WAS RECORDED YESTERDAY.
  RAIN
  LIGHT RAIN
  FOG


RELATIVE HUMIDITY (PERCENT)
 HIGHEST    89           300 AM
 LOWEST     57          1100 AM
 AVERAGE    73

..........................................................


THE ISLIP NY CLIMATE NORMALS FOR TODAY
                         NORMAL    RECORD    YEAR
 MAXIMUM TEMPERATURE (F)   72        82      1989
 MINIMUM TEMPERATURE (F)   55        43      1991


SUNRISE AND SUNSET
SEPTEMBER 21 2014.....SUNRISE   639 AM EDT   SUNSET   651 PM EDT
SEPTEMBER 22 2014.....SUNRISE   640 AM EDT   SUNSET   650 PM EDT


-  INDICATES NEGATIVE NUMBERS.
R  INDICATES RECORD WAS SET OR TIED.
MM INDICATES DATA IS MISSING.
T  INDICATES TRACE AMOUNT.




$$
