000
CDUS41 KOKX 120617
CLIISP


CLIMATE REPORT
NATIONAL WEATHER SERVICE NEW YORK NY
216 AM EDT SAT JUL 12 2014


...................................

...THE ISLIP NY CLIMATE SUMMARY FOR JULY 11 2014...

CLIMATE NORMAL PERIOD 1981 TO 2010
CLIMATE RECORD PERIOD 1986 TO 2014


WEATHER ITEM   OBSERVED TIME   RECORD YEAR NORMAL DEPARTURE LAST
                VALUE   (LST)  VALUE       VALUE  FROM      YEAR
                                                  NORMAL
..................................................................
TEMPERATURE (F)
 YESTERDAY
  MAXIMUM         85   1157 AM  93    1988  82      3       84
  MINIMUM         67   1159 PM  53    2009  66      1       73
  AVERAGE         76                        74      2       79

PRECIPITATION (IN)
  YESTERDAY        0.00          0.84 2003   0.11  -0.11     0.28
  MONTH TO DATE    1.10                      1.10   0.00     0.49
  SINCE JUN 1      2.89                      5.37  -2.48     8.64
  SINCE JAN 1     24.63                     24.83  -0.20    23.99

SNOWFALL (IN)
  YESTERDAY        0.0          MM      MM   0.0    0.0      0.0
  MONTH TO DATE    0.0                       0.0    0.0      0.0
  SINCE OCT 1     63.7                      24.8   38.9     46.9
  SINCE JUL 1      0.0                       0.0    0.0      0.0
  SNOW DEPTH       0

DEGREE DAYS
 HEATING
  YESTERDAY        0                         0      0        0
  MONTH TO DATE    0                         0      0        0
  SINCE JUN 1      2                        38    -36       12
  SINCE JUL 1      0                         0      0        0

 COOLING
  YESTERDAY       11                         9      2       14
  MONTH TO DATE  127                        92     35      151
  SINCE JUN 1    298                       232     66      320
  SINCE JAN 1    327                       256     71      352
..................................................................


WIND (MPH)
  HIGHEST WIND SPEED    15   HIGHEST WIND DIRECTION    SE (150)
  HIGHEST GUST SPEED    20   HIGHEST GUST DIRECTION    SE (140)
  AVERAGE WIND SPEED     6.9


SKY COVER
  AVERAGE SKY COVER 0.4


WEATHER CONDITIONS
 THE FOLLOWING WEATHER WAS RECORDED YESTERDAY.
  NO SIGNIFICANT WEATHER WAS OBSERVED.


RELATIVE HUMIDITY (PERCENT)
 HIGHEST    78          1200 AM
 LOWEST     43          1200 PM
 AVERAGE    61

..........................................................


THE ISLIP NY CLIMATE NORMALS FOR TODAY
                         NORMAL    RECORD    YEAR
 MAXIMUM TEMPERATURE (F)   82        93      2011
 MINIMUM TEMPERATURE (F)   66        55      2002


SUNRISE AND SUNSET
JULY 12 2014..........SUNRISE   532 AM EDT   SUNSET   824 PM EDT
JULY 13 2014..........SUNRISE   532 AM EDT   SUNSET   824 PM EDT


-  INDICATES NEGATIVE NUMBERS.
R  INDICATES RECORD WAS SET OR TIED.
MM INDICATES DATA IS MISSING.
T  INDICATES TRACE AMOUNT.




$$
