000
CDUS41 KOKX 032032
CLIISP


CLIMATE REPORT
NATIONAL WEATHER SERVICE NEW YORK NY
432 PM EDT TUE OCT 3 2017


...................................

...THE ISLIP NY CLIMATE SUMMARY FOR OCTOBER 3 2017...
VALID TODAY AS OF 0400 PM LOCAL TIME.

CLIMATE NORMAL PERIOD 1981 TO 2010
CLIMATE RECORD PERIOD 1963 TO 2017


WEATHER ITEM   OBSERVED TIME   RECORD YEAR NORMAL DEPARTURE LAST
                VALUE   (LST)  VALUE       VALUE  FROM      YEAR
                                                  NORMAL
..................................................................
TEMPERATURE (F)
 TODAY
  MAXIMUM         68   1154 AM  80    2002  68      0       73
                                      2000
  MINIMUM         49    357 AM  34    2003  50     -1       57
  AVERAGE         59                        59      0       65

PRECIPITATION (IN)
  TODAY            0.00          3.91 1969   0.12  -0.12     0.00
  MONTH TO DATE    0.00                      0.36  -0.36     0.03
  SINCE SEP 1      3.99                      3.94   0.05     3.08
  SINCE JAN 1     32.34                     35.08  -2.74    25.52

SNOWFALL (IN)
  TODAY            0.0          MM      MM   0.0    0.0      0.0
  MONTH TO DATE    0.0                       0.0    0.0      0.0
  SINCE OCT 1      0.0                       0.0    0.0      0.0
  SINCE JUL 1      0.0                       0.0    0.0      0.0
  SNOW DEPTH       0

DEGREE DAYS
 HEATING
  TODAY            6                         7     -1        0
  MONTH TO DATE   18                        20     -2       10
  SINCE SEP 1     43                        92    -49       42
  SINCE JUL 1     43                        97    -54       42

 COOLING
  TODAY            0                         1     -1        0
  MONTH TO DATE    0                         3     -3        0
  SINCE SEP 1    150                        94     56      158
  SINCE JAN 1    918                       780    138     1105
..................................................................


WIND (MPH)
  HIGHEST WIND SPEED    14   HIGHEST WIND DIRECTION    SE (150)
  HIGHEST GUST SPEED    19   HIGHEST GUST DIRECTION     S (160)
  AVERAGE WIND SPEED     5.5


SKY COVER
  AVERAGE SKY COVER 0.2


WEATHER CONDITIONS
 THE FOLLOWING WEATHER WAS RECORDED TODAY.
  NO SIGNIFICANT WEATHER WAS OBSERVED.


RELATIVE HUMIDITY (PERCENT)
 HIGHEST   100           400 AM
 LOWEST     52           200 PM
 AVERAGE    76

..........................................................


THE ISLIP NY CLIMATE NORMALS FOR TOMORROW
                         NORMAL    RECORD    YEAR
 MAXIMUM TEMPERATURE (F)   67        82      2013
 MINIMUM TEMPERATURE (F)   50        33      1974


SUNRISE AND SUNSET
OCTOBER  3 2017.......SUNRISE   651 AM EDT   SUNSET   631 PM EDT
OCTOBER  4 2017.......SUNRISE   652 AM EDT   SUNSET   629 PM EDT


-  INDICATES NEGATIVE NUMBERS.
R  INDICATES RECORD WAS SET OR TIED.
MM INDICATES DATA IS MISSING.
T  INDICATES TRACE AMOUNT.




$$
