120
CDUS41 KOKX 270616
CLIISP


CLIMATE REPORT
NATIONAL WEATHER SERVICE NEW YORK NY
116 AM EST SUN NOV 27 2016


...................................

...THE ISLIP NY CLIMATE SUMMARY FOR NOVEMBER 26 2016...

CLIMATE NORMAL PERIOD 1981 TO 2010
CLIMATE RECORD PERIOD 1984 TO 2016


WEATHER ITEM   OBSERVED TIME   RECORD YEAR NORMAL DEPARTURE LAST
                VALUE   (LST)  VALUE       VALUE  FROM      YEAR
                                                  NORMAL
..................................................................
TEMPERATURE (F)
 YESTERDAY
  MAXIMUM         53    113 PM  66    2011  50      3       60
  MINIMUM         39   1152 PM  19    1993  34      5       30
  AVERAGE         46                        42      4       45

PRECIPITATION (IN)
  YESTERDAY        0.00          1.33 1996   0.13  -0.13     0.00
  MONTH TO DATE    0.90                      3.13  -2.23     2.30
  SINCE SEP 1      6.86                     10.50  -3.64    10.90
  SINCE JAN 1     29.30                     41.64 -12.34    33.26

SNOWFALL (IN)
  YESTERDAY        0.0          MM      MM   0.0    0.0      0.0
  MONTH TO DATE    T                         0.3   -0.3      0.0
  SINCE OCT 1      T                         0.3   -0.3      0.0
  SINCE JUL 1      T                         0.3   -0.3      0.0
  SNOW DEPTH       0

DEGREE DAYS
 HEATING
  YESTERDAY       19                        23     -4       20
  MONTH TO DATE  440                       499    -59      377
  SINCE SEP 1    717                       914   -197      681
  SINCE JUL 1    717                       919   -202      681

 COOLING
  YESTERDAY        0                         0      0        0
  MONTH TO DATE    0                         0      0        1
  SINCE SEP 1    177                       101     76      188
  SINCE JAN 1   1124                       787    337     1069
..................................................................


WIND (MPH)
  HIGHEST WIND SPEED    20   HIGHEST WIND DIRECTION    NW (330)
  HIGHEST GUST SPEED    25   HIGHEST GUST DIRECTION    NW (310)
  AVERAGE WIND SPEED     8.2


SKY COVER
  AVERAGE SKY COVER 0.7


WEATHER CONDITIONS
 THE FOLLOWING WEATHER WAS RECORDED YESTERDAY.
  FOG


RELATIVE HUMIDITY (PERCENT)
 HIGHEST   100          1200 AM
 LOWEST     50           100 PM
 AVERAGE    75

..........................................................


THE ISLIP NY CLIMATE NORMALS FOR TODAY
                         NORMAL    RECORD    YEAR
 MAXIMUM TEMPERATURE (F)   49        64      2015
 MINIMUM TEMPERATURE (F)   34        19      1991


SUNRISE AND SUNSET
NOVEMBER 27 2016......SUNRISE   654 AM EST   SUNSET   427 PM EST
NOVEMBER 28 2016......SUNRISE   655 AM EST   SUNSET   426 PM EST


-  INDICATES NEGATIVE NUMBERS.
R  INDICATES RECORD WAS SET OR TIED.
MM INDICATES DATA IS MISSING.
T  INDICATES TRACE AMOUNT.




$$
