000
CDUS41 KOKX 122033
CLIISP


CLIMATE REPORT
NATIONAL WEATHER SERVICE NEW YORK NY
433 PM EDT SUN OCT 12 2014


...................................

...THE ISLIP NY CLIMATE SUMMARY FOR OCTOBER 12 2014...
VALID TODAY AS OF 0400 PM LOCAL TIME.

CLIMATE NORMAL PERIOD 1981 TO 2010
CLIMATE RECORD PERIOD 1986 TO 2014


WEATHER ITEM   OBSERVED TIME   RECORD YEAR NORMAL DEPARTURE LAST
                VALUE   (LST)  VALUE       VALUE  FROM      YEAR
                                                  NORMAL
..................................................................
TEMPERATURE (F)
 TODAY
  MAXIMUM         63    232 PM  80    1995  64     -1       73
  MINIMUM         42    559 AM  32    1996  47     -5       55
  AVERAGE         53                        55     -2       64

PRECIPITATION (IN)
  TODAY            0.00          3.30 2005   0.12  -0.12     0.05
  MONTH TO DATE    1.40                      1.49  -0.09     0.15
  SINCE SEP 1      3.02                      5.07  -2.05     1.98
  SINCE JAN 1     43.58                     36.21   7.37    30.54

SNOWFALL (IN)
  TODAY            0.0          MM      MM   0.0    0.0      0.0
  MONTH TO DATE    0.0                       0.0    0.0      0.0
  SINCE OCT 1      0.0                       0.0    0.0      0.0
  SINCE JUL 1      0.0                       0.0    0.0      0.0
  SNOW DEPTH       0

DEGREE DAYS
 HEATING
  TODAY           12                        10      2        1
  MONTH TO DATE   84                        98    -14       17
  SINCE SEP 1    128                       170    -42      100
  SINCE JUL 1    128                       175    -47      100

 COOLING
  TODAY            0                         0      0        0
  MONTH TO DATE    4                         9     -5       23
  SINCE SEP 1    128                       100     28      107
  SINCE JAN 1    875                       786     89      954
..................................................................


WIND (MPH)
  HIGHEST WIND SPEED    15   HIGHEST WIND DIRECTION    NE (30)
  HIGHEST GUST SPEED    18   HIGHEST GUST DIRECTION     N (20)
  AVERAGE WIND SPEED     6.9


SKY COVER
  AVERAGE SKY COVER 0.5


WEATHER CONDITIONS
 THE FOLLOWING WEATHER WAS RECORDED TODAY.
  NO SIGNIFICANT WEATHER WAS OBSERVED.


RELATIVE HUMIDITY (PERCENT)
 HIGHEST    89           500 AM
 LOWEST     42          1200 PM
 AVERAGE    66

..........................................................


THE ISLIP NY CLIMATE NORMALS FOR TOMORROW
                         NORMAL    RECORD    YEAR
 MAXIMUM TEMPERATURE (F)   64        80      1995
 MINIMUM TEMPERATURE (F)   46        32      2012


SUNRISE AND SUNSET
OCTOBER 12 2014.......SUNRISE   700 AM EDT   SUNSET   617 PM EDT
OCTOBER 13 2014.......SUNRISE   701 AM EDT   SUNSET   615 PM EDT


-  INDICATES NEGATIVE NUMBERS.
R  INDICATES RECORD WAS SET OR TIED.
MM INDICATES DATA IS MISSING.
T  INDICATES TRACE AMOUNT.




$$
