198
CDUS41 KOKX 132038
CLIISP


CLIMATE REPORT
NATIONAL WEATHER SERVICE NEW YORK NY
438 PM EDT WED JUL 13 2016


...................................

...THE ISLIP NY CLIMATE SUMMARY FOR JULY 13 2016...
VALID TODAY AS OF 0400 PM LOCAL TIME.

CLIMATE NORMAL PERIOD 1981 TO 2010
CLIMATE RECORD PERIOD 1984 TO 2016


WEATHER ITEM   OBSERVED TIME   RECORD YEAR NORMAL DEPARTURE LAST
                VALUE   (LST)  VALUE       VALUE  FROM      YEAR
                                                  NORMAL
..................................................................
TEMPERATURE (F)
 TODAY
  MAXIMUM         81    243 PM  91    1994  82     -1       82
                                      1993
  MINIMUM         70    527 AM  52    2001  66      4       72
  AVERAGE         76                        74      2       77

PRECIPITATION (IN)
  TODAY            0.00          2.91 1996   0.12  -0.12     0.00
  MONTH TO DATE    1.70                      1.33   0.37     0.59
  SINCE JUN 1      2.83                      5.60  -2.77     4.64
  SINCE JAN 1     20.02                     25.06  -5.04    19.73

SNOWFALL (IN)
  TODAY            0.0          MM      MM   0.0    0.0      0.0
  MONTH TO DATE    0.0                       0.0    0.0      0.0
  SINCE OCT 1     41.4                      24.8   16.6     63.7
  SINCE JUL 1      0.0                       0.0    0.0      0.0
  SNOW DEPTH       0

DEGREE DAYS
 HEATING
  TODAY            0                         0      0        0
  MONTH TO DATE    0                         0      0        0
  SINCE JUN 1      8                        38    -30       46
  SINCE JUL 1      0                         0      0        0

 COOLING
  TODAY           11                         9      2       12
  MONTH TO DATE  114                       110      4      122
  SINCE JUN 1    253                       250      3      274
  SINCE JAN 1    297                       274     23      324
..................................................................


WIND (MPH)
  HIGHEST WIND SPEED    16   HIGHEST WIND DIRECTION     S (190)
  HIGHEST GUST SPEED    21   HIGHEST GUST DIRECTION     S (200)
  AVERAGE WIND SPEED     8.5


SKY COVER
  AVERAGE SKY COVER 0.3


WEATHER CONDITIONS
 THE FOLLOWING WEATHER WAS RECORDED TODAY.
  NO SIGNIFICANT WEATHER WAS OBSERVED.


RELATIVE HUMIDITY (PERCENT)
 HIGHEST    97           300 AM
 LOWEST     58           200 PM
 AVERAGE    78

..........................................................


THE ISLIP NY CLIMATE NORMALS FOR TOMORROW
                         NORMAL    RECORD    YEAR
 MAXIMUM TEMPERATURE (F)   82        94      1997
 MINIMUM TEMPERATURE (F)   66        57      1999


SUNRISE AND SUNSET
JULY 13 2016..........SUNRISE   533 AM EDT   SUNSET   823 PM EDT
JULY 14 2016..........SUNRISE   533 AM EDT   SUNSET   823 PM EDT


-  INDICATES NEGATIVE NUMBERS.
R  INDICATES RECORD WAS SET OR TIED.
MM INDICATES DATA IS MISSING.
T  INDICATES TRACE AMOUNT.




$$
