000
CDUS41 KOKX 100616
CLIISP


CLIMATE REPORT
NATIONAL WEATHER SERVICE NEW YORK NY
216 AM EDT SAT SEP 10 2016


...................................

...THE ISLIP NY CLIMATE SUMMARY FOR SEPTEMBER 9 2016...

CLIMATE NORMAL PERIOD 1981 TO 2010
CLIMATE RECORD PERIOD 1984 TO 2016


WEATHER ITEM   OBSERVED TIME   RECORD YEAR NORMAL DEPARTURE LAST
                VALUE   (LST)  VALUE       VALUE  FROM      YEAR
                                                  NORMAL
..................................................................
TEMPERATURE (F)
 YESTERDAY
  MAXIMUM         91R   319 PM  89    1996  76     15       86
  MINIMUM         73    123 AM  45    1986  60     13       75
  AVERAGE         82                        68     14       81

PRECIPITATION (IN)
  YESTERDAY        0.05          0.50 2008   0.11  -0.06     0.00
  MONTH TO DATE    1.08                      1.06   0.02     0.00
  SINCE SEP 1      1.08                      1.06   0.02     0.00
  SINCE JAN 1     23.52                     32.20  -8.68    22.36

SNOWFALL (IN)
  YESTERDAY        0.0          MM      MM   0.0    0.0      0.0
  MONTH TO DATE    0.0                       0.0    0.0      0.0
  SINCE OCT 1     41.4                      24.8   16.6     63.7
  SINCE JUL 1      0.0                       0.0    0.0      0.0
  SNOW DEPTH       0

DEGREE DAYS
 HEATING
  YESTERDAY        0                         1     -1        0
  MONTH TO DATE    0                         7     -7        0
  SINCE SEP 1      0                         7     -7        0
  SINCE JUL 1      0                        12    -12        0

 COOLING
  YESTERDAY       17                         4     13       16
  MONTH TO DATE   76                        45     31      100
  SINCE SEP 1     76                        45     31      100
  SINCE JAN 1   1023                       731    292      981
..................................................................


WIND (MPH)
  HIGHEST WIND SPEED    12   HIGHEST WIND DIRECTION     W (290)
  HIGHEST GUST SPEED    15   HIGHEST GUST DIRECTION     W (280)
  AVERAGE WIND SPEED     5.5


SKY COVER
  AVERAGE SKY COVER 0.6


WEATHER CONDITIONS
 THE FOLLOWING WEATHER WAS RECORDED YESTERDAY.
  FOG


RELATIVE HUMIDITY (PERCENT)
 HIGHEST    94           300 AM
 LOWEST     52           300 PM
 AVERAGE    73

..........................................................


THE ISLIP NY CLIMATE NORMALS FOR TODAY
                         NORMAL    RECORD    YEAR
 MAXIMUM TEMPERATURE (F)   76        89      1996
                                             1989
 MINIMUM TEMPERATURE (F)   60        49      1986


SUNRISE AND SUNSET
SEPTEMBER 10 2016.....SUNRISE   629 AM EDT   SUNSET   709 PM EDT
SEPTEMBER 11 2016.....SUNRISE   630 AM EDT   SUNSET   707 PM EDT


-  INDICATES NEGATIVE NUMBERS.
R  INDICATES RECORD WAS SET OR TIED.
MM INDICATES DATA IS MISSING.
T  INDICATES TRACE AMOUNT.




$$
