000
CDUS41 KOKX 092031
CLIISP


CLIMATE REPORT
NATIONAL WEATHER SERVICE NEW YORK NY
431 PM EDT TUE SEP 9 2014


...................................

...THE ISLIP NY CLIMATE SUMMARY FOR SEPTEMBER 9 2014...
VALID TODAY AS OF 0400 PM LOCAL TIME.

CLIMATE NORMAL PERIOD 1981 TO 2010
CLIMATE RECORD PERIOD 1986 TO 2014


WEATHER ITEM   OBSERVED TIME   RECORD YEAR NORMAL DEPARTURE LAST
                VALUE   (LST)  VALUE       VALUE  FROM      YEAR
                                                  NORMAL
..................................................................
TEMPERATURE (F)
 TODAY
  MAXIMUM         73    255 PM  89    1996  76     -3       70
  MINIMUM         62    553 AM  45    1986  60      2       49
  AVERAGE         68                        68      0       60

PRECIPITATION (IN)
  TODAY            0.00          0.50 2008   0.11  -0.11     0.00
  MONTH TO DATE    0.31                      1.06  -0.75     0.71
  SINCE SEP 1      0.31                      1.06  -0.75     0.71
  SINCE JAN 1     40.87                     32.20   8.67    29.27

SNOWFALL (IN)
  TODAY            0.0          MM      MM   0.0    0.0      0.0
  MONTH TO DATE    0.0                       0.0    0.0      0.0
  SINCE OCT 1     63.7                      24.8   38.9     46.9
  SINCE JUL 1      0.0                       0.0    0.0      0.0
  SNOW DEPTH       0

DEGREE DAYS
 HEATING
  TODAY            0                         1     -1        5
  MONTH TO DATE    0                         7     -7       10
  SINCE SEP 1      0                         7     -7       10
  SINCE JUL 1      0                        12    -12       10

 COOLING
  TODAY            3                         4     -1        0
  MONTH TO DATE   89                        45     44       45
  SINCE SEP 1     89                        45     44       45
  SINCE JAN 1    836                       731    105      892
..................................................................


WIND (MPH)
  HIGHEST WIND SPEED    16   HIGHEST WIND DIRECTION    NE (50)
  HIGHEST GUST SPEED    22   HIGHEST GUST DIRECTION    NE (60)
  AVERAGE WIND SPEED     8.8


SKY COVER
  AVERAGE SKY COVER 0.6


WEATHER CONDITIONS
 THE FOLLOWING WEATHER WAS RECORDED TODAY.
  NO SIGNIFICANT WEATHER WAS OBSERVED.


RELATIVE HUMIDITY (PERCENT)
 HIGHEST    78           700 AM
 LOWEST     63          1200 AM
 AVERAGE    71

..........................................................


THE ISLIP NY CLIMATE NORMALS FOR TOMORROW
                         NORMAL    RECORD    YEAR
 MAXIMUM TEMPERATURE (F)   76        89      1996
                                             1989
 MINIMUM TEMPERATURE (F)   60        49      1986


SUNRISE AND SUNSET
SEPTEMBER  9 2014.....SUNRISE   627 AM EDT   SUNSET   712 PM EDT
SEPTEMBER 10 2014.....SUNRISE   628 AM EDT   SUNSET   710 PM EDT


-  INDICATES NEGATIVE NUMBERS.
R  INDICATES RECORD WAS SET OR TIED.
MM INDICATES DATA IS MISSING.
T  INDICATES TRACE AMOUNT.




$$
