000
CDUS41 KOKX 250616
CLIISP


CLIMATE REPORT
NATIONAL WEATHER SERVICE NEW YORK NY
115 AM EST FRI NOV 25 2016


...................................

...THE ISLIP NY CLIMATE SUMMARY FOR NOVEMBER 24 2016...

CLIMATE NORMAL PERIOD 1981 TO 2010
CLIMATE RECORD PERIOD 1984 TO 2016


WEATHER ITEM   OBSERVED TIME   RECORD YEAR NORMAL DEPARTURE LAST
                VALUE   (LST)  VALUE       VALUE  FROM      YEAR
                                                  NORMAL
..................................................................
TEMPERATURE (F)
 YESTERDAY
  MAXIMUM         50   1247 PM  63    2001  50      0       46
  MINIMUM         35    707 AM  11    1989  35      0       24
  AVERAGE         43                        43      0       35

PRECIPITATION (IN)
  YESTERDAY        0.02          0.57 2014   0.13  -0.11     0.00
  MONTH TO DATE    0.89                      2.88  -1.99     2.30
  SINCE SEP 1      6.85                     10.25  -3.40    10.90
  SINCE JAN 1     29.29                     41.39 -12.10    33.26

SNOWFALL (IN)
  YESTERDAY        0.0           0.5  2005   0.1   -0.1      0.0
  MONTH TO DATE    T                         0.3   -0.3      0.0
  SINCE OCT 1      T                         0.3   -0.3      0.0
  SINCE JUL 1      T                         0.3   -0.3      0.0
  SNOW DEPTH       0

DEGREE DAYS
 HEATING
  YESTERDAY       22                        22      0       30
  MONTH TO DATE  406                       453    -47      330
  SINCE SEP 1    683                       868   -185      634
  SINCE JUL 1    683                       873   -190      634

 COOLING
  YESTERDAY        0                         0      0        0
  MONTH TO DATE    0                         0      0        1
  SINCE SEP 1    177                       101     76      188
  SINCE JAN 1   1124                       787    337     1069
..................................................................


WIND (MPH)
  HIGHEST WIND SPEED    12   HIGHEST WIND DIRECTION    NE (30)
  HIGHEST GUST SPEED    14   HIGHEST GUST DIRECTION    NE (40)
  AVERAGE WIND SPEED     5.9


SKY COVER
  AVERAGE SKY COVER 0.9


WEATHER CONDITIONS
 THE FOLLOWING WEATHER WAS RECORDED YESTERDAY.
  LIGHT RAIN


RELATIVE HUMIDITY (PERCENT)
 HIGHEST    93           800 PM
 LOWEST     64          1200 AM
 AVERAGE    79

..........................................................


THE ISLIP NY CLIMATE NORMALS FOR TODAY
                         NORMAL    RECORD    YEAR
 MAXIMUM TEMPERATURE (F)   50        65      2001
 MINIMUM TEMPERATURE (F)   35        18      1989


SUNRISE AND SUNSET
NOVEMBER 25 2016......SUNRISE   651 AM EST   SUNSET   427 PM EST
NOVEMBER 26 2016......SUNRISE   652 AM EST   SUNSET   427 PM EST


-  INDICATES NEGATIVE NUMBERS.
R  INDICATES RECORD WAS SET OR TIED.
MM INDICATES DATA IS MISSING.
T  INDICATES TRACE AMOUNT.




$$
