000
CDUS41 KOKX 020619
CLIISP


CLIMATE REPORT
NATIONAL WEATHER SERVICE NEW YORK NY
119 AM EST TUE FEB 2 2016


...................................

...THE ISLIP NY CLIMATE SUMMARY FOR FEBRUARY 1 2016...

CLIMATE NORMAL PERIOD 1981 TO 2010
CLIMATE RECORD PERIOD 1986 TO 2016


WEATHER ITEM   OBSERVED TIME   RECORD YEAR NORMAL DEPARTURE LAST
                VALUE   (LST)  VALUE       VALUE  FROM      YEAR
                                                  NORMAL
..................................................................
TEMPERATURE (F)
 YESTERDAY
  MAXIMUM         64R  1229 PM  63    2012  38     26       37
  MINIMUM         41   1159 PM   6    2015  24     17        6
                                      2004
  AVERAGE         53                        31     22       22

PRECIPITATION (IN)
  YESTERDAY        0.01          1.72 2008   0.11  -0.10     0.02
  MONTH TO DATE    0.01                      0.11  -0.10     0.02
  SINCE DEC 1      9.81                      7.81   2.00    11.39
  SINCE JAN 1      4.48                      3.75   0.73     5.27

SNOWFALL (IN)
  YESTERDAY        0.0           0.6  2011   0.3   -0.3      0.2
  MONTH TO DATE    0.0                       0.3   -0.3      0.2
  SINCE OCT 1     24.8                      12.9   11.9     30.8
  SINCE JUL 1     24.8                      12.9   11.9     30.8
  SNOW DEPTH       1

DEGREE DAYS
 HEATING
  YESTERDAY       12                        34    -22       43
  MONTH TO DATE   12                        34    -22       43
  SINCE DEC 1   1497                      2010   -513     1942
  SINCE JUL 1   2249                      3026   -777     2855

 COOLING
  YESTERDAY        0                         0      0        0
  MONTH TO DATE    0                         0      0        0
  SINCE DEC 1      0                         0      0        0
  SINCE JAN 1      0                         0      0        0
..................................................................


WIND (MPH)
  HIGHEST WIND SPEED    17   HIGHEST WIND DIRECTION    NW (320)
  HIGHEST GUST SPEED    23   HIGHEST GUST DIRECTION    NW (300)
  AVERAGE WIND SPEED    11.0


SKY COVER
  AVERAGE SKY COVER 0.7


WEATHER CONDITIONS
 THE FOLLOWING WEATHER WAS RECORDED YESTERDAY.
  LIGHT RAIN


RELATIVE HUMIDITY (PERCENT)
 HIGHEST    83           300 AM
 LOWEST     46           500 PM
 AVERAGE    65

..........................................................


THE ISLIP NY CLIMATE NORMALS FOR TODAY
                         NORMAL    RECORD    YEAR
 MAXIMUM TEMPERATURE (F)   38        52      2014
                                             2009
                                             1999
 MINIMUM TEMPERATURE (F)   24         7      1994
                                             1993


SUNRISE AND SUNSET
FEBRUARY  2 2016......SUNRISE   702 AM EST   SUNSET   511 PM EST
FEBRUARY  3 2016......SUNRISE   701 AM EST   SUNSET   512 PM EST


-  INDICATES NEGATIVE NUMBERS.
R  INDICATES RECORD WAS SET OR TIED.
MM INDICATES DATA IS MISSING.
T  INDICATES TRACE AMOUNT.




$$
