000
CDUS41 KOKX 032133
CLIISP


CLIMATE REPORT
NATIONAL WEATHER SERVICE NEW YORK NY
433 PM EST TUE JAN 3 2017


...................................

...THE ISLIP NY CLIMATE SUMMARY FOR JANUARY 3 2017...
VALID TODAY AS OF 0400 PM LOCAL TIME.

CLIMATE NORMAL PERIOD 1981 TO 2010
CLIMATE RECORD PERIOD 1984 TO 2017


WEATHER ITEM   OBSERVED TIME   RECORD YEAR NORMAL DEPARTURE LAST
                VALUE   (LST)  VALUE       VALUE  FROM      YEAR
                                                  NORMAL
..................................................................
TEMPERATURE (F)
 TODAY
  MAXIMUM         44    359 PM  63    2000  39      5       49
  MINIMUM         40    553 AM   7    2014  24     16       29
                                      2001
  AVERAGE         42                        31     11       39

PRECIPITATION (IN)
  TODAY            0.23          3.61 1999   0.12   0.11     0.00
  MONTH TO DATE    0.65                      0.36   0.29     0.00
  SINCE DEC 1      4.18                      4.42  -0.24     5.33
  SINCE JAN 1      0.65                      0.36   0.29     0.00

SNOWFALL (IN)
  TODAY            0.0           6.5  2014   0.2   -0.2      0.0
  MONTH TO DATE    T                         0.7   -0.7      0.0
  SINCE OCT 1      3.2                       6.6   -3.4       T
  SINCE JUL 1      3.2                       6.6   -3.4       T
  SNOW DEPTH       0

DEGREE DAYS
 HEATING
  TODAY           23                        34    -11       26
  MONTH TO DATE   77                       101    -24       83
  SINCE DEC 1    950                      1012    -62      591
  SINCE JUL 1   1741                      2028   -287     1343

 COOLING
  TODAY            0                         0      0        0
  MONTH TO DATE    0                         0      0        0
  SINCE DEC 1      0                         0      0        0
  SINCE JAN 1      0                         0      0        0
..................................................................


WIND (MPH)
  HIGHEST WIND SPEED    18   HIGHEST WIND DIRECTION    NE (60)
  HIGHEST GUST SPEED    27   HIGHEST GUST DIRECTION    NE (50)
  AVERAGE WIND SPEED    14.0


SKY COVER
  AVERAGE SKY COVER 1.0


WEATHER CONDITIONS
 THE FOLLOWING WEATHER WAS RECORDED TODAY.
  RAIN
  LIGHT RAIN
  FOG


RELATIVE HUMIDITY (PERCENT)
 HIGHEST   100          1200 AM
 LOWEST     92          1000 AM
 AVERAGE    96

..........................................................


THE ISLIP NY CLIMATE NORMALS FOR TOMORROW
                         NORMAL    RECORD    YEAR
 MAXIMUM TEMPERATURE (F)   39        64      1998
 MINIMUM TEMPERATURE (F)   24         0      2014


SUNRISE AND SUNSET
JANUARY  3 2017.......SUNRISE   717 AM EST   SUNSET   437 PM EST
JANUARY  4 2017.......SUNRISE   717 AM EST   SUNSET   438 PM EST


-  INDICATES NEGATIVE NUMBERS.
R  INDICATES RECORD WAS SET OR TIED.
MM INDICATES DATA IS MISSING.
T  INDICATES TRACE AMOUNT.




$$
