000
CDUS41 KOKX 052133
CLIISP


CLIMATE REPORT
NATIONAL WEATHER SERVICE NEW YORK NY
433 PM EST WED NOV 5 2014


...................................

...THE ISLIP NY CLIMATE SUMMARY FOR NOVEMBER 5 2014...
VALID TODAY AS OF 0400 PM LOCAL TIME.

CLIMATE NORMAL PERIOD 1981 TO 2010
CLIMATE RECORD PERIOD 1986 TO 2014


WEATHER ITEM   OBSERVED TIME   RECORD YEAR NORMAL DEPARTURE LAST
                VALUE   (LST)  VALUE       VALUE  FROM      YEAR
                                                  NORMAL
..................................................................
TEMPERATURE (F)
 TODAY
  MAXIMUM         67   1238 PM  70    2005  57     10       54
  MINIMUM         54    632 AM  28    1998  40     14       35
  AVERAGE         61                        48     13       45

PRECIPITATION (IN)
  TODAY            0.00          2.04 1985   0.11  -0.11     0.00
  MONTH TO DATE    0.58                      0.58   0.00     0.04
  SINCE SEP 1      6.27                      7.95  -1.68     2.09
  SINCE JAN 1     46.83                     39.09   7.74    30.65

SNOWFALL (IN)
  TODAY            0.0          MM      MM   0.0    0.0      0.0
  MONTH TO DATE    0.0                       0.0    0.0      0.0
  SINCE OCT 1      0.0                       0.0    0.0      0.0
  SINCE JUL 1      0.0                       0.0    0.0      0.0
  SNOW DEPTH       0

DEGREE DAYS
 HEATING
  TODAY            4                        17    -13       20
  MONTH TO DATE   70                        81    -11       75
  SINCE SEP 1    358                       496   -138      397
  SINCE JUL 1    358                       501   -143      397

 COOLING
  TODAY            0                         0      0        0
  MONTH TO DATE    0                         0      0        0
  SINCE SEP 1    140                       101     39      110
  SINCE JAN 1    887                       787    100      957
..................................................................


WIND (MPH)
  HIGHEST WIND SPEED    20   HIGHEST WIND DIRECTION     W (260)
  HIGHEST GUST SPEED    23   HIGHEST GUST DIRECTION     W (250)
  AVERAGE WIND SPEED     9.3


SKY COVER
  AVERAGE SKY COVER 0.7


WEATHER CONDITIONS
 THE FOLLOWING WEATHER WAS RECORDED TODAY.
  NO SIGNIFICANT WEATHER WAS OBSERVED.


RELATIVE HUMIDITY (PERCENT)
 HIGHEST    80          1200 AM
 LOWEST     34           300 PM
 AVERAGE    57

..........................................................


THE ISLIP NY CLIMATE NORMALS FOR TOMORROW
                         NORMAL    RECORD    YEAR
 MAXIMUM TEMPERATURE (F)   56        68      1994
 MINIMUM TEMPERATURE (F)   40        26      2012


SUNRISE AND SUNSET
NOVEMBER  5 2014......SUNRISE   627 AM EST   SUNSET   444 PM EST
NOVEMBER  6 2014......SUNRISE   629 AM EST   SUNSET   443 PM EST


-  INDICATES NEGATIVE NUMBERS.
R  INDICATES RECORD WAS SET OR TIED.
MM INDICATES DATA IS MISSING.
T  INDICATES TRACE AMOUNT.




$$
