100
CDUS41 KOKX 100622
CLIISP


CLIMATE REPORT
NATIONAL WEATHER SERVICE NEW YORK NY
122 AM EST WED FEB 10 2016


...................................

...THE ISLIP NY CLIMATE SUMMARY FOR FEBRUARY 9 2016...

CLIMATE NORMAL PERIOD 1981 TO 2010
CLIMATE RECORD PERIOD 1986 TO 2016


WEATHER ITEM   OBSERVED TIME   RECORD YEAR NORMAL DEPARTURE LAST
                VALUE   (LST)  VALUE       VALUE  FROM      YEAR
                                                  NORMAL
..................................................................
TEMPERATURE (F)
 YESTERDAY
  MAXIMUM         33    308 PM  52    2005  39     -6       28
                                      1991
                                      1990
  MINIMUM         25    505 AM  15    1994  24      1       24
                                      1985
  AVERAGE         29                        32     -3       26

PRECIPITATION (IN)
  YESTERDAY        T             0.74 2013   0.11  -0.11      T
  MONTH TO DATE    1.89                      0.97   0.92     1.48
  SINCE DEC 1     11.69                      8.67   3.02    12.85
  SINCE JAN 1      6.36                      4.61   1.75     6.73

SNOWFALL (IN)
  YESTERDAY        T            11.1  2013   0.2   -0.2       T
  MONTH TO DATE   12.3                       2.1   10.2      5.8
  SINCE OCT 1     37.1                      14.7   22.4     36.4
  SINCE JUL 1     37.1                      14.7   22.4     36.4
  SNOW DEPTH       6

DEGREE DAYS
 HEATING
  YESTERDAY       36                        33      3       39
  MONTH TO DATE  247                       303    -56      369
  SINCE DEC 1   1732                      2279   -547     2268
  SINCE JUL 1   2484                      3295   -811     3181

 COOLING
  YESTERDAY        0                         0      0        0
  MONTH TO DATE    0                         0      0        0
  SINCE DEC 1      0                         0      0        0
  SINCE JAN 1      0                         0      0        0
..................................................................


WIND (MPH)
  HIGHEST WIND SPEED    17   HIGHEST WIND DIRECTION    NE (30)
  HIGHEST GUST SPEED    20   HIGHEST GUST DIRECTION    NE (30)
  AVERAGE WIND SPEED     5.6


SKY COVER
  AVERAGE SKY COVER 0.9


WEATHER CONDITIONS
 THE FOLLOWING WEATHER WAS RECORDED YESTERDAY.
  LIGHT SNOW
  HAZE


RELATIVE HUMIDITY (PERCENT)
 HIGHEST    81           200 AM
 LOWEST     63           400 PM
 AVERAGE    72

..........................................................


THE ISLIP NY CLIMATE NORMALS FOR TODAY
                         NORMAL    RECORD    YEAR
 MAXIMUM TEMPERATURE (F)   39        54      2001
 MINIMUM TEMPERATURE (F)   25         8      1994
                                             1992


SUNRISE AND SUNSET
FEBRUARY 10 2016......SUNRISE   653 AM EST   SUNSET   520 PM EST
FEBRUARY 11 2016......SUNRISE   652 AM EST   SUNSET   522 PM EST


-  INDICATES NEGATIVE NUMBERS.
R  INDICATES RECORD WAS SET OR TIED.
MM INDICATES DATA IS MISSING.
T  INDICATES TRACE AMOUNT.




$$
