000
CDUS41 KOKX 132033
CLIISP


CLIMATE REPORT
NATIONAL WEATHER SERVICE NEW YORK NY
433 PM EDT MON MAR 13 2017


...................................

...THE ISLIP NY CLIMATE SUMMARY FOR MARCH 13 2017...
VALID TODAY AS OF 0400 PM LOCAL TIME.

CLIMATE NORMAL PERIOD 1981 TO 2010
CLIMATE RECORD PERIOD 1984 TO 2017


WEATHER ITEM   OBSERVED TIME   RECORD YEAR NORMAL DEPARTURE LAST
                VALUE   (LST)  VALUE       VALUE  FROM      YEAR
                                                  NORMAL
..................................................................
TEMPERATURE (F)
 TODAY
  MAXIMUM         31    159 PM  82    1990  46    -15       62
  MINIMUM         13R   538 AM  17    1998  30    -17       42
  AVERAGE         22                        38    -16       52

PRECIPITATION (IN)
  TODAY            0.00          2.49 1984   0.13  -0.13     0.00
  MONTH TO DATE    0.62                      1.80  -1.18     0.37
  SINCE MAR 1      0.62                      1.80  -1.18     0.37
  SINCE JAN 1      6.28                      8.70  -2.42     8.84

SNOWFALL (IN)
  TODAY            0.0           8.0  1993   0.2   -0.2      0.0
  MONTH TO DATE    4.0                       2.7    1.3      0.9
  SINCE OCT 1     35.9                      22.4   13.5     38.9
  SINCE JUL 1     35.9                      22.4   13.5     38.9
  SNOW DEPTH       1

DEGREE DAYS
 HEATING
  TODAY           43                        27     16       13
  MONTH TO DATE  381                       368     13      274
  SINCE MAR 1    381                       368     13      274
  SINCE JUL 1   3683                      4263   -580     3356

 COOLING
  TODAY            0                         0      0        0
  MONTH TO DATE    0                         0      0        0
  SINCE MAR 1      0                         0      0        0
  SINCE JAN 1      0                         0      0        0
..................................................................


WIND (MPH)
  HIGHEST WIND SPEED    14   HIGHEST WIND DIRECTION     S (170)
  HIGHEST GUST SPEED    18   HIGHEST GUST DIRECTION     S (170)
  AVERAGE WIND SPEED     6.2


SKY COVER
  AVERAGE SKY COVER 0.4


WEATHER CONDITIONS
 THE FOLLOWING WEATHER WAS RECORDED TODAY.
  NO SIGNIFICANT WEATHER WAS OBSERVED.


RELATIVE HUMIDITY (PERCENT)
 HIGHEST    73           700 AM
 LOWEST     39          1200 PM
 AVERAGE    56

..........................................................


THE ISLIP NY CLIMATE NORMALS FOR TOMORROW
                         NORMAL    RECORD    YEAR
 MAXIMUM TEMPERATURE (F)   47        69      2012
 MINIMUM TEMPERATURE (F)   31        17      1993


SUNRISE AND SUNSET
MARCH 13 2017.........SUNRISE   707 AM EDT   SUNSET   657 PM EDT
MARCH 14 2017.........SUNRISE   705 AM EDT   SUNSET   658 PM EDT


-  INDICATES NEGATIVE NUMBERS.
R  INDICATES RECORD WAS SET OR TIED.
MM INDICATES DATA IS MISSING.
T  INDICATES TRACE AMOUNT.




$$
