000
CDUS41 KOKX 010616
CLIISP


CLIMATE REPORT
NATIONAL WEATHER SERVICE NEW YORK NY
216 AM EDT WED NOV 1 2017


...................................

...THE ISLIP NY CLIMATE SUMMARY FOR OCTOBER 31 2017...

CLIMATE NORMAL PERIOD 1981 TO 2010
CLIMATE RECORD PERIOD 1963 TO 2017


WEATHER ITEM   OBSERVED TIME   RECORD YEAR NORMAL DEPARTURE LAST
                VALUE   (LST)  VALUE       VALUE  FROM      YEAR
                                                  NORMAL
..................................................................
TEMPERATURE (F)
 YESTERDAY
  MAXIMUM         60    200 PM  73    2004  58      2       55
  MINIMUM         40   1159 PM  23    1966  41     -1       37
  AVERAGE         50                        50      0       46

PRECIPITATION (IN)
  YESTERDAY        0.00          1.59 1989   0.12  -0.12     0.00
  MONTH TO DATE    6.67                      3.79   2.88     2.91
  SINCE SEP 1     10.66                      7.37   3.29     5.96
  SINCE JAN 1     39.01                     38.51   0.50    28.40

SNOWFALL (IN)
  YESTERDAY        0.0          MM      MM   0.0    0.0      0.0
  MONTH TO DATE    0.0                       0.0    0.0       T
  SINCE OCT 1      0.0                       0.0    0.0       T
  SINCE JUL 1      0.0                       0.0    0.0       T
  SNOW DEPTH       0

DEGREE DAYS
 HEATING
  YESTERDAY       15                        15      0       19
  MONTH TO DATE  144                       342   -198      245
  SINCE SEP 1    169                       415   -246      277
  SINCE JUL 1    169                       420   -251      277

 COOLING
  YESTERDAY        0                         0      0        0
  MONTH TO DATE   52                        10     42       19
  SINCE SEP 1    202                       101    101      177
  SINCE JAN 1    970                       787    183     1124
..................................................................


WIND (MPH)
  HIGHEST WIND SPEED    25   HIGHEST WIND DIRECTION     W (250)
  HIGHEST GUST SPEED    38   HIGHEST GUST DIRECTION     W (250)
  AVERAGE WIND SPEED    10.0


SKY COVER
  AVERAGE SKY COVER 0.2


WEATHER CONDITIONS
 THE FOLLOWING WEATHER WAS RECORDED YESTERDAY.
  NO SIGNIFICANT WEATHER WAS OBSERVED.


RELATIVE HUMIDITY (PERCENT)
 HIGHEST    86           700 AM
 LOWEST     27           100 PM
 AVERAGE    57

..........................................................


THE ISLIP NY CLIMATE NORMALS FOR TODAY
                         NORMAL    RECORD    YEAR
 MAXIMUM TEMPERATURE (F)   58        77      1982
 MINIMUM TEMPERATURE (F)   41        26      1975


SUNRISE AND SUNSET
NOVEMBER  1 2017......SUNRISE   723 AM EDT   SUNSET   548 PM EDT
NOVEMBER  2 2017......SUNRISE   724 AM EDT   SUNSET   547 PM EDT


-  INDICATES NEGATIVE NUMBERS.
R  INDICATES RECORD WAS SET OR TIED.
MM INDICATES DATA IS MISSING.
T  INDICATES TRACE AMOUNT.




$$
