000
CDUS41 KOKX 170617
CLIISP


CLIMATE REPORT
NATIONAL WEATHER SERVICE NEW YORK NY
117 AM EST SAT JAN 17 2015


...................................

...THE ISLIP NY CLIMATE SUMMARY FOR JANUARY 16 2015...

CLIMATE NORMAL PERIOD 1981 TO 2010
CLIMATE RECORD PERIOD 1986 TO 2015


WEATHER ITEM   OBSERVED TIME   RECORD YEAR NORMAL DEPARTURE LAST
                VALUE   (LST)  VALUE       VALUE  FROM      YEAR
                                                  NORMAL
..................................................................
TEMPERATURE (F)
 YESTERDAY
  MAXIMUM         44    216 PM  60    1995  38      6       41
  MINIMUM         20   1159 PM   1    2004  23     -3       32
  AVERAGE         32                        30      2       37

PRECIPITATION (IN)
  YESTERDAY        0.00          1.09 1991   0.12  -0.12      T
  MONTH TO DATE    1.93                      1.94  -0.01     3.22
  SINCE DEC 1      8.05                      6.00   2.05     9.02
  SINCE JAN 1      1.93                      1.94  -0.01     3.22

SNOWFALL (IN)
  YESTERDAY        0.0           1.2  1992   0.2   -0.2      0.0
  MONTH TO DATE    1.8                       3.5   -1.7     11.2
  SINCE OCT 1      2.2                       9.4   -7.2     19.6
  SINCE JUL 1      2.2                       9.4   -7.2     19.6
  SNOW DEPTH       0

DEGREE DAYS
 HEATING
  YESTERDAY       33                        35     -2       28
  MONTH TO DATE  580                       548     32      557
  SINCE DEC 1   1362                      1459    -97     1415
  SINCE JUL 1   2275                      2475   -200     2379

 COOLING
  YESTERDAY        0                         0      0        0
  MONTH TO DATE    0                         0      0        0
  SINCE DEC 1      0                         0      0        0
  SINCE JAN 1      0                         0      0        0
..................................................................


WIND (MPH)
  HIGHEST WIND SPEED    31   HIGHEST WIND DIRECTION    NW (300)
  HIGHEST GUST SPEED    42   HIGHEST GUST DIRECTION     W (290)
  AVERAGE WIND SPEED    16.1


SKY COVER
  AVERAGE SKY COVER 0.3


WEATHER CONDITIONS
 THE FOLLOWING WEATHER WAS RECORDED YESTERDAY.
  NO SIGNIFICANT WEATHER WAS OBSERVED.


RELATIVE HUMIDITY (PERCENT)
 HIGHEST    68          1200 AM
 LOWEST     33           800 PM
 AVERAGE    51

..........................................................


THE ISLIP NY CLIMATE NORMALS FOR TODAY
                         NORMAL    RECORD    YEAR
 MAXIMUM TEMPERATURE (F)   38        55      1999
 MINIMUM TEMPERATURE (F)   23         2      2009


SUNRISE AND SUNSET
JANUARY 17 2015.......SUNRISE   714 AM EST   SUNSET   451 PM EST
JANUARY 18 2015.......SUNRISE   713 AM EST   SUNSET   453 PM EST


-  INDICATES NEGATIVE NUMBERS.
R  INDICATES RECORD WAS SET OR TIED.
MM INDICATES DATA IS MISSING.
T  INDICATES TRACE AMOUNT.




$$
