000
CDUS41 KOKX 010616
CLIISP


CLIMATE REPORT
NATIONAL WEATHER SERVICE NEW YORK NY
216 AM EDT TUE JUL 1 2014


...................................

...THE ISLIP NY CLIMATE SUMMARY FOR JUNE 30 2014...

CLIMATE NORMAL PERIOD 1981 TO 2010
CLIMATE RECORD PERIOD 1986 TO 2014


WEATHER ITEM   OBSERVED TIME   RECORD YEAR NORMAL DEPARTURE LAST
                VALUE   (LST)  VALUE       VALUE  FROM      YEAR
                                                  NORMAL
..................................................................
TEMPERATURE (F)
 YESTERDAY
  MAXIMUM         82   1229 PM  93    2012  80      2       77
  MINIMUM         68    510 AM  55    1988  64      4       70
  AVERAGE         75                        72      3       74

PRECIPITATION (IN)
  YESTERDAY        0.00          1.08 1990   0.11  -0.11     0.01
  MONTH TO DATE    1.79                      4.27  -2.48     8.15
  SINCE JUN 1      1.79                      4.27  -2.48     8.15
  SINCE JAN 1     23.53                     23.73  -0.20    23.50

SNOWFALL (IN)
  YESTERDAY        0.0          MM      MM   0.0    0.0      0.0
  MONTH TO DATE    0.0                       0.0    0.0      0.0
  SINCE OCT 1     63.7                      24.8   38.9     46.9
  SINCE JUL 1     63.7                      24.8   38.9     46.9
  SNOW DEPTH       0

DEGREE DAYS
 HEATING
  YESTERDAY        0                         0      0        0
  MONTH TO DATE    2                        36    -34       12
  SINCE JUN 1      2                        38    -36       12
  SINCE JUL 1   5459                      5428     31     5102

 COOLING
  YESTERDAY       10                         8      2        9
  MONTH TO DATE  171                       140     31      169
  SINCE JUN 1    171                       140     31      169
  SINCE JAN 1    200                       164     36      201
..................................................................


WIND (MPH)
  HIGHEST WIND SPEED    17   HIGHEST WIND DIRECTION     S (200)
  HIGHEST GUST SPEED    22   HIGHEST GUST DIRECTION    SW (220)
  AVERAGE WIND SPEED     9.7


SKY COVER
  AVERAGE SKY COVER 0.5


WEATHER CONDITIONS
 THE FOLLOWING WEATHER WAS RECORDED YESTERDAY.
  NO SIGNIFICANT WEATHER WAS OBSERVED.


RELATIVE HUMIDITY (PERCENT)
 HIGHEST    87           500 AM
 LOWEST     58           100 PM
 AVERAGE    73

..........................................................


THE ISLIP NY CLIMATE NORMALS FOR TODAY
                         NORMAL    RECORD    YEAR
 MAXIMUM TEMPERATURE (F)   81        89      2012
 MINIMUM TEMPERATURE (F)   65        50      1988


SUNRISE AND SUNSET
JULY  1 2014..........SUNRISE   525 AM EDT   SUNSET   828 PM EDT
JULY  2 2014..........SUNRISE   525 AM EDT   SUNSET   828 PM EDT


-  INDICATES NEGATIVE NUMBERS.
R  INDICATES RECORD WAS SET OR TIED.
MM INDICATES DATA IS MISSING.
T  INDICATES TRACE AMOUNT.




$$
