000
CDUS41 KOKX 120622
CLIISP


CLIMATE REPORT
NATIONAL WEATHER SERVICE NEW YORK NY
222 AM EDT TUE AUG 12 2014


...................................

...THE ISLIP NY CLIMATE SUMMARY FOR AUGUST 11 2014...

CLIMATE NORMAL PERIOD 1981 TO 2010
CLIMATE RECORD PERIOD 1986 TO 2014


WEATHER ITEM   OBSERVED TIME   RECORD YEAR NORMAL DEPARTURE LAST
                VALUE   (LST)  VALUE       VALUE  FROM      YEAR
                                                  NORMAL
..................................................................
TEMPERATURE (F)
 YESTERDAY
  MAXIMUM         83    957 AM  93    2005  81      2       81
  MINIMUM         65    534 AM  58    2007  66     -1       60
  AVERAGE         74                        74      0       71

PRECIPITATION (IN)
  YESTERDAY        0.00          3.76 1989   0.13  -0.13     0.00
  MONTH TO DATE    0.46                      1.40  -0.94     0.56
  SINCE JUN 1      5.21                      9.10  -3.89    11.05
  SINCE JAN 1     26.95                     28.56  -1.61    26.40

SNOWFALL (IN)
  YESTERDAY        0.0          MM      MM   0.0    0.0      0.0
  MONTH TO DATE    0.0                       0.0    0.0      0.0
  SINCE OCT 1     63.7                      24.8   38.9     46.9
  SINCE JUL 1      0.0                       0.0    0.0      0.0
  SNOW DEPTH       0

DEGREE DAYS
 HEATING
  YESTERDAY        0                         0      0        0
  MONTH TO DATE    0                         0      0        0
  SINCE JUN 1      2                        40    -38       12
  SINCE JUL 1      0                         2     -2        0

 COOLING
  YESTERDAY        9                         9      0        6
  MONTH TO DATE  101                        99      2       88
  SINCE JUN 1    596                       515     81      666
  SINCE JAN 1    625                       539     86      698
..................................................................


WIND (MPH)
  HIGHEST WIND SPEED    15   HIGHEST WIND DIRECTION     S (170)
  HIGHEST GUST SPEED    20   HIGHEST GUST DIRECTION    SE (140)
  AVERAGE WIND SPEED     5.8


SKY COVER
  AVERAGE SKY COVER 0.5


WEATHER CONDITIONS
 THE FOLLOWING WEATHER WAS RECORDED YESTERDAY.
  FOG
  FOG W/VISIBILITY <= 1/4 MILE


RELATIVE HUMIDITY (PERCENT)
 HIGHEST    93           300 AM
 LOWEST     42           900 AM
 AVERAGE    68

..........................................................


THE ISLIP NY CLIMATE NORMALS FOR TODAY
                         NORMAL    RECORD    YEAR
 MAXIMUM TEMPERATURE (F)   81        89      2005
                                             1990
 MINIMUM TEMPERATURE (F)   66        56      2006


SUNRISE AND SUNSET
AUGUST 12 2014........SUNRISE   600 AM EDT   SUNSET   755 PM EDT
AUGUST 13 2014........SUNRISE   601 AM EDT   SUNSET   753 PM EDT


-  INDICATES NEGATIVE NUMBERS.
R  INDICATES RECORD WAS SET OR TIED.
MM INDICATES DATA IS MISSING.
T  INDICATES TRACE AMOUNT.




$$
