000
CDUS41 KOKX 062156
CLIISP


CLIMATE REPORT
NATIONAL WEATHER SERVICE NEW YORK NY
456 PM EST TUE FEB 6 2018


...................................

...THE ISLIP NY CLIMATE SUMMARY FOR FEBRUARY 6 2018...
VALID TODAY AS OF 0400 PM LOCAL TIME.

CLIMATE NORMAL PERIOD 1981 TO 2010
CLIMATE RECORD PERIOD 1963 TO 2018


WEATHER ITEM   OBSERVED TIME   RECORD YEAR NORMAL DEPARTURE LAST
                VALUE   (LST)  VALUE       VALUE  FROM      YEAR
                                                  NORMAL
..................................................................
TEMPERATURE (F)
 TODAY
  MAXIMUM         37    359 PM  60    2008  39     -2       46
  MINIMUM         20   1225 AM   4    1993  24     -4       30
  AVERAGE         29                        32     -3       38

PRECIPITATION (IN)
  TODAY            0.00          1.75 2004   0.11  -0.11     0.00
  MONTH TO DATE    1.49                      0.65   0.84      T
  SINCE DEC 1      7.35                      8.35  -1.00     7.59
  SINCE JAN 1      5.23                      4.29   0.94     4.06

SNOWFALL (IN)
  TODAY            0.0           3.5  1993   0.2   -0.2      0.0
  MONTH TO DATE    0.1                       1.4   -1.3      0.0
  SINCE OCT 1     28.1                      14.0   14.1     17.2
  SINCE JUL 1     28.1                      14.0   14.1     17.2
  SNOW DEPTH       0

DEGREE DAYS
 HEATING
  TODAY           36                        34      2       27
  MONTH TO DATE  205                       204      1      189
  SINCE DEC 1   2236                      2180     56     1947
  SINCE JUL 1   2987                      3196   -209     2738

 COOLING
  TODAY            0                         0      0        0
  MONTH TO DATE    0                         0      0        0
  SINCE DEC 1      0                         0      0        0
  SINCE JAN 1      0                         0      0        0
..................................................................


WIND (MPH)
  HIGHEST WIND SPEED     9   HIGHEST WIND DIRECTION    SW (210)
  HIGHEST GUST SPEED    12   HIGHEST GUST DIRECTION    SW (210)
  AVERAGE WIND SPEED     3.3


SKY COVER
  AVERAGE SKY COVER 0.6


WEATHER CONDITIONS
 THE FOLLOWING WEATHER WAS RECORDED TODAY.
  NO SIGNIFICANT WEATHER WAS OBSERVED.


RELATIVE HUMIDITY (PERCENT)
 HIGHEST    74           500 AM
 LOWEST     54           300 PM
 AVERAGE    64

..........................................................


THE ISLIP NY CLIMATE NORMALS FOR TOMORROW
                         NORMAL    RECORD    YEAR
 MAXIMUM TEMPERATURE (F)   39        52      1990
 MINIMUM TEMPERATURE (F)   24         2      1993
                                             1966


SUNRISE AND SUNSET
FEBRUARY  6 2018......SUNRISE   657 AM EST   SUNSET   516 PM EST
FEBRUARY  7 2018......SUNRISE   656 AM EST   SUNSET   517 PM EST


-  INDICATES NEGATIVE NUMBERS.
R  INDICATES RECORD WAS SET OR TIED.
MM INDICATES DATA IS MISSING.
T  INDICATES TRACE AMOUNT.




$$
