000
CDUS41 KOKX 230618
CLIISP


CLIMATE REPORT
NATIONAL WEATHER SERVICE NEW YORK NY
218 AM EDT SUN AUG 23 2015


...................................

...THE ISLIP NY CLIMATE SUMMARY FOR AUGUST 22 2015...

CLIMATE NORMAL PERIOD 1981 TO 2010
CLIMATE RECORD PERIOD 1986 TO 2015


WEATHER ITEM   OBSERVED TIME   RECORD YEAR NORMAL DEPARTURE LAST
                VALUE   (LST)  VALUE       VALUE  FROM      YEAR
                                                  NORMAL
..................................................................
TEMPERATURE (F)
 YESTERDAY
  MAXIMUM         84    337 PM  89    2005  80      4       77
  MINIMUM         67    554 AM  55    2000  65      2       63
                                      1988
  AVERAGE         76                        72      4       70

PRECIPITATION (IN)
  YESTERDAY        0.00          1.74 2010   0.13  -0.13     0.02
  MONTH TO DATE    1.48                      2.88  -1.40    14.05
  SINCE JUN 1      7.27                     10.58  -3.31    18.80
  SINCE JAN 1     22.36                     30.04  -7.68    40.54

SNOWFALL (IN)
  YESTERDAY        0.0          MM      MM   0.0    0.0      0.0
  MONTH TO DATE    0.0                       0.0    0.0      0.0
  SINCE OCT 1     63.7                      24.8   38.9     63.7
  SINCE JUL 1      0.0                       0.0    0.0      0.0
  SNOW DEPTH       0

DEGREE DAYS
 HEATING
  YESTERDAY        0                         0      0        0
  MONTH TO DATE    0                         0      0        0
  SINCE JUN 1     46                        40      6        2
  SINCE JUL 1      0                         2     -2        0

 COOLING
  YESTERDAY       11                         7      4        5
  MONTH TO DATE  248                       187     61      160
  SINCE JUN 1    741                       603    138      655
  SINCE JAN 1    791                       627    164      684
..................................................................


WIND (MPH)
  HIGHEST WIND SPEED    16   HIGHEST WIND DIRECTION     N (350)
  HIGHEST GUST SPEED    20   HIGHEST GUST DIRECTION     N (10)
  AVERAGE WIND SPEED     7.7


SKY COVER
  AVERAGE SKY COVER 0.5


WEATHER CONDITIONS
 THE FOLLOWING WEATHER WAS RECORDED YESTERDAY.
  NO SIGNIFICANT WEATHER WAS OBSERVED.


RELATIVE HUMIDITY (PERCENT)
 HIGHEST    93          1200 AM
 LOWEST     43          1200 PM
 AVERAGE    68

..........................................................


THE ISLIP NY CLIMATE NORMALS FOR TODAY
                         NORMAL    RECORD    YEAR
 MAXIMUM TEMPERATURE (F)   80        91      1989
 MINIMUM TEMPERATURE (F)   65        54      2004


SUNRISE AND SUNSET
AUGUST 23 2015........SUNRISE   610 AM EDT   SUNSET   739 PM EDT
AUGUST 24 2015........SUNRISE   611 AM EDT   SUNSET   738 PM EDT


-  INDICATES NEGATIVE NUMBERS.
R  INDICATES RECORD WAS SET OR TIED.
MM INDICATES DATA IS MISSING.
T  INDICATES TRACE AMOUNT.




$$
