000
CDUS41 KOKX 062133
CLIISP


CLIMATE REPORT
NATIONAL WEATHER SERVICE NEW YORK NY
433 PM EST SAT DEC 6 2014


...................................

...THE ISLIP NY CLIMATE SUMMARY FOR DECEMBER 6 2014...
VALID TODAY AS OF 0400 PM LOCAL TIME.

CLIMATE NORMAL PERIOD 1981 TO 2010
CLIMATE RECORD PERIOD 1986 TO 2014


WEATHER ITEM   OBSERVED TIME   RECORD YEAR NORMAL DEPARTURE LAST
                VALUE   (LST)  VALUE       VALUE  FROM      YEAR
                                                  NORMAL
..................................................................
TEMPERATURE (F)
 TODAY
  MAXIMUM         52    256 PM  67    1998  46      6       57
  MINIMUM         46    847 AM  13    2002  31     15       37
  AVERAGE         49                        39     10       47

PRECIPITATION (IN)
  TODAY            0.50          1.87 1996   0.14   0.36     0.33
  MONTH TO DATE    1.46                      0.84   0.62     0.42
  SINCE DEC 1      1.46                      0.84   0.62     0.42
  SINCE JAN 1     52.51                     43.02   9.49    33.84

SNOWFALL (IN)
  TODAY            0.0           4.7  2005   0.1   -0.1      0.0
  MONTH TO DATE    T                         0.5   -0.5      0.0
  SINCE OCT 1      T                         1.0   -1.0      0.3
  SINCE JUL 1      T                         1.0   -1.0      0.3
  SNOW DEPTH       0

DEGREE DAYS
 HEATING
  TODAY           16                        26    -10       18
  MONTH TO DATE  120                       153    -33      114
  SINCE DEC 1    120                       153    -33      114
  SINCE JUL 1   1033                      1169   -136     1078

 COOLING
  TODAY            0                         0      0        0
  MONTH TO DATE    0                         0      0        0
  SINCE DEC 1      0                         0      0        0
  SINCE JAN 1    887                       787    100      957
..................................................................


WIND (MPH)
  HIGHEST WIND SPEED    12   HIGHEST WIND DIRECTION     W (270)
  HIGHEST GUST SPEED    13   HIGHEST GUST DIRECTION     W (270)
  AVERAGE WIND SPEED     4.4


SKY COVER
  AVERAGE SKY COVER 1.0


WEATHER CONDITIONS
 THE FOLLOWING WEATHER WAS RECORDED TODAY.
  RAIN
  LIGHT RAIN
  FOG


RELATIVE HUMIDITY (PERCENT)
 HIGHEST   100           100 AM
 LOWEST     86           500 AM
 AVERAGE    93

..........................................................


THE ISLIP NY CLIMATE NORMALS FOR TOMORROW
                         NORMAL    RECORD    YEAR
 MAXIMUM TEMPERATURE (F)   46        77      1998
 MINIMUM TEMPERATURE (F)   31         8      2002


SUNRISE AND SUNSET
DECEMBER  6 2014......SUNRISE   702 AM EST   SUNSET   425 PM EST
DECEMBER  7 2014......SUNRISE   703 AM EST   SUNSET   425 PM EST


-  INDICATES NEGATIVE NUMBERS.
R  INDICATES RECORD WAS SET OR TIED.
MM INDICATES DATA IS MISSING.
T  INDICATES TRACE AMOUNT.




$$
