000
CDUS41 KOKX 042031
CLIISP


CLIMATE REPORT
NATIONAL WEATHER SERVICE NEW YORK NY
431 PM EDT TUE JUL 4 2017


...................................

...THE ISLIP NY CLIMATE SUMMARY FOR JULY 4 2017...
VALID TODAY AS OF 0400 PM LOCAL TIME.

CLIMATE NORMAL PERIOD 1981 TO 2010
CLIMATE RECORD PERIOD 1963 TO 2017


WEATHER ITEM   OBSERVED TIME   RECORD YEAR NORMAL DEPARTURE LAST
                VALUE   (LST)  VALUE       VALUE  FROM      YEAR
                                                  NORMAL
..................................................................
TEMPERATURE (F)
 TODAY
  MAXIMUM         86    205 PM  97    2010  81      5       82
                                      1966
  MINIMUM         66    437 AM  52    1979  65      1       61
  AVERAGE         76                        73      3       72

PRECIPITATION (IN)
  TODAY            0.00          1.56 1978   0.10  -0.10     0.08
  MONTH TO DATE    T                         0.39  -0.39     0.61
  SINCE JUN 1      3.57                      4.66  -1.09     1.74
  SINCE JAN 1     22.51                     24.12  -1.61    18.93

SNOWFALL (IN)
  TODAY            0.0          MM      MM   0.0    0.0      0.0
  MONTH TO DATE    0.0                       0.0    0.0      0.0
  SINCE OCT 1     39.3                      24.8   14.5     41.4
  SINCE JUL 1      0.0                       0.0    0.0      0.0
  SNOW DEPTH       0

DEGREE DAYS
 HEATING
  TODAY            0                         0      0        0
  MONTH TO DATE    0                         0      0        0
  SINCE JUN 1     42                        38      4        8
  SINCE JUL 1      0                         0      0        0

 COOLING
  TODAY           11                         8      3        7
  MONTH TO DATE   46                        32     14       26
  SINCE JUN 1    209                       172     37      165
  SINCE JAN 1    248                       196     52      209
..................................................................


WIND (MPH)
  HIGHEST WIND SPEED    15   HIGHEST WIND DIRECTION    NW (330)
  HIGHEST GUST SPEED    18   HIGHEST GUST DIRECTION    NW (320)
  AVERAGE WIND SPEED     6.2


SKY COVER
  AVERAGE SKY COVER 0.5


WEATHER CONDITIONS
 THE FOLLOWING WEATHER WAS RECORDED TODAY.
  NO SIGNIFICANT WEATHER WAS OBSERVED.


RELATIVE HUMIDITY (PERCENT)
 HIGHEST    81           400 AM
 LOWEST     37          1200 PM
 AVERAGE    59

..........................................................


THE ISLIP NY CLIMATE NORMALS FOR TOMORROW
                         NORMAL    RECORD    YEAR
 MAXIMUM TEMPERATURE (F)   81       102      1999
 MINIMUM TEMPERATURE (F)   65        53      1979
                                             1971


SUNRISE AND SUNSET
JULY  4 2017..........SUNRISE   526 AM EDT   SUNSET   827 PM EDT
JULY  5 2017..........SUNRISE   527 AM EDT   SUNSET   827 PM EDT


-  INDICATES NEGATIVE NUMBERS.
R  INDICATES RECORD WAS SET OR TIED.
MM INDICATES DATA IS MISSING.
T  INDICATES TRACE AMOUNT.




$$
