208
CDUS41 KOKX 040619
CLIISP


CLIMATE REPORT
NATIONAL WEATHER SERVICE NEW YORK NY
119 AM EST THU FEB 4 2016


...................................

...THE ISLIP NY CLIMATE SUMMARY FOR FEBRUARY 3 2016...

CLIMATE NORMAL PERIOD 1981 TO 2010
CLIMATE RECORD PERIOD 1986 TO 2016


WEATHER ITEM   OBSERVED TIME   RECORD YEAR NORMAL DEPARTURE LAST
                VALUE   (LST)  VALUE       VALUE  FROM      YEAR
                                                  NORMAL
..................................................................
TEMPERATURE (F)
 YESTERDAY
  MAXIMUM         56   1017 PM  64    1991  39     17       24
  MINIMUM         32   1253 AM   9    2015  24      8        9
                                      1994
  AVERAGE         44                        31     13       17

PRECIPITATION (IN)
  YESTERDAY        0.52          0.95 2014   0.11   0.41     0.00
  MONTH TO DATE    0.53                      0.33   0.20     1.43
  SINCE DEC 1     10.33                      8.03   2.30    12.80
  SINCE JAN 1      5.00                      3.97   1.03     6.68

SNOWFALL (IN)
  YESTERDAY        0.0           7.0  2014   0.2   -0.2      0.0
  MONTH TO DATE    0.0                       0.7   -0.7      5.1
  SINCE OCT 1     24.8                      13.3   11.5     35.7
  SINCE JUL 1     24.8                      13.3   11.5     35.7
  SNOW DEPTH       0

DEGREE DAYS
 HEATING
  YESTERDAY       21                        34    -13       48
  MONTH TO DATE   57                       102    -45      130
  SINCE DEC 1   1542                      2078   -536     2029
  SINCE JUL 1   2294                      3094   -800     2942

 COOLING
  YESTERDAY        0                         0      0        0
  MONTH TO DATE    0                         0      0        0
  SINCE DEC 1      0                         0      0        0
  SINCE JAN 1      0                         0      0        0
..................................................................


WIND (MPH)
  HIGHEST WIND SPEED    26   HIGHEST WIND DIRECTION    SE (150)
  HIGHEST GUST SPEED    36   HIGHEST GUST DIRECTION    SE (140)
  AVERAGE WIND SPEED    13.5


SKY COVER
  AVERAGE SKY COVER 0.8


WEATHER CONDITIONS
 THE FOLLOWING WEATHER WAS RECORDED YESTERDAY.
  RAIN
  LIGHT RAIN
  FOG
  HAZE


RELATIVE HUMIDITY (PERCENT)
 HIGHEST    93           300 PM
 LOWEST     77          1000 AM
 AVERAGE    85

..........................................................


THE ISLIP NY CLIMATE NORMALS FOR TODAY
                         NORMAL    RECORD    YEAR
 MAXIMUM TEMPERATURE (F)   39        66      1991
 MINIMUM TEMPERATURE (F)   24        10      1996


SUNRISE AND SUNSET
FEBRUARY  4 2016......SUNRISE   700 AM EST   SUNSET   513 PM EST
FEBRUARY  5 2016......SUNRISE   659 AM EST   SUNSET   514 PM EST


-  INDICATES NEGATIVE NUMBERS.
R  INDICATES RECORD WAS SET OR TIED.
MM INDICATES DATA IS MISSING.
T  INDICATES TRACE AMOUNT.




$$
