000
CDUS41 KOKX 032032
CLIISP


CLIMATE REPORT
NATIONAL WEATHER SERVICE NEW YORK NY
431 PM EDT SUN JUL 3 2016


...................................

...THE ISLIP NY CLIMATE SUMMARY FOR JULY 3 2016...
VALID TODAY AS OF 0400 PM LOCAL TIME.

CLIMATE NORMAL PERIOD 1981 TO 2010
CLIMATE RECORD PERIOD 1984 TO 2016


WEATHER ITEM   OBSERVED TIME   RECORD YEAR NORMAL DEPARTURE LAST
                VALUE   (LST)  VALUE       VALUE  FROM      YEAR
                                                  NORMAL
..................................................................
TEMPERATURE (F)
 TODAY
  MAXIMUM         79   1150 AM  94    2002  81     -2       80
  MINIMUM         59    442 AM  51    2001  65     -6       62
  AVERAGE         69                        73     -4       71

PRECIPITATION (IN)
  TODAY            0.00          0.71 2009   0.09  -0.09     0.00
  MONTH TO DATE    0.53                      0.29   0.24     0.10
  SINCE JUN 1      1.66                      4.56  -2.90     4.15
  SINCE JAN 1     18.85                     24.02  -5.17    19.24

SNOWFALL (IN)
  TODAY            0.0          MM      MM   0.0    0.0      0.0
  MONTH TO DATE    0.0                       0.0    0.0      0.0
  SINCE OCT 1     41.4                      24.8   16.6     63.7
  SINCE JUL 1      0.0                       0.0    0.0      0.0
  SNOW DEPTH       0

DEGREE DAYS
 HEATING
  TODAY            0                         0      0        0
  MONTH TO DATE    0                         0      0        0
  SINCE JUN 1      8                        38    -30       46
  SINCE JUL 1      0                         0      0        0

 COOLING
  TODAY            4                         8     -4        6
  MONTH TO DATE   19                        24     -5       22
  SINCE JUN 1    158                       164     -6      174
  SINCE JAN 1    202                       188     14      224
..................................................................


WIND (MPH)
  HIGHEST WIND SPEED    16   HIGHEST WIND DIRECTION    SW (210)
  HIGHEST GUST SPEED    20   HIGHEST GUST DIRECTION    SW (210)
  AVERAGE WIND SPEED     5.5


SKY COVER
  AVERAGE SKY COVER 0.5


WEATHER CONDITIONS
 THE FOLLOWING WEATHER WAS RECORDED TODAY.
  NO SIGNIFICANT WEATHER WAS OBSERVED.


RELATIVE HUMIDITY (PERCENT)
 HIGHEST    78           300 AM
 LOWEST     35          1100 AM
 AVERAGE    57

..........................................................


THE ISLIP NY CLIMATE NORMALS FOR TOMORROW
                         NORMAL    RECORD    YEAR
 MAXIMUM TEMPERATURE (F)   81        97      2010
 MINIMUM TEMPERATURE (F)   65        54      1986


SUNRISE AND SUNSET
JULY  3 2016..........SUNRISE   526 AM EDT   SUNSET   827 PM EDT
JULY  4 2016..........SUNRISE   527 AM EDT   SUNSET   827 PM EDT


-  INDICATES NEGATIVE NUMBERS.
R  INDICATES RECORD WAS SET OR TIED.
MM INDICATES DATA IS MISSING.
T  INDICATES TRACE AMOUNT.




$$
