000
CDUS41 KOKX 080618
CLIISP


CLIMATE REPORT
NATIONAL WEATHER SERVICE NEW YORK NY
218 AM EDT SUN MAY 8 2016


...................................

...THE ISLIP NY CLIMATE SUMMARY FOR MAY 7 2016...

CLIMATE NORMAL PERIOD 1981 TO 2010
CLIMATE RECORD PERIOD 1986 TO 2016


WEATHER ITEM   OBSERVED TIME   RECORD YEAR NORMAL DEPARTURE LAST
                VALUE   (LST)  VALUE       VALUE  FROM      YEAR
                                                  NORMAL
..................................................................
TEMPERATURE (F)
 YESTERDAY
  MAXIMUM         55    336 PM  88    2000  65    -10       73
  MINIMUM         46   1159 PM  35    2001  47     -1       46
                                      1995
  AVERAGE         51                        56     -5       60

PRECIPITATION (IN)
  YESTERDAY        T             0.45 1994   0.12  -0.12     0.00
  MONTH TO DATE    1.67                      0.83   0.84      T
  SINCE MAR 1      6.78                      9.61  -2.83     6.73
  SINCE JAN 1     15.25                     16.51  -1.26    14.67

SNOWFALL (IN)
  YESTERDAY        0.0          MM      MM   0.0    0.0      0.0
  MONTH TO DATE    0.0                       0.0    0.0      0.0
  SINCE OCT 1     41.4                      24.8   16.6     63.7
  SINCE JUL 1     41.4                      24.8   16.6     63.7
  SNOW DEPTH       0

DEGREE DAYS
 HEATING
  YESTERDAY       14                         9      5        5
  MONTH TO DATE  108                        72     36       52
  SINCE MAR 1   1164                      1348   -184     1431
  SINCE JUL 1   4246                      5243   -997     5451

 COOLING
  YESTERDAY        0                         0      0        0
  MONTH TO DATE    0                         0      0        2
  SINCE MAR 1      0                         2     -2        2
  SINCE JAN 1      0                         2     -2        2
..................................................................


WIND (MPH)
  HIGHEST WIND SPEED    14   HIGHEST WIND DIRECTION    NE (40)
  HIGHEST GUST SPEED    17   HIGHEST GUST DIRECTION    NE (40)
  AVERAGE WIND SPEED     7.0


SKY COVER
  AVERAGE SKY COVER 1.0


WEATHER CONDITIONS
 THE FOLLOWING WEATHER WAS RECORDED YESTERDAY.
  LIGHT RAIN
  FOG
  FOG W/VISIBILITY <= 1/4 MILE
  HAZE


RELATIVE HUMIDITY (PERCENT)
 HIGHEST   100          1200 AM
 LOWEST     83          1200 PM
 AVERAGE    92

..........................................................


THE ISLIP NY CLIMATE NORMALS FOR TODAY
                         NORMAL    RECORD    YEAR
 MAXIMUM TEMPERATURE (F)   65        86      2000
 MINIMUM TEMPERATURE (F)   47        37      2001
                                             1997


SUNRISE AND SUNSET
MAY  8 2016...........SUNRISE   542 AM EDT   SUNSET   756 PM EDT
MAY  9 2016...........SUNRISE   541 AM EDT   SUNSET   757 PM EDT


-  INDICATES NEGATIVE NUMBERS.
R  INDICATES RECORD WAS SET OR TIED.
MM INDICATES DATA IS MISSING.
T  INDICATES TRACE AMOUNT.




$$
