000
CDUS41 KOKX 082033
CLIISP


CLIMATE REPORT
NATIONAL WEATHER SERVICE NEW YORK NY
432 PM EDT FRI APR 8 2016


...................................

...THE ISLIP NY CLIMATE SUMMARY FOR APRIL 8 2016...
VALID TODAY AS OF 0400 PM LOCAL TIME.

CLIMATE NORMAL PERIOD 1981 TO 2010
CLIMATE RECORD PERIOD 1986 TO 2016


WEATHER ITEM   OBSERVED TIME   RECORD YEAR NORMAL DEPARTURE LAST
                VALUE   (LST)  VALUE       VALUE  FROM      YEAR
                                                  NORMAL
..................................................................
TEMPERATURE (F)
 TODAY
  MAXIMUM         52   1141 AM  84    1991  55     -3       46
  MINIMUM         43    601 AM  26    2007  38      5       37
  AVERAGE         48                        47      1       42

PRECIPITATION (IN)
  TODAY            T             0.75 2006   0.15  -0.15     0.04
  MONTH TO DATE    1.17                      1.19  -0.02     0.24
  SINCE MAR 1      3.89                      5.63  -1.74     5.31
  SINCE JAN 1     12.36                     12.53  -0.17    13.25

SNOWFALL (IN)
  TODAY            0.0           1.1  1996   0.0    0.0      0.0
  MONTH TO DATE    0.2                       0.3   -0.1      0.0
  SINCE OCT 1     41.4                      24.5   16.9     63.7
  SINCE JUL 1     41.4                      24.5   16.9     63.7
  SNOW DEPTH       0

DEGREE DAYS
 HEATING
  TODAY           17                        18     -1       23
  MONTH TO DATE  159                       156      3      163
  SINCE MAR 1    758                       953   -195     1079
  SINCE JUL 1   3840                      4848  -1008     5099

 COOLING
  TODAY            0                         0      0        0
  MONTH TO DATE    0                         0      0        0
  SINCE MAR 1      0                         0      0        0
  SINCE JAN 1      0                         0      0        0
..................................................................


WIND (MPH)
  HIGHEST WIND SPEED    28   HIGHEST WIND DIRECTION     W (250)
  HIGHEST GUST SPEED    35   HIGHEST GUST DIRECTION     W (250)
  AVERAGE WIND SPEED    13.9


SKY COVER
  AVERAGE SKY COVER 0.4


WEATHER CONDITIONS
 THE FOLLOWING WEATHER WAS RECORDED TODAY.
  LIGHT RAIN


RELATIVE HUMIDITY (PERCENT)
 HIGHEST    80          1200 AM
 LOWEST     39           200 PM
 AVERAGE    60

..........................................................


THE ISLIP NY CLIMATE NORMALS FOR TOMORROW
                         NORMAL    RECORD    YEAR
 MAXIMUM TEMPERATURE (F)   55        82      2013
 MINIMUM TEMPERATURE (F)   39        28      2007
                                             1997
                                             1990


SUNRISE AND SUNSET
APRIL  8 2016.........SUNRISE   624 AM EDT   SUNSET   725 PM EDT
APRIL  9 2016.........SUNRISE   622 AM EDT   SUNSET   726 PM EDT


-  INDICATES NEGATIVE NUMBERS.
R  INDICATES RECORD WAS SET OR TIED.
MM INDICATES DATA IS MISSING.
T  INDICATES TRACE AMOUNT.




$$
