000
CDUS41 KOKX 110616
CLIISP


CLIMATE REPORT
NATIONAL WEATHER SERVICE NEW YORK NY
216 AM EDT MON AUG 11 2014


...................................

...THE ISLIP NY CLIMATE SUMMARY FOR AUGUST 10 2014...

CLIMATE NORMAL PERIOD 1981 TO 2010
CLIMATE RECORD PERIOD 1986 TO 2014


WEATHER ITEM   OBSERVED TIME   RECORD YEAR NORMAL DEPARTURE LAST
                VALUE   (LST)  VALUE       VALUE  FROM      YEAR
                                                  NORMAL
..................................................................
TEMPERATURE (F)
 YESTERDAY
  MAXIMUM         88   1220 PM  91    2009  81      7       84
  MINIMUM         64    447 AM  55    1999  66     -2       68
                                      1989
  AVERAGE         76                        74      2       76

PRECIPITATION (IN)
  YESTERDAY        0.00          1.64 2012   0.13  -0.13     0.00
  MONTH TO DATE    0.46                      1.27  -0.81     0.56
  SINCE JUN 1      5.21                      8.97  -3.76    11.05
  SINCE JAN 1     26.95                     28.43  -1.48    26.40

SNOWFALL (IN)
  YESTERDAY        0.0          MM      MM   0.0    0.0      0.0
  MONTH TO DATE    0.0                       0.0    0.0      0.0
  SINCE OCT 1     63.7                      24.8   38.9     46.9
  SINCE JUL 1      0.0                       0.0    0.0      0.0
  SNOW DEPTH       0

DEGREE DAYS
 HEATING
  YESTERDAY        0                         0      0        0
  MONTH TO DATE    0                         0      0        0
  SINCE JUN 1      2                        40    -38       12
  SINCE JUL 1      0                         2     -2        0

 COOLING
  YESTERDAY       11                         9      2       11
  MONTH TO DATE   92                        90      2       82
  SINCE JUN 1    587                       506     81      660
  SINCE JAN 1    616                       530     86      692
..................................................................


WIND (MPH)
  HIGHEST WIND SPEED    14   HIGHEST WIND DIRECTION    SE (150)
  HIGHEST GUST SPEED    20   HIGHEST GUST DIRECTION     N (350)
  AVERAGE WIND SPEED     5.5


SKY COVER
  AVERAGE SKY COVER 0.3


WEATHER CONDITIONS
 THE FOLLOWING WEATHER WAS RECORDED YESTERDAY.
  NO SIGNIFICANT WEATHER WAS OBSERVED.


RELATIVE HUMIDITY (PERCENT)
 HIGHEST    87           500 AM
 LOWEST     29           100 PM
 AVERAGE    58

..........................................................


THE ISLIP NY CLIMATE NORMALS FOR TODAY
                         NORMAL    RECORD    YEAR
 MAXIMUM TEMPERATURE (F)   81        93      2005
 MINIMUM TEMPERATURE (F)   66        58      2007


SUNRISE AND SUNSET
AUGUST 11 2014........SUNRISE   559 AM EDT   SUNSET   756 PM EDT
AUGUST 12 2014........SUNRISE   600 AM EDT   SUNSET   755 PM EDT


-  INDICATES NEGATIVE NUMBERS.
R  INDICATES RECORD WAS SET OR TIED.
MM INDICATES DATA IS MISSING.
T  INDICATES TRACE AMOUNT.




$$
