000
CDUS41 KOKX 072145
CLIISP


CLIMATE REPORT
NATIONAL WEATHER SERVICE NEW YORK NY
444 PM EST TUE FEB 7 2017


...................................

...THE ISLIP NY CLIMATE SUMMARY FOR FEBRUARY 7 2017...
VALID TODAY AS OF 0400 PM LOCAL TIME.

CLIMATE NORMAL PERIOD 1981 TO 2010
CLIMATE RECORD PERIOD 1984 TO 2017


WEATHER ITEM   OBSERVED TIME   RECORD YEAR NORMAL DEPARTURE LAST
                VALUE   (LST)  VALUE       VALUE  FROM      YEAR
                                                  NORMAL
..................................................................
TEMPERATURE (F)
 TODAY
  MAXIMUM         42   1040 AM  52    1990  39      3       48
  MINIMUM         31   1231 AM   2    1993  24      7       18
  AVERAGE         37                        32      5       33

PRECIPITATION (IN)
  TODAY            0.09          0.43 1986   0.11  -0.02     0.00
  MONTH TO DATE    0.09                      0.76  -0.67     1.71
  SINCE DEC 1      7.68                      8.46  -0.78    11.51
  SINCE JAN 1      4.15                      4.40  -0.25     6.18

SNOWFALL (IN)
  TODAY            0.0           4.4  1986   0.2   -0.2      0.0
  MONTH TO DATE    0.0                       1.6   -1.6      9.8
  SINCE OCT 1     17.2                      14.2    3.0     34.6
  SINCE JUL 1     17.2                      14.2    3.0     34.6
  SNOW DEPTH       0

DEGREE DAYS
 HEATING
  TODAY           28                        33     -5       32
  MONTH TO DATE  217                       237    -20      178
  SINCE DEC 1   1975                      2213   -238     1663
  SINCE JUL 1   2766                      3229   -463     2415

 COOLING
  TODAY            0                         0      0        0
  MONTH TO DATE    0                         0      0        0
  SINCE DEC 1      0                         0      0        0
  SINCE JAN 1      0                         0      0        0
..................................................................


WIND (MPH)
  HIGHEST WIND SPEED    17   HIGHEST WIND DIRECTION    NE (30)
  HIGHEST GUST SPEED    21   HIGHEST GUST DIRECTION     E (70)
  AVERAGE WIND SPEED     6.4


SKY COVER
  AVERAGE SKY COVER 0.7


WEATHER CONDITIONS
 THE FOLLOWING WEATHER WAS RECORDED TODAY.
  LIGHT RAIN
  FOG


RELATIVE HUMIDITY (PERCENT)
 HIGHEST   100          1200 AM
 LOWEST     92           300 PM
 AVERAGE    96

..........................................................


THE ISLIP NY CLIMATE NORMALS FOR TOMORROW
                         NORMAL    RECORD    YEAR
 MAXIMUM TEMPERATURE (F)   39        59      2009
 MINIMUM TEMPERATURE (F)   24        11      2003
                                             1995
                                             1985


SUNRISE AND SUNSET
FEBRUARY  7 2017......SUNRISE   656 AM EST   SUNSET   518 PM EST
FEBRUARY  8 2017......SUNRISE   655 AM EST   SUNSET   519 PM EST


-  INDICATES NEGATIVE NUMBERS.
R  INDICATES RECORD WAS SET OR TIED.
MM INDICATES DATA IS MISSING.
T  INDICATES TRACE AMOUNT.




$$
