000
CDUS41 KOKX 150618
CLIISP


CLIMATE REPORT
NATIONAL WEATHER SERVICE NEW YORK NY
118 AM EST SAT NOV 15 2014


...................................

...THE ISLIP NY CLIMATE SUMMARY FOR NOVEMBER 14 2014...

CLIMATE NORMAL PERIOD 1981 TO 2010
CLIMATE RECORD PERIOD 1986 TO 2014


WEATHER ITEM   OBSERVED TIME   RECORD YEAR NORMAL DEPARTURE LAST
                VALUE   (LST)  VALUE       VALUE  FROM      YEAR
                                                  NORMAL
..................................................................
TEMPERATURE (F)
 YESTERDAY
  MAXIMUM         44    145 PM  68    2005  54    -10       52
  MINIMUM         32    901 PM  19    1986  38     -6       30
  AVERAGE         38                        46     -8       41

PRECIPITATION (IN)
  YESTERDAY        0.15          1.04 1995   0.12   0.03     0.00
  MONTH TO DATE    1.40                      1.62  -0.22     0.28
  SINCE SEP 1      7.09                      8.99  -1.90     2.33
  SINCE JAN 1     47.65                     40.13   7.52    30.89

SNOWFALL (IN)
  YESTERDAY        T            MM      MM   0.0    0.0      0.0
  MONTH TO DATE    T                         0.1   -0.1      0.2
  SINCE OCT 1      T                         0.1   -0.1      0.2
  SINCE JUL 1      T                         0.1   -0.1      0.2
  SNOW DEPTH       0

DEGREE DAYS
 HEATING
  YESTERDAY       27                        19      8       24
  MONTH TO DATE  231                       244    -13      259
  SINCE SEP 1    519                       659   -140      581
  SINCE JUL 1    519                       664   -145      581

 COOLING
  YESTERDAY        0                         0      0        0
  MONTH TO DATE    0                         0      0        0
  SINCE SEP 1    140                       101     39      110
  SINCE JAN 1    887                       787    100      957
..................................................................


WIND (MPH)
  HIGHEST WIND SPEED    20   HIGHEST WIND DIRECTION    NW (300)
  HIGHEST GUST SPEED    26   HIGHEST GUST DIRECTION     N (340)
  AVERAGE WIND SPEED    10.8


SKY COVER
  AVERAGE SKY COVER 0.7


WEATHER CONDITIONS
 THE FOLLOWING WEATHER WAS RECORDED YESTERDAY.
  LIGHT RAIN


RELATIVE HUMIDITY (PERCENT)
 HIGHEST    92          1200 AM
 LOWEST     39           400 PM
 AVERAGE    66

..........................................................


THE ISLIP NY CLIMATE NORMALS FOR TODAY
                         NORMAL    RECORD    YEAR
 MAXIMUM TEMPERATURE (F)   54        77      1993
 MINIMUM TEMPERATURE (F)   37        19      1986


SUNRISE AND SUNSET
NOVEMBER 15 2014......SUNRISE   639 AM EST   SUNSET   434 PM EST
NOVEMBER 16 2014......SUNRISE   640 AM EST   SUNSET   433 PM EST


-  INDICATES NEGATIVE NUMBERS.
R  INDICATES RECORD WAS SET OR TIED.
MM INDICATES DATA IS MISSING.
T  INDICATES TRACE AMOUNT.




$$
