000
CDUS41 KOKX 202132
CLIISP


CLIMATE REPORT
NATIONAL WEATHER SERVICE NEW YORK NY
432 PM EST TUE JAN 20 2015


...................................

...THE ISLIP NY CLIMATE SUMMARY FOR JANUARY 20 2015...
VALID TODAY AS OF 0400 PM LOCAL TIME.

CLIMATE NORMAL PERIOD 1981 TO 2010
CLIMATE RECORD PERIOD 1986 TO 2015


WEATHER ITEM   OBSERVED TIME   RECORD YEAR NORMAL DEPARTURE LAST
                VALUE   (LST)  VALUE       VALUE  FROM      YEAR
                                                  NORMAL
..................................................................
TEMPERATURE (F)
 TODAY
  MAXIMUM         40   1251 PM  56    2013  38      2       47
  MINIMUM         30    713 AM   2    1994  23      7       33
  AVERAGE         35                        30      5       40

PRECIPITATION (IN)
  TODAY            0.00          1.10 1995   0.12  -0.12     0.00
  MONTH TO DATE    2.76                      2.42   0.34     3.22
  SINCE DEC 1      8.88                      6.48   2.40     9.02
  SINCE JAN 1      2.76                      2.42   0.34     3.22

SNOWFALL (IN)
  TODAY            0.0           3.0  2002   0.2   -0.2      0.0
  MONTH TO DATE    1.8                       4.4   -2.6     11.2
  SINCE OCT 1      2.2                      10.3   -8.1     19.6
  SINCE JUL 1      2.2                      10.3   -8.1     19.6
  SNOW DEPTH       0

DEGREE DAYS
 HEATING
  TODAY           30                        35     -5       25
  MONTH TO DATE  705                       688     17      672
  SINCE DEC 1   1487                      1599   -112     1530
  SINCE JUL 1   2400                      2615   -215     2494

 COOLING
  TODAY            0                         0      0        0
  MONTH TO DATE    0                         0      0        0
  SINCE DEC 1      0                         0      0        0
  SINCE JAN 1      0                         0      0        0
..................................................................


WIND (MPH)
  HIGHEST WIND SPEED    17   HIGHEST WIND DIRECTION    NW (300)
  HIGHEST GUST SPEED    21   HIGHEST GUST DIRECTION     W (290)
  AVERAGE WIND SPEED     8.9


SKY COVER
  AVERAGE SKY COVER 0.8


WEATHER CONDITIONS
 THE FOLLOWING WEATHER WAS RECORDED TODAY.
  NO SIGNIFICANT WEATHER WAS OBSERVED.


RELATIVE HUMIDITY (PERCENT)
 HIGHEST    69           700 AM
 LOWEST     48          1100 AM
 AVERAGE    59

..........................................................


THE ISLIP NY CLIMATE NORMALS FOR TOMORROW
                         NORMAL    RECORD    YEAR
 MAXIMUM TEMPERATURE (F)   38        57      2006
 MINIMUM TEMPERATURE (F)   23        -3      1984


SUNRISE AND SUNSET
JANUARY 20 2015.......SUNRISE   712 AM EST   SUNSET   455 PM EST
JANUARY 21 2015.......SUNRISE   712 AM EST   SUNSET   456 PM EST


-  INDICATES NEGATIVE NUMBERS.
R  INDICATES RECORD WAS SET OR TIED.
MM INDICATES DATA IS MISSING.
T  INDICATES TRACE AMOUNT.




$$
