000
CDUS41 KOKX 210622
CLIISP


CLIMATE REPORT
NATIONAL WEATHER SERVICE NEW YORK NY
122 AM EST SAT FEB 21 2015


...................................

...THE ISLIP NY CLIMATE SUMMARY FOR FEBRUARY 20 2015...

CLIMATE NORMAL PERIOD 1981 TO 2010
CLIMATE RECORD PERIOD 1986 TO 2015


WEATHER ITEM   OBSERVED TIME   RECORD YEAR NORMAL DEPARTURE LAST
                VALUE   (LST)  VALUE       VALUE  FROM      YEAR
                                                  NORMAL
..................................................................
TEMPERATURE (F)
 YESTERDAY
  MAXIMUM         19    417 PM  54    1991  41    -22       49
  MINIMUM          2R   726 AM  10    1993  26    -24       29
  AVERAGE         11                        34    -23       39

PRECIPITATION (IN)
  YESTERDAY        0.00          0.57 1988   0.11  -0.11     0.04
  MONTH TO DATE    1.70                      2.21  -0.51     4.15
  SINCE DEC 1     13.07                      9.91   3.16    13.93
  SINCE JAN 1      6.95                      5.85   1.10     8.13

SNOWFALL (IN)
  YESTERDAY        0.0           0.8  2005   0.3   -0.3      0.0
  MONTH TO DATE   10.8                       5.1    5.7     23.9
  SINCE OCT 1     41.4                      17.7   23.7     57.5
  SINCE JUL 1     41.4                      17.7   23.7     57.5
  SNOW DEPTH      12

DEGREE DAYS
 HEATING
  YESTERDAY       54                        31     23       26
  MONTH TO DATE  876                       658    218      720
  SINCE DEC 1   2775                      2634    141     2728
  SINCE JUL 1   3688                      3650     38     3692

 COOLING
  YESTERDAY        0                         0      0        0
  MONTH TO DATE    0                         0      0        0
  SINCE DEC 1      0                         0      0        0
  SINCE JAN 1      0                         0      0        0
..................................................................


WIND (MPH)
  HIGHEST WIND SPEED    26   HIGHEST WIND DIRECTION    NW (300)
  HIGHEST GUST SPEED    35   HIGHEST GUST DIRECTION     W (280)
  AVERAGE WIND SPEED    14.6


SKY COVER
  AVERAGE SKY COVER 0.0


WEATHER CONDITIONS
 THE FOLLOWING WEATHER WAS RECORDED YESTERDAY.
  NO SIGNIFICANT WEATHER WAS OBSERVED.


RELATIVE HUMIDITY (PERCENT)
 HIGHEST    52          1100 PM
 LOWEST     39           500 PM
 AVERAGE    46

..........................................................


THE ISLIP NY CLIMATE NORMALS FOR TODAY
                         NORMAL    RECORD    YEAR
 MAXIMUM TEMPERATURE (F)   41        63      2002
 MINIMUM TEMPERATURE (F)   26        14      1990


SUNRISE AND SUNSET
FEBRUARY 21 2015......SUNRISE   639 AM EST   SUNSET   534 PM EST
FEBRUARY 22 2015......SUNRISE   637 AM EST   SUNSET   535 PM EST


-  INDICATES NEGATIVE NUMBERS.
R  INDICATES RECORD WAS SET OR TIED.
MM INDICATES DATA IS MISSING.
T  INDICATES TRACE AMOUNT.




$$
