000
CDUS41 KOKX 140627
CLIISP


CLIMATE REPORT
NATIONAL WEATHER SERVICE NEW YORK NY
225 AM EDT FRI JUL 14 2017


...................................

...THE ISLIP NY CLIMATE SUMMARY FOR JULY 13 2017...

CLIMATE NORMAL PERIOD 1981 TO 2010
CLIMATE RECORD PERIOD 1963 TO 2017


WEATHER ITEM   OBSERVED TIME   RECORD YEAR NORMAL DEPARTURE LAST
                VALUE   (LST)  VALUE       VALUE  FROM      YEAR
                                                  NORMAL
..................................................................
TEMPERATURE (F)
 YESTERDAY
  MAXIMUM         92R   956 AM  92    1966  82     10       81
  MINIMUM         66   1159 PM  51    1973  66      0       70
  AVERAGE         79                        74      5       76

PRECIPITATION (IN)
  YESTERDAY        0.10          2.91 1996   0.12  -0.02     0.00
  MONTH TO DATE    1.05                      1.33  -0.28     1.70
  SINCE JUN 1      4.62                      5.60  -0.98     2.83
  SINCE JAN 1     23.56                     25.06  -1.50    20.02

SNOWFALL (IN)
  YESTERDAY        0.0          MM      MM   0.0    0.0      0.0
  MONTH TO DATE    0.0                       0.0    0.0      0.0
  SINCE OCT 1     39.3                      24.8   14.5     41.4
  SINCE JUL 1      0.0                       0.0    0.0      0.0
  SNOW DEPTH       0

DEGREE DAYS
 HEATING
  YESTERDAY        0                         0      0        0
  MONTH TO DATE    0                         0      0        0
  SINCE JUN 1     42                        38      4        8
  SINCE JUL 1      0                         0      0        0

 COOLING
  YESTERDAY       14                         9      5       11
  MONTH TO DATE  147                       110     37      114
  SINCE JUN 1    310                       250     60      253
  SINCE JAN 1    349                       274     75      297
..................................................................


WIND (MPH)
  HIGHEST WIND SPEED    28   HIGHEST WIND DIRECTION     N (340)
  HIGHEST GUST SPEED    40   HIGHEST GUST DIRECTION    NW (330)
  AVERAGE WIND SPEED     8.5


SKY COVER
  AVERAGE SKY COVER 0.7


WEATHER CONDITIONS
 THE FOLLOWING WEATHER WAS RECORDED YESTERDAY.
  THUNDERSTORM
  RAIN
  LIGHT RAIN
  FOG


RELATIVE HUMIDITY (PERCENT)
 HIGHEST   100           400 AM
 LOWEST     49          1000 AM
 AVERAGE    75

..........................................................


THE ISLIP NY CLIMATE NORMALS FOR TODAY
                         NORMAL    RECORD    YEAR
 MAXIMUM TEMPERATURE (F)   82        94      1997
 MINIMUM TEMPERATURE (F)   66        57      1999


SUNRISE AND SUNSET
JULY 14 2017..........SUNRISE   533 AM EDT   SUNSET   823 PM EDT
JULY 15 2017..........SUNRISE   534 AM EDT   SUNSET   822 PM EDT


-  INDICATES NEGATIVE NUMBERS.
R  INDICATES RECORD WAS SET OR TIED.
MM INDICATES DATA IS MISSING.
T  INDICATES TRACE AMOUNT.




$$
