610
CDUS41 KOKX 140626
CLIISP


CLIMATE REPORT
NATIONAL WEATHER SERVICE NEW YORK NY
226 AM EDT SAT MAY 14 2016


...................................

...THE ISLIP NY CLIMATE SUMMARY FOR MAY 13 2016...

CLIMATE NORMAL PERIOD 1981 TO 2010
CLIMATE RECORD PERIOD 1986 TO 2016


WEATHER ITEM   OBSERVED TIME   RECORD YEAR NORMAL DEPARTURE LAST
                VALUE   (LST)  VALUE       VALUE  FROM      YEAR
                                                  NORMAL
..................................................................
TEMPERATURE (F)
 YESTERDAY
  MAXIMUM         65        MM  80    2004  67     -2       70
  MINIMUM         55        MM  37    2005  49      6       53
  AVERAGE         60                        58      2       62

PRECIPITATION (IN)
  YESTERDAY        0.24          0.51 2002   0.11   0.13     0.00
  MONTH TO DATE    1.98                      1.50   0.48     0.02
  SINCE MAR 1      7.09                     10.28  -3.19     6.75
  SINCE JAN 1     15.56                     17.18  -1.62    14.69

SNOWFALL (IN)
  YESTERDAY        0.0          MM      MM   0.0    0.0      0.0
  MONTH TO DATE    0.0                       0.0    0.0      0.0
  SINCE OCT 1     41.4                      24.8   16.6     63.7
  SINCE JUL 1     41.4                      24.8   16.6     63.7
  SNOW DEPTH       0

DEGREE DAYS
 HEATING
  YESTERDAY        5                         8     -3        3
  MONTH TO DATE  156                       123     33       60
  SINCE MAR 1   1212                      1399   -187     1439
  SINCE JUL 1   4294                      5294  -1000     5459

 COOLING
  YESTERDAY        0                         0      0        0
  MONTH TO DATE    0                         0      0       17
  SINCE MAR 1      0                         2     -2       17
  SINCE JAN 1      0                         2     -2       17
..................................................................


WIND (MPH)
  HIGHEST WIND SPEED     9   HIGHEST WIND DIRECTION     N (340)
  HIGHEST GUST SPEED    MM   HIGHEST GUST DIRECTION    MM
  AVERAGE WIND SPEED     5.0


SKY COVER
  AVERAGE SKY COVER 1.0


WEATHER CONDITIONS
 THE FOLLOWING WEATHER WAS RECORDED YESTERDAY.
  LIGHT RAIN
  FOG
  FOG W/VISIBILITY <= 1/4 MILE


RELATIVE HUMIDITY (PERCENT)
 HIGHEST   100          1000 PM
 LOWEST     72          1000 AM
 AVERAGE    86

..........................................................


THE ISLIP NY CLIMATE NORMALS FOR TODAY
                         NORMAL    RECORD    YEAR
 MAXIMUM TEMPERATURE (F)   67        86      1991
 MINIMUM TEMPERATURE (F)   49        34      1998
                                             1996
                                             1987


SUNRISE AND SUNSET
MAY 14 2016...........SUNRISE   536 AM EDT   SUNSET   802 PM EDT
MAY 15 2016...........SUNRISE   535 AM EDT   SUNSET   803 PM EDT


-  INDICATES NEGATIVE NUMBERS.
R  INDICATES RECORD WAS SET OR TIED.
MM INDICATES DATA IS MISSING.
T  INDICATES TRACE AMOUNT.




$$
