000
CDUS41 KOKX 032032
CLIISP


CLIMATE REPORT
NATIONAL WEATHER SERVICE NEW YORK NY
432 PM EDT FRI NOV 3 2017


...................................

...THE ISLIP NY CLIMATE SUMMARY FOR NOVEMBER 3 2017...
VALID TODAY AS OF 0400 PM LOCAL TIME.

CLIMATE NORMAL PERIOD 1981 TO 2010
CLIMATE RECORD PERIOD 1963 TO 2017


WEATHER ITEM   OBSERVED TIME   RECORD YEAR NORMAL DEPARTURE LAST
                VALUE   (LST)  VALUE       VALUE  FROM      YEAR
                                                  NORMAL
..................................................................
TEMPERATURE (F)
 TODAY
  MAXIMUM         71    151 PM  78    1990  57     14       73
  MINIMUM         62    903 AM  27    1980  40     22       52
                                      1965
  AVERAGE         67                        49     18       63

PRECIPITATION (IN)
  TODAY            0.00          2.24 1992   0.12  -0.12      T
  MONTH TO DATE    0.00                      0.36  -0.36      T
  SINCE SEP 1     10.66                      7.73   2.93     5.96
  SINCE JAN 1     39.01                     38.87   0.14    28.40

SNOWFALL (IN)
  TODAY            0.0          MM      MM   0.0    0.0      0.0
  MONTH TO DATE    0.0                       0.0    0.0      0.0
  SINCE OCT 1      0.0                       0.0    0.0       T
  SINCE JUL 1      0.0                       0.0    0.0       T
  SNOW DEPTH       0

DEGREE DAYS
 HEATING
  TODAY            0                        16    -16        2
  MONTH TO DATE   16                        48    -32       27
  SINCE SEP 1    185                       463   -278      304
  SINCE JUL 1    185                       468   -283      304

 COOLING
  TODAY            2                         0      2        0
  MONTH TO DATE    4                         0      4        0
  SINCE SEP 1    206                       101    105      177
  SINCE JAN 1    974                       787    187     1124
..................................................................


WIND (MPH)
  HIGHEST WIND SPEED    15   HIGHEST WIND DIRECTION    SW (220)
  HIGHEST GUST SPEED    26   HIGHEST GUST DIRECTION    SW (230)
  AVERAGE WIND SPEED     9.1


SKY COVER
  AVERAGE SKY COVER 0.9


WEATHER CONDITIONS
 THE FOLLOWING WEATHER WAS RECORDED TODAY.
  FOG
  FOG W/VISIBILITY <= 1/4 MILE


RELATIVE HUMIDITY (PERCENT)
 HIGHEST   100          1200 AM
 LOWEST     73          1200 PM
 AVERAGE    87

..........................................................


THE ISLIP NY CLIMATE NORMALS FOR TOMORROW
                         NORMAL    RECORD    YEAR
 MAXIMUM TEMPERATURE (F)   57        76      1990
 MINIMUM TEMPERATURE (F)   40        27      1996


SUNRISE AND SUNSET
NOVEMBER  3 2017......SUNRISE   725 AM EDT   SUNSET   546 PM EDT
NOVEMBER  4 2017......SUNRISE   727 AM EDT   SUNSET   545 PM EDT


-  INDICATES NEGATIVE NUMBERS.
R  INDICATES RECORD WAS SET OR TIED.
MM INDICATES DATA IS MISSING.
T  INDICATES TRACE AMOUNT.




$$
