000
CDUS41 KOKX 202032
CLIISP


CLIMATE REPORT
NATIONAL WEATHER SERVICE NEW YORK NY
432 PM EDT SAT JUN 20 2015


...................................

...THE ISLIP NY CLIMATE SUMMARY FOR JUNE 20 2015...
VALID TODAY AS OF 0400 PM LOCAL TIME.

CLIMATE NORMAL PERIOD 1981 TO 2010
CLIMATE RECORD PERIOD 1986 TO 2015


WEATHER ITEM   OBSERVED TIME   RECORD YEAR NORMAL DEPARTURE LAST
                VALUE   (LST)  VALUE       VALUE  FROM      YEAR
                                                  NORMAL
..................................................................
TEMPERATURE (F)
 TODAY
  MAXIMUM         72    944 AM  93    1995  78     -6       80
  MINIMUM         65    538 AM  50    2005  62      3       60
  AVERAGE         69                        70     -1       70

PRECIPITATION (IN)
  TODAY            0.01          0.82 1996   0.12  -0.11     0.00
  MONTH TO DATE    2.18                      3.11  -0.93     1.67
  SINCE JUN 1      2.18                      3.11  -0.93     1.67
  SINCE JAN 1     17.27                     22.57  -5.30    23.41

SNOWFALL (IN)
  TODAY            0.0          MM      MM   0.0    0.0      0.0
  MONTH TO DATE    0.0                       0.0    0.0      0.0
  SINCE OCT 1     63.7                      24.8   38.9     63.7
  SINCE JUL 1     63.7                      24.8   38.9     63.7
  SNOW DEPTH       0

DEGREE DAYS
 HEATING
  TODAY            0                         1     -1        0
  MONTH TO DATE   46                        35     11        2
  SINCE JUN 1     46                        35     11        2
  SINCE JUL 1   5557                      5425    132     5459

 COOLING
  TODAY            4                         6     -2        5
  MONTH TO DATE   79                        73      6      100
  SINCE JUN 1     79                        73      6      100
  SINCE JAN 1    129                        97     32      129
..................................................................


WIND (MPH)
  HIGHEST WIND SPEED    17   HIGHEST WIND DIRECTION    NE (40)
  HIGHEST GUST SPEED    22   HIGHEST GUST DIRECTION    NE (40)
  AVERAGE WIND SPEED    11.5


SKY COVER
  AVERAGE SKY COVER 0.7


WEATHER CONDITIONS
 THE FOLLOWING WEATHER WAS RECORDED TODAY.
  LIGHT RAIN
  FOG


RELATIVE HUMIDITY (PERCENT)
 HIGHEST    81          1200 PM
 LOWEST     57          1200 AM
 AVERAGE    69

..........................................................


THE ISLIP NY CLIMATE NORMALS FOR TOMORROW
                         NORMAL    RECORD    YEAR
 MAXIMUM TEMPERATURE (F)   78        95      2012
 MINIMUM TEMPERATURE (F)   62        50      2004


SUNRISE AND SUNSET
JUNE 20 2015..........SUNRISE   521 AM EDT   SUNSET   827 PM EDT
JUNE 21 2015..........SUNRISE   521 AM EDT   SUNSET   827 PM EDT


-  INDICATES NEGATIVE NUMBERS.
R  INDICATES RECORD WAS SET OR TIED.
MM INDICATES DATA IS MISSING.
T  INDICATES TRACE AMOUNT.




$$
