000
CDUS41 KOKX 292033
CLIISP


CLIMATE REPORT
NATIONAL WEATHER SERVICE NEW YORK NY
433 PM EDT SAT MAR 29 2014


...................................

...THE ISLIP NY CLIMATE SUMMARY FOR MARCH 29 2014...
VALID TODAY AS OF 0400 PM LOCAL TIME.

CLIMATE NORMAL PERIOD 1981 TO 2010
CLIMATE RECORD PERIOD 1986 TO 2014


WEATHER ITEM   OBSERVED TIME   RECORD YEAR NORMAL DEPARTURE LAST
                VALUE   (LST)  VALUE       VALUE  FROM      YEAR
                                                  NORMAL
..................................................................
TEMPERATURE (F)
 TODAY
  MAXIMUM         49    947 AM  81    1998  51     -2       56
  MINIMUM         36    408 AM  29    2011  35      1       39
                                      2008
                                      2006
  AVERAGE         43                        43      0       48

PRECIPITATION (IN)
  TODAY            0.46          2.66 2010   0.14   0.32      T
  MONTH TO DATE    1.76                      4.16  -2.40     2.51
  SINCE MAR 1      1.76                      4.16  -2.40     2.51
  SINCE JAN 1     10.10                     11.06  -0.96    10.64

SNOWFALL (IN)
  TODAY            0.0           3.0  1996   0.1   -0.1      0.0
  MONTH TO DATE    0.8                       4.4   -3.6      7.4
  SINCE OCT 1     58.9                      24.1   34.8     46.9
  SINCE JUL 1     58.9                      24.1   34.8     46.9
  SNOW DEPTH       0

DEGREE DAYS
 HEATING
  TODAY           22                        22      0       17
  MONTH TO DATE  858                       754    104      778
  SINCE MAR 1    858                       754    104      778
  SINCE JUL 1   4811                      4649    162     4391

 COOLING
  TODAY            0                         0      0        0
  MONTH TO DATE    0                         0      0        0
  SINCE MAR 1      0                         0      0        0
  SINCE JAN 1      0                         0      0        0
..................................................................


WIND (MPH)
  HIGHEST WIND SPEED    17   HIGHEST WIND DIRECTION     E (90)
  HIGHEST GUST SPEED    24   HIGHEST GUST DIRECTION     E (90)
  AVERAGE WIND SPEED     6.2


SKY COVER
  AVERAGE SKY COVER 0.7


WEATHER CONDITIONS
 THE FOLLOWING WEATHER WAS RECORDED TODAY.
  RAIN
  LIGHT RAIN
  FOG


RELATIVE HUMIDITY (PERCENT)
 HIGHEST    92           200 AM
 LOWEST     71           900 AM
 AVERAGE    82

..........................................................


THE ISLIP NY CLIMATE NORMALS FOR TOMORROW
                         NORMAL    RECORD    YEAR
 MAXIMUM TEMPERATURE (F)   52        72      1998
 MINIMUM TEMPERATURE (F)   35        25      2008


SUNRISE AND SUNSET
MARCH 29 2014.........SUNRISE   641 AM EDT   SUNSET   714 PM EDT
MARCH 30 2014.........SUNRISE   639 AM EDT   SUNSET   715 PM EDT


-  INDICATES NEGATIVE NUMBERS.
R  INDICATES RECORD WAS SET OR TIED.
MM INDICATES DATA IS MISSING.
T  INDICATES TRACE AMOUNT.




$$
