000
CDUS41 KOKX 070629
CLIISP


CLIMATE REPORT
NATIONAL WEATHER SERVICE NEW YORK NY
229 AM EDT THU JUL 7 2016


...................................

...THE ISLIP NY CLIMATE SUMMARY FOR JULY 6 2016...

CLIMATE NORMAL PERIOD 1981 TO 2010
CLIMATE RECORD PERIOD 1984 TO 2016


WEATHER ITEM   OBSERVED TIME   RECORD YEAR NORMAL DEPARTURE LAST
                VALUE   (LST)  VALUE       VALUE  FROM      YEAR
                                                  NORMAL
..................................................................
TEMPERATURE (F)
 YESTERDAY
  MAXIMUM         88    119 PM 101    2010  81      7       81
  MINIMUM         72    405 AM  57    2001  65      7       67
  AVERAGE         80                        73      7       74

PRECIPITATION (IN)
  YESTERDAY        0.00          0.92 2006   0.10  -0.10     0.00
  MONTH TO DATE    1.69                      0.58   1.11     0.10
  SINCE JUN 1      2.82                      4.85  -2.03     4.15
  SINCE JAN 1     20.01                     24.31  -4.30    19.24

SNOWFALL (IN)
  YESTERDAY        0.0          MM      MM   0.0    0.0      0.0
  MONTH TO DATE    0.0                       0.0    0.0      0.0
  SINCE OCT 1     41.4                      24.8   16.6     63.7
  SINCE JUL 1      0.0                       0.0    0.0      0.0
  SNOW DEPTH       0

DEGREE DAYS
 HEATING
  YESTERDAY        0                         0      0        0
  MONTH TO DATE    0                         0      0        0
  SINCE JUN 1      8                        38    -30       46
  SINCE JUL 1      0                         0      0        0

 COOLING
  YESTERDAY       15                         8      7        9
  MONTH TO DATE   54                        48      6       42
  SINCE JUN 1    193                       188      5      194
  SINCE JAN 1    237                       212     25      244
..................................................................


WIND (MPH)
  HIGHEST WIND SPEED    15   HIGHEST WIND DIRECTION     S (160)
  HIGHEST GUST SPEED    20   HIGHEST GUST DIRECTION     S (160)
  AVERAGE WIND SPEED     6.4


SKY COVER
  AVERAGE SKY COVER 0.2


WEATHER CONDITIONS
 THE FOLLOWING WEATHER WAS RECORDED YESTERDAY.
  NO SIGNIFICANT WEATHER WAS OBSERVED.


RELATIVE HUMIDITY (PERCENT)
 HIGHEST    93           400 AM
 LOWEST     42           200 PM
 AVERAGE    68

..........................................................


THE ISLIP NY CLIMATE NORMALS FOR TODAY
                         NORMAL    RECORD    YEAR
 MAXIMUM TEMPERATURE (F)   81        96      2010
 MINIMUM TEMPERATURE (F)   66        54      2001


SUNRISE AND SUNSET
JULY  7 2016..........SUNRISE   528 AM EDT   SUNSET   826 PM EDT
JULY  8 2016..........SUNRISE   529 AM EDT   SUNSET   826 PM EDT


-  INDICATES NEGATIVE NUMBERS.
R  INDICATES RECORD WAS SET OR TIED.
MM INDICATES DATA IS MISSING.
T  INDICATES TRACE AMOUNT.




$$
