000
CDUS41 KOKX 140620
CLIISP


CLIMATE REPORT
NATIONAL WEATHER SERVICE NEW YORK NY
220 AM EDT THU APR 14 2016


...................................

...THE ISLIP NY CLIMATE SUMMARY FOR APRIL 13 2016...

CLIMATE NORMAL PERIOD 1981 TO 2010
CLIMATE RECORD PERIOD 1986 TO 2016


WEATHER ITEM   OBSERVED TIME   RECORD YEAR NORMAL DEPARTURE LAST
                VALUE   (LST)  VALUE       VALUE  FROM      YEAR
                                                  NORMAL
..................................................................
TEMPERATURE (F)
 YESTERDAY
  MAXIMUM         55    155 PM  71    2001  57     -2       62
  MINIMUM         34    232 AM  27    1990  40     -6       36
  AVERAGE         45                        48     -3       49

PRECIPITATION (IN)
  YESTERDAY        0.00          3.69 2004   0.15  -0.15     0.00
  MONTH TO DATE    1.61                      1.98  -0.37     0.42
  SINCE MAR 1      4.33                      6.42  -2.09     5.49
  SINCE JAN 1     12.80                     13.32  -0.52    13.43

SNOWFALL (IN)
  YESTERDAY        0.0          MM      MM   0.0    0.0      0.0
  MONTH TO DATE    0.2                       0.4   -0.2      0.0
  SINCE OCT 1     41.4                      24.6   16.8     63.7
  SINCE JUL 1     41.4                      24.6   16.8     63.7
  SNOW DEPTH       0

DEGREE DAYS
 HEATING
  YESTERDAY       20                        17      3       16
  MONTH TO DATE  266                       243     23      256
  SINCE MAR 1    865                      1040   -175     1172
  SINCE JUL 1   3947                      4935   -988     5192

 COOLING
  YESTERDAY        0                         0      0        0
  MONTH TO DATE    0                         0      0        0
  SINCE MAR 1      0                         0      0        0
  SINCE JAN 1      0                         0      0        0
..................................................................


WIND (MPH)
  HIGHEST WIND SPEED    17   HIGHEST WIND DIRECTION    NE (40)
  HIGHEST GUST SPEED    24   HIGHEST GUST DIRECTION     N (10)
  AVERAGE WIND SPEED     7.4


SKY COVER
  AVERAGE SKY COVER 0.2


WEATHER CONDITIONS
 THE FOLLOWING WEATHER WAS RECORDED YESTERDAY.
  NO SIGNIFICANT WEATHER WAS OBSERVED.


RELATIVE HUMIDITY (PERCENT)
 HIGHEST    76          1100 PM
 LOWEST     29           200 PM
 AVERAGE    53

..........................................................


THE ISLIP NY CLIMATE NORMALS FOR TODAY
                         NORMAL    RECORD    YEAR
 MAXIMUM TEMPERATURE (F)   57        73      2002
 MINIMUM TEMPERATURE (F)   40        28      2000


SUNRISE AND SUNSET
APRIL 14 2016.........SUNRISE   614 AM EDT   SUNSET   731 PM EDT
APRIL 15 2016.........SUNRISE   613 AM EDT   SUNSET   732 PM EDT


-  INDICATES NEGATIVE NUMBERS.
R  INDICATES RECORD WAS SET OR TIED.
MM INDICATES DATA IS MISSING.
T  INDICATES TRACE AMOUNT.




$$
